000
CXUS53 KDVN 011100
CF6MLI
PRELIMINARY LOCAL CLIMATOLOGICAL DATA (WS FORM: F-6)
STATION: MOLINE IL
MONTH: JANUARY
YEAR: 2024
LATITUDE: 41 27 N
LONGITUDE: 90 31 W
TEMPERATURE IN F: :PCPN: SNOW: WIND :SUNSHINE: SKY :PK WND
================================================================================
1 2 3 4 5 6A 6B 7 8 9 10 11 12 13 14 15 16 17 18
12Z AVG MX 2MIN
DY MAX MIN AVG DEP HDD CDD WTR SNW DPTH SPD SPD DIR MIN PSBL S-S WX SPD DR
================================================================================
1 32 24 28 3 37 0 T T 0 7.9 15 260 M M 9 8 21 270
2 38 24 31 6 34 0 0.00 0.0 0 9.3 17 240 M M 5 23 220
3 36 32 34 10 31 0 0.00 0.0 0 6.9 13 310 M M 10 18 300
4 38 22 30 6 35 0 0.00 0.0 0 2.6 10 240 M M 6 14 250
5 38 23 31 7 34 0 0.00 0.0 0 6.0 16 200 M M 2 22 210
6 34 31 33 9 32 0 0.05 0.5 T 4.0 9 280 M M 10 1 12 280
7 34 23 29 5 36 0 0.00 0.0 T 6.4 18 260 M M 9 1 23 250
8 36 26 31 7 34 0 0.19 2.8 T 12.8 22 80 M M 4 1 28 70
9 34 32 33 9 32 0 0.70 6.8 4 16.2 30 70 M M 10 12 40 70
10 33 25 29 6 36 0 0.00 0.0 9 9.9 21 270 M M 10 27 280
11 32 22 27 4 38 0 0.00 0.0 7 9.2 22 280 M M 7 18 29 280
12 33 22 28 5 37 0 1.31 15.4 11 15.3 29 60 M M 10 126 38 320
13 22 -7 8 -15 57 0 0.06 T 16 21.2 32 270 M M 9 189 42 280
14 -7 -18 -12 -35 77 0 0.00 0.0 13 16.6 30 270 M M 4 8 41 280
15 1 -18 -8 -31 73 0 0.00 0.0 13 10.7 23 270 M M 3 28 280
16 3 -11 -4 -27 69 0 0.00 0.0 12 13.4 23 250 M M 0 32 270
17 20 -2 9 -14 56 0 0.00 0.0 12 6.4 16 230 M M 5 21 230
18 25 6 16 -7 49 0 0.14 1.7 11 5.5 15 340 M M 7 18 21 320
19 13 -2 6 -17 59 0 T T 12 13.3 23 310 M M 5 18 34 310
20 11 -14 -1 -24 66 0 0.00 0.0 12 5.6 12 270 M M 0 14 280
21 27 -19 4 -19 61 0 0.00 0.0 11 8.4 21 180 M M 2 29 170
22 35 26 31 8 34 0 0.03 T 11 10.5 20 200 M M 10 16 29 200
23 37 33 35 12 30 0 0.38 0.0 10 4.6 12 90 M M 10 18 13 90
24 37 34 36 13 29 0 0.06 0.0 8 4.2 10 80 M M 10 128 13 80
25 M 34 M M M M 0.36 0.0 7 2.7 12 70 M M 10 128 13 70
26 38 34 36 13 29 0 0.06 0.0 4 3.7 7 280 M M 10 128 8 280
27 38 34 36 13 29 0 0.00 0.0 3 4.6 14 330 M M 10 12 20 320
28 35 32 34 11 31 0 0.00 0.0 1 9.1 17 300 M M 10 1 23 330
29 42 29 36 13 29 0 0.00 0.0 T 7.5 15 210 M M 6 12 21 220
30 41 36 39 16 26 0 0.00 0.0 T 9.8 20 310 M M 9 26 300
31 49 35 42 18 23 0 0.00 0.0 0 8.0 16 240 M M 5 21 240
================================================================================
SM 885 548 1243 0 3.34 27.2 272.3 M 217
================================================================================
AV 29.5 17.7 8.8 FASTST M M 7 MAX(MPH)
MISC ----> 32 270 42 280
================================================================================
NOTES:
# LAST OF SEVERAL OCCURRENCES
COLUMN 17 PEAK WIND IN M.P.H.
PRELIMINARY LOCAL CLIMATOLOGICAL DATA (WS FORM: F-6) , PAGE 2
STATION: MOLINE IL
MONTH: JANUARY
YEAR: 2024
LATITUDE: 41 27 N
LONGITUDE: 90 31 W
[TEMPERATURE DATA] [PRECIPITATION DATA] SYMBOLS USED IN COLUMN 16
AVERAGE MONTHLY: 23.6 TOTAL FOR MONTH: 3.34 1 = FOG OR MIST
DPTR FM NORMAL: 0.3 DPTR FM NORMAL: 1.68 2 = FOG REDUCING VISIBILITY
HIGHEST: 49 ON 31 GRTST 24HR 1.31 ON 12-12 TO 1/4 MILE OR LESS
LOWEST: -19 ON 21 3 = THUNDER
SNOW, ICE PELLETS, HAIL 4 = ICE PELLETS
TOTAL MONTH: 27.2 INCHES 5 = HAIL
GRTST 24HR 15.4 ON 12-12 6 = FREEZING RAIN OR DRIZZLE
GRTST DEPTH: 16 ON 13 7 = DUSTSTORM OR SANDSTORM:
VSBY 1/2 MILE OR LESS
8 = SMOKE OR HAZE
[NO. OF DAYS WITH] [WEATHER - DAYS WITH] 9 = BLOWING SNOW
X = TORNADO
MAX 32 OR BELOW: 11 0.01 INCH OR MORE: 11
MAX 90 OR ABOVE: 0 0.10 INCH OR MORE: 6
MIN 32 OR BELOW: 24 0.50 INCH OR MORE: 2
MIN 0 OR BELOW: 8 1.00 INCH OR MORE: 1
[HDD (BASE 65) ]
TOTAL THIS MO. 1243 CLEAR (SCALE 0-3) 5
DPTR FM NORMAL -49 PTCLDY (SCALE 4-7) 10
TOTAL FM JUL 1 3131 CLOUDY (SCALE 8-10) 16
DPTR FM NORMAL -478
[CDD (BASE 65) ]
TOTAL THIS MO. 0
DPTR FM NORMAL 0 [PRESSURE DATA]
TOTAL FM JAN 1 0 HIGHEST SLP 30.70 ON 20
DPTR FM NORMAL 0 LOWEST SLP 29.06 ON 9
[REMARKS]
#FINAL-01-24#