000
CXUS53 KDVN 011000
CF6MLI
PRELIMINARY LOCAL CLIMATOLOGICAL DATA (WS FORM: F-6)
STATION: MOLINE IL
MONTH: JUNE
YEAR: 2021
LATITUDE: 41 27 N
LONGITUDE: 90 31 W
TEMPERATURE IN F: :PCPN: SNOW: WIND :SUNSHINE: SKY :PK WND
================================================================================
1 2 3 4 5 6A 6B 7 8 9 10 11 12 13 14 15 16 17 18
12Z AVG MX 2MIN
DY MAX MIN AVG DEP HDD CDD WTR SNW DPTH SPD SPD DIR MIN PSBL S-S WX SPD DR
================================================================================
1 79 51 65 -3 0 0 0.00 0.0 0 2.4 12 180 M M 5 12 15 180
2 81 53 67 -1 0 2 0.00 0.0 0 3.2 10 90 M M 1 1 14 50
3 88 53 71 2 0 6 0.00 0.0 0 6.6 16 260 M M 0 23 250
4 89 64 77 8 0 12 0.00 0.0 0 9.2 17 230 M M 0 25 200
5 92 69 81 12 0 16 0.00 0.0 0 10.2 17 200 M M 0 25 190
6 87 69 78 8 0 13 0.00 0.0 0 9.1 18 180 M M 2 27 200
7 87 70 79 9 0 14 0.12 0.0 0 6.1 15 190 M M 3 3 26 190
8 89 69 79 9 0 14 0.00 0.0 0 3.6 17 100 M M 1 3 23 100
9 91 69 80 9 0 15 0.00 0.0 0 2.4 12 90 M M 1 20 80
10 94 69 82 11 0 17 0.05 0.0 0 1.6 16 360 M M 1 3 23 350
11 95 69 82 11 0 17 0.01 0.0 0 2.4 15 330 M M 1 3 26 330
12 93 65 79 8 0 14 0.00 0.0 0 6.6 16 310 M M 1 1 22 320
13 93 60 77 5 0 12 0.00 0.0 0 4.3 12 310 M M 0 17 210
14 87 63 75 3 0 10 0.00 0.0 0 6.7 16 20 M M 0 22 50
15 90 57 74 2 0 9 0.00 0.0 0 5.6 17 80 M M 0 24 320
16 86 56 71 -1 0 6 0.00 0.0 0 5.4 12 100 M M 0 16 100
17 93 66 80 7 0 15 0.01 0.0 0 9.9 20 160 M M 1 30 160
18 94 74 84 11 0 19 0.26 0.0 0 6.1 17 190 M M 1 13 28 200
19 93 66 80 7 0 15 0.00 0.0 0 6.6 17 250 M M 1 28 190
20 83 63 73 0 0 8 0.06 0.0 0 6.7 26 340 M M 4 3 46 340
21 75 50 63 -11 2 0 0.00 0.0 0 13.5 30 310 M M 4 40 310
22 79 47 63 -11 2 0 0.12 0.0 0 7.8 18 230 M M 2 13 27 220
23 83 62 73 -1 0 8 0.55 0.0 0 11.2 23 190 M M 6 1 36 200
24 81 70 76 2 0 11 0.28 0.0 0 8.3 18 150 M M 6 13 26 160
25 84 70 77 3 0 12 1.46 0.0 0 6.8 23 130 M M 8 13 31 240
26 82 72 77 3 0 12 0.09 0.0 0 8.4 16 210 M M 6 1 23 220
27 84 69 77 2 0 12 0.00 0.0 0 6.4 16 240 M M 6 1 21 260
28 81 72 77 2 0 12 0.52 0.0 0 2.7 10 190 M M 6 18 14 190
29 78 71 75 0 0 10 0.42 0.0 0 3.3 12 250 M M 6 138 15 240
30 87 70 79 4 0 14 0.00 0.0 0 3.1 12 300 M M 4 1 15 300
================================================================================
SM 2598 1928 4 325 3.95 0.0 186.2 M 77
================================================================================
AV 86.6 64.3 6.2 FASTST M M 3 MAX(MPH)
MISC ----> 30 310 46 340
================================================================================
NOTES:
# LAST OF SEVERAL OCCURRENCES
COLUMN 17 PEAK WIND IN M.P.H.
PRELIMINARY LOCAL CLIMATOLOGICAL DATA (WS FORM: F-6) , PAGE 2
STATION: MOLINE IL
MONTH: JUNE
YEAR: 2021
LATITUDE: 41 27 N
LONGITUDE: 90 31 W
[TEMPERATURE DATA] [PRECIPITATION DATA] SYMBOLS USED IN COLUMN 16
AVERAGE MONTHLY: 75.4 TOTAL FOR MONTH: 3.95 1 = FOG OR MIST
DPTR FM NORMAL: 3.3 DPTR FM NORMAL: -1.06 2 = FOG REDUCING VISIBILITY
HIGHEST: 95 ON 11 GRTST 24HR 1.67 ON 24-25 TO 1/4 MILE OR LESS
LOWEST: 47 ON 22 3 = THUNDER
SNOW, ICE PELLETS, HAIL 4 = ICE PELLETS
TOTAL MONTH: 0.0 INCH 5 = HAIL
GRTST 24HR 0.0 6 = FREEZING RAIN OR DRIZZLE
GRTST DEPTH: 0 7 = DUSTSTORM OR SANDSTORM:
VSBY 1/2 MILE OR LESS
8 = SMOKE OR HAZE
[NO. OF DAYS WITH] [WEATHER - DAYS WITH] 9 = BLOWING SNOW
X = TORNADO
MAX 32 OR BELOW: 0 0.01 INCH OR MORE: 13
MAX 90 OR ABOVE: 10 0.10 INCH OR MORE: 8
MIN 32 OR BELOW: 0 0.50 INCH OR MORE: 3
MIN 0 OR BELOW: 0 1.00 INCH OR MORE: 1
[HDD (BASE 65) ]
TOTAL THIS MO. 4 CLEAR (SCALE 0-3) 19
DPTR FM NORMAL -12 PTCLDY (SCALE 4-7) 10
TOTAL FM JUL 1 5950 CLOUDY (SCALE 8-10) 1
DPTR FM NORMAL -70
[CDD (BASE 65) ]
TOTAL THIS MO. 325
DPTR FM NORMAL 97 [PRESSURE DATA]
TOTAL FM JAN 1 426 HIGHEST SLP 30.24 ON 1
DPTR FM NORMAL 109 LOWEST SLP 29.45 ON 20
[REMARKS]
#FINAL-06-21#