539
CXUS53 KDVN 011404
CF6MLI
PRELIMINARY LOCAL CLIMATOLOGICAL DATA (WS FORM: F-6)
STATION: MOLINE IL
MONTH: OCTOBER
YEAR: 2020
LATITUDE: 41 27 N
LONGITUDE: 90 31 W
TEMPERATURE IN F: :PCPN: SNOW: WIND :SUNSHINE: SKY :PK WND
================================================================================
1 2 3 4 5 6A 6B 7 8 9 10 11 12 13 14 15 16 17 18
12Z AVG MX 2MIN
DY MAX MIN AVG DEP HDD CDD WTR SNW DPTH SPD SPD DIR MIN PSBL S-S WX SPD DR
================================================================================
1 60 46 53 -6 12 0 0.03 0.0 0 9.8 21 310 M M 7 30 310
2 60 39 50 -8 15 0 0.00 0.0 0 2.4 9 270 M M 4 13 270
3 52 46 49 -9 16 0 0.15 0.0 0 1.9 7 360 M M 9 11 10
4 58 35 47 -11 18 0 0.00 0.0 0 4.6 14 310 M M 1 22 350
5 65 34 50 -7 15 0 0.00 0.0 0 8.8 24 180 M M 0 1 34 170
6 77 48 63 6 2 0 0.00 0.0 0 9.5 18 270 M M 0 27 230
7 80 48 64 8 1 0 0.00 0.0 0 5.8 16 310 M M 0 23 300
8 76 44 60 4 5 0 0.00 0.0 0 3.6 13 80 M M 0 15 70
9 83 52 68 12 0 3 0.00 0.0 0 9.2 23 210 M M 0 32 200
10 81 57 69 14 0 4 0.00 0.0 0 7.7 22 90 M M 2 29 80
11 81 52 67 12 0 2 0.00 0.0 0 9.0 17 130 M M 3 26 130
12 69 39 54 -1 11 0 0.01 0.0 0 11.4 30 300 M M 3 8 41 300
13 74 39 57 3 8 0 0.00 0.0 0 8.5 23 300 M M 0 33 230
14 80 39 60 6 5 0 0.00 0.0 0 14.6 30 270 M M 1 43 280
15 60 34 47 -7 18 0 0.00 0.0 0 12.7 29 310 M M 0 39 300
16 57 33 45 -8 20 0 T 0.0 0 7.3 29 260 M M 2 40 260
17 67 36 52 -1 13 0 0.00 0.0 0 13.4 30 200 M M 6 41 200
18 60 36 48 -5 17 0 0.09 T 0 7.0 21 330 M M 6 1 30 330
19 42 33 38 -14 27 0 0.08 0.3 0 6.5 14 330 M M 9 12 19 330
20 50 34 42 -10 23 0 0.02 0.0 0 9.0 20 270 M M 9 18 30 280
21 57 43 50 -2 15 0 1.31 0.0 0 7.8 18 310 M M 8 138 28 300
22 80 47 64 13 1 0 0.02 0.0 0 10.3 23 280 M M 7 13 34 200
23 53 39 46 -5 19 0 0.21 0.0 0 11.8 22 320 M M 10 13 32 330
24 43 32 38 -12 27 0 0.00 0.0 0 3.6 9 70 M M 7 14 10
25 42 36 39 -11 26 0 0.00 0.0 0 9.7 15 50 M M 9 20 40
26 36 32 34 -16 31 0 0.05 0.4 T 7.0 13 310 M M 10 18 20 340
27 38 29 34 -15 31 0 0.00 0.0 0 4.0 9 280 M M 8 12 320
28 50 27 39 -10 26 0 0.00 0.0 0 4.7 13 230 M M 0 18 230
29 50 36 43 -6 22 0 0.00 0.0 0 8.0 16 20 M M 7 24 20
30 49 31 40 -8 25 0 0.00 0.0 0 3.6 10 90 M M 4 13 90
31 65 31 48 0 17 0 0.00 0.0 0 13.4 26 290 M M 2 40 300
================================================================================
SM 1895 1207 466 9 1.97 0.7 246.6 M 134
================================================================================
AV 61.1 38.9 8.0 FASTST M M 4 MAX(MPH)
MISC ----> # 30 300 43 280
================================================================================
NOTES:
# LAST OF SEVERAL OCCURRENCES
COLUMN 17 PEAK WIND IN M.P.H.
PRELIMINARY LOCAL CLIMATOLOGICAL DATA (WS FORM: F-6) , PAGE 2
STATION: MOLINE IL
MONTH: OCTOBER
YEAR: 2020
LATITUDE: 41 27 N
LONGITUDE: 90 31 W
[TEMPERATURE DATA] [PRECIPITATION DATA] SYMBOLS USED IN COLUMN 16
AVERAGE MONTHLY: 50.0 TOTAL FOR MONTH: 1.97 1 = FOG OR MIST
DPTR FM NORMAL: -3.2 DPTR FM NORMAL: -1.00 2 = FOG REDUCING VISIBILITY
HIGHEST: 83 ON 9 GRTST 24HR 1.33 ON 21-22 TO 1/4 MILE OR LESS
LOWEST: 27 ON 28 3 = THUNDER
SNOW, ICE PELLETS, HAIL 4 = ICE PELLETS
TOTAL MONTH: 0.7 INCH 5 = HAIL
GRTST 24HR 0.4 ON 26-26 6 = FREEZING RAIN OR DRIZZLE
GRTST DEPTH: T 7 = DUSTSTORM OR SANDSTORM:
VSBY 1/2 MILE OR LESS
8 = SMOKE OR HAZE
[NO. OF DAYS WITH] [WEATHER - DAYS WITH] 9 = BLOWING SNOW
X = TORNADO
MAX 32 OR BELOW: 0 0.01 INCH OR MORE: 10
MAX 90 OR ABOVE: 0 0.10 INCH OR MORE: 3
MIN 32 OR BELOW: 6 0.50 INCH OR MORE: 1
MIN 0 OR BELOW: 0 1.00 INCH OR MORE: 1
[HDD (BASE 65) ]
TOTAL THIS MO. 466 CLEAR (SCALE 0-3) 14
DPTR FM NORMAL 88 PTCLDY (SCALE 4-7) 10
TOTAL FM JUL 1 548 CLOUDY (SCALE 8-10) 7
DPTR FM NORMAL 66
[CDD (BASE 65) ]
TOTAL THIS MO. 9
DPTR FM NORMAL -5 [PRESSURE DATA]
TOTAL FM JAN 1 1040 HIGHEST SLP 30.39 ON 26
DPTR FM NORMAL 37 LOWEST SLP 29.49 ON 14
[REMARKS]
#FINAL-10-20#
NOTE: SUPPLEMENTAL CLIMATE DATA WAS USED FROM A
NEARBY CLIMATOLOGICALLY REPRESENTATIVE STATION.
PARAMETER DATE
--------- ----
SNW ALL OBSERVED SNW ABOVE