000
CXUS53 KDVN 011000
CF6MLI
PRELIMINARY LOCAL CLIMATOLOGICAL DATA (WS FORM: F-6)
STATION: MOLINE IL
MONTH: JULY
YEAR: 2020
LATITUDE: 41 27 N
LONGITUDE: 90 31 W
TEMPERATURE IN F: :PCPN: SNOW: WIND :SUNSHINE: SKY :PK WND
================================================================================
1 2 3 4 5 6A 6B 7 8 9 10 11 12 13 14 15 16 17 18
12Z AVG MX 2MIN
DY MAX MIN AVG DEP HDD CDD WTR SNW DPTH SPD SPD DIR MIN PSBL S-S WX SPD DR
================================================================================
1 85 69 77 2 0 12 0.01 0.0 0 5.0 18 120 M M 4 1 27 110
2 91 71 81 6 0 16 0.00 0.0 0 7.1 15 70 M M 3 19 90
3 92 66 79 4 0 14 0.00 0.0 0 4.4 13 80 M M 1 22 80
4 93 65 79 4 0 14 0.00 0.0 0 2.4 12 100 M M 0 18 16 60
5 93 69 81 5 0 16 0.00 0.0 0 1.7 9 120 M M 2 18 14 40
6 94 68 81 5 0 16 0.00 0.0 0 3.3 13 250 M M 0 18 220
7 94 70 82 6 0 17 0.00 0.0 0 5.0 15 70 M M 1 3 19 70
8 94 71 83 7 0 18 0.00 0.0 0 4.5 24 80 M M 1 3 31 70
9 91 70 81 5 0 16 1.30 0.0 0 8.5 26 320 M M 3 13 35 330
10 88 69 79 3 0 14 0.00 0.0 0 10.8 23 310 M M 2 33 300
11 92 M M M M M 0.36 0.0 0 4.7 52 320 M M 1 138 80 310
12 85 63 74 -2 0 9 0.00 0.0 0 5.6 15 20 M M 1 22 40
13 84 61 73 -3 0 8 0.00 0.0 0 5.2 13 130 M M 1 17 150
14 86 65 76 0 0 11 T 0.0 0 8.9 17 140 M M 1 23 150
15 78 63 71 -5 0 6 1.37 0.0 0 5.9 16 60 M M 6 13 23 70
16 85 61 73 -3 0 8 0.00 0.0 0 2.2 9 310 M M 5 1 14 260
17 88 64 76 0 0 11 0.00 0.0 0 6.0 14 160 M M 1 1 19 140
18 92 75 84 8 0 19 0.00 0.0 0 10.6 17 190 M M 1 26 180
19 87 69 78 2 0 13 0.00 0.0 0 9.3 18 340 M M 2 3 28 350
20 84 64 74 -2 0 9 0.00 0.0 0 3.8 12 270 M M 4 17 280
21 83 68 76 1 0 11 0.60 0.0 0 4.5 10 90 M M 7 13 13 90
22 85 65 75 0 0 10 0.00 0.0 0 5.7 14 270 M M 4 1 20 280
23 84 61 73 -2 0 8 0.00 0.0 0 2.6 10 80 M M 0 15 70
24 86 62 74 -1 0 9 0.00 0.0 0 4.5 10 150 M M 0 15 140
25 90 69 80 5 0 15 0.00 0.0 0 5.8 14 150 M M 0 18 160
26 93 75 84 9 0 19 0.79 0.0 0 8.9 21 310 M M 2 13 31 310
27 86 66 76 1 0 11 0.01 0.0 0 6.4 18 300 M M 4 24 300
28 87 62 75 0 0 10 0.00 0.0 0 6.6 16 210 M M 1 22 240
29 90 69 80 5 0 15 0.00 0.0 0 5.3 17 200 M M 2 24 210
30 81 69 75 0 0 10 0.08 0.0 0 6.6 17 50 M M 4 1 24 60
31 82 65 74 -1 0 9 0.00 0.0 0 7.3 15 30 M M 2 21 70
================================================================================
SM 2723 2004 0 374 4.52 0.0 179.1 M 66
================================================================================
AV 87.8 66.8 5.8 FASTST M M 2 MAX(MPH)
MISC ----> 52 320 80 310
================================================================================
NOTES:
# LAST OF SEVERAL OCCURRENCES
COLUMN 17 PEAK WIND IN M.P.H.
PRELIMINARY LOCAL CLIMATOLOGICAL DATA (WS FORM: F-6) , PAGE 2
STATION: MOLINE IL
MONTH: JULY
YEAR: 2020
LATITUDE: 41 27 N
LONGITUDE: 90 31 W
[TEMPERATURE DATA] [PRECIPITATION DATA] SYMBOLS USED IN COLUMN 16
AVERAGE MONTHLY: 77.3 TOTAL FOR MONTH: 4.52 1 = FOG OR MIST
DPTR FM NORMAL: 1.9 DPTR FM NORMAL: 0.23 2 = FOG REDUCING VISIBILITY
HIGHEST: 94 ON 8, 7 GRTST 24HR 1.37 ON 15-15 TO 1/4 MILE OR LESS
LOWEST: 61 ON 23,16 3 = THUNDER
SNOW, ICE PELLETS, HAIL 4 = ICE PELLETS
TOTAL MONTH: 0.0 INCH 5 = HAIL
GRTST 24HR 0.0 6 = FREEZING RAIN OR DRIZZLE
GRTST DEPTH: 0 7 = DUSTSTORM OR SANDSTORM:
VSBY 1/2 MILE OR LESS
8 = SMOKE OR HAZE
[NO. OF DAYS WITH] [WEATHER - DAYS WITH] 9 = BLOWING SNOW
X = TORNADO
MAX 32 OR BELOW: 0 0.01 INCH OR MORE: 8
MAX 90 OR ABOVE: 13 0.10 INCH OR MORE: 5
MIN 32 OR BELOW: 0 0.50 INCH OR MORE: 4
MIN 0 OR BELOW: 0 1.00 INCH OR MORE: 2
[HDD (BASE 65) ]
TOTAL THIS MO. 0 CLEAR (SCALE 0-3) 23
DPTR FM NORMAL -2 PTCLDY (SCALE 4-7) 8
TOTAL FM JUL 1 0 CLOUDY (SCALE 8-10) 0
DPTR FM NORMAL 0
[CDD (BASE 65) ]
TOTAL THIS MO. 374
DPTR FM NORMAL 50 [PRESSURE DATA]
TOTAL FM JAN 1 696 HIGHEST SLP 30.17 ON 24
DPTR FM NORMAL 82 LOWEST SLP 29.68 ON 9
[REMARKS]
#FINAL-07-20#