000
CXUS51 KCAR 030728
CLMMLT
CLIMATE REPORT
NATIONAL WEATHER SERVICE CARIBOU ME
328 AM EDT MON JUL 03 2023
...................................
...THE MILLINOCKET ME CLIMATE SUMMARY FOR THE MONTH OF JUNE 2023...
CLIMATE NORMAL PERIOD: 1991 TO 2020
CLIMATE RECORD PERIOD: 1903 TO 2023
WEATHER OBSERVED NORMAL DEPART LAST YEAR`S
VALUE DATE(S) VALUE FROM VALUE DATE(S)
NORMAL
................................................................
TEMPERATURE (F)
RECORD
HIGH 101 06/18/1907
LOW 0 06/23/2016
HIGHEST 96 06/01 MM MM 90 06/26
LOWEST 42 06/03 MM MM 39 06/01
06/04
AVG. MAXIMUM 70.4 73.8 -3.4 73.1
AVG. MINIMUM 53.7 51.5 2.2 50.4
MEAN 62.0 62.6 -0.6 61.7
DAYS MAX >= 90 1 0.9 0.1 1
DAYS MAX <= 32 0 0.0 0.0 0
DAYS MIN <= 32 0 0.1 -0.1 0
DAYS MIN <= 0 0 0.0 0.0 0
PRECIPITATION (INCHES)
RECORD
MAXIMUM 2.10 2022
MINIMUM 1.37 2021
TOTALS 7.06 2.86
DAILY AVG. 0.24 0.14 0.10 0.07
DAYS >= .01 21 14.1 6.9 12
DAYS >= .10 15 8.9 6.1 7
DAYS >= .50 3 3.3 -0.3 0
DAYS >= 1.00 2 1.1 0.9 0
SNOWFALL (INCHES)
RECORDS
TOTAL MM MM
TOTALS MM MM MM MM
SINCE 7/1 MM MM MM MM
SNOWDEPTH AVG. MM MM
DAYS >= 1.0 MM MM MM MM
GREATEST
SNOW DEPTH MM MM MM
24 HR TOTAL MM MM
DEGREE DAYS
HEATING TOTAL 135 118 17 117
SINCE 7/1 7342 8353 -1011 MM
COOLING TOTAL 53 48 5 24
SINCE 1/1 63 55 8 MM
................................................................
WIND (MPH)
AVERAGE WIND SPEED 4.6
HIGHEST WIND SPEED/DIRECTION 22/340 DATE 06/06
HIGHEST GUST SPEED/DIRECTION 35/340 DATE 06/06
SKY COVER
POSSIBLE SUNSHINE (PERCENT) MM
AVERAGE SKY COVER 0.71
NUMBER OF DAYS FAIR 6
NUMBER OF DAYS PC 8
NUMBER OF DAYS CLOUDY 16
AVERAGE RH (PERCENT) 83
WEATHER CONDITIONS. NUMBER OF DAYS WITH
THUNDERSTORM 2 MIXED PRECIP 0
HEAVY RAIN 7 RAIN 11
LIGHT RAIN 22 FREEZING RAIN 0
LT FREEZING RAIN 0 HAIL 0
HEAVY SNOW 0 SNOW 0
LIGHT SNOW 0 SLEET 0
FOG 24 FOG W/VIS <= 1/4 MILE 1
HAZE 4
- INDICATES NEGATIVE NUMBERS.
* INDICATES RECORD WAS SET OR TIED.
MM INDICATES DATA IS MISSING.
T INDICATES TRACE AMOUNT.
$$