000
CXUS51 KCAR 010906
CLMMLT
CLIMATE REPORT
NATIONAL WEATHER SERVICE CARIBOU ME
506 AM EDT MON MAY 01 2023
...................................
...THE MILLINOCKET ME CLIMATE SUMMARY FOR THE MONTH OF APRIL 2023...
CLIMATE NORMAL PERIOD: 1991 TO 2020
CLIMATE RECORD PERIOD: 1903 TO 2023
WEATHER OBSERVED NORMAL DEPART LAST YEAR`S
VALUE DATE(S) VALUE FROM VALUE DATE(S)
NORMAL
................................................................
TEMPERATURE (F)
RECORD
HIGH 87 04/28/1990
04/25/1913
LOW -5 04/02/1923
HIGHEST 73 04/13 MM MM 60 04/15
LOWEST 19 04/03 MM MM 21 04/06
AVG. MAXIMUM 53.3 50.7 2.6 51.3
AVG. MINIMUM 32.2 30.0 2.2 32.3
MEAN 42.7 40.4 2.3 41.8
DAYS MAX >= 90 0 0.0 0.0 0
DAYS MAX <= 32 1 0.5 0.5 0
DAYS MIN <= 32 17 18.5 -1.5 13
DAYS MIN <= 0 0 0.0 0.0 0
PRECIPITATION (INCHES)
RECORD
MAXIMUM 3.48 2022
MINIMUM 2.05 2020
TOTALS 2.37 -1.14
DAILY AVG. 0.08 0.12 -0.04 0.12
DAYS >= .01 10 11.3 -1.3 16
DAYS >= .10 5 6.8 -1.8 7
DAYS >= .50 2 2.3 -0.3 3
DAYS >= 1.00 0 0.7 -0.7 0
SNOWFALL (INCHES)
RECORDS
TOTAL MM MM
TOTALS MM MM MM MM
SINCE 7/1 MM MM MM MM
SNOWDEPTH AVG. MM MM
DAYS >= 1.0 MM MM MM MM
GREATEST
SNOW DEPTH MM MM MM
24 HR TOTAL MM MM
DEGREE DAYS
HEATING TOTAL 661 740 -79 688
SINCE 7/1 6842 7860 -1018 MM
COOLING TOTAL 0 0 0 0
SINCE 1/1 0 0 0 MM
................................................................
WIND (MPH)
AVERAGE WIND SPEED 5.9
HIGHEST WIND SPEED/DIRECTION 28/310 DATE 04/02
28/300 04/07
HIGHEST GUST SPEED/DIRECTION 45/260 DATE 04/07
SKY COVER
POSSIBLE SUNSHINE (PERCENT) MM
AVERAGE SKY COVER 0.45
NUMBER OF DAYS FAIR 17
NUMBER OF DAYS PC 4
NUMBER OF DAYS CLOUDY 9
AVERAGE RH (PERCENT) 69
WEATHER CONDITIONS. NUMBER OF DAYS WITH
THUNDERSTORM 1 MIXED PRECIP 0
HEAVY RAIN 1 RAIN 3
LIGHT RAIN 10 FREEZING RAIN 1
LT FREEZING RAIN 2 HAIL 0
HEAVY SNOW 0 SNOW 0
LIGHT SNOW 3 SLEET 0
FOG 12 FOG W/VIS <= 1/4 MILE 2
HAZE 0
- INDICATES NEGATIVE NUMBERS.
* INDICATES RECORD WAS SET OR TIED.
MM INDICATES DATA IS MISSING.
T INDICATES TRACE AMOUNT.
$$