000
CXUS56 KPQR 011633
CLMMMV
CLIMATE REPORT
NATIONAL WEATHER SERVICE PORTLAND OREGON
833 AM PST FRI DEC 01 2023
...................................
...THE MCMINNVILLE OR CLIMATE SUMMARY FOR THE MONTH OF NOVEMBER 2023...
CLIMATE NORMAL PERIOD 1991 TO 2020
CLIMATE RECORD PERIOD 1894 TO 2023
WEATHER OBSERVED NORMAL DEPART LAST YEAR`S
VALUE DATE(S) VALUE FROM VALUE DATE(S)
NORMAL
................................................................
TEMPERATURE (F)
HIGHEST 65 58 11/04
11/05
11/14
LOWEST 24 22 11/20
AVG. MAXIMUM 53.0 52.6 0.4 49.7
AVG. MINIMUM 36.6 37.9 -1.3 33.0
MEAN 44.8 45.3 -0.5 41.4
DAYS MAX >= 90 0 0.0 0.0 0
DAYS MAX <= 32 0 0.1 -0.1 0
DAYS MIN <= 32 10 6.0 4.0 13
DAYS MIN <= 0 0 0.0 0.0 0
PRECIPITATION (INCHES)
RECORD
MAXIMUM 20.47 1896
MINIMUM 0.42 1936
TOTALS 4.73 5.74 -1.01 6.03
DAYS >= .01 17 19.3 -2.3 15
DAYS >= .10 11 11.7 -0.7 11
DAYS >= .50 4 3.7 0.3 3
DAYS >= 1.00 1 0.8 0.2 2
GREATEST
24 HR. TOTAL 1.54 11/05 TO 11/06
DEGREE DAYS
HEATING TOTAL 597 592 5 703
SINCE 7/1 1022 1133 -111 MM
COOLING TOTAL 0 0 0 0
SINCE 1/1 484 284 200 MM
................................................................
WIND (MPH)
AVERAGE WIND SPEED 4.8
RESULTANT WIND SPEED/DIRECTION 1/310
HIGHEST WIND SPEED/DIRECTION 26/180 DATE 11/06
26/190 11/11
HIGHEST GUST SPEED/DIRECTION 35/210 DATE 11/11
SKY COVER
POSSIBLE SUNSHINE (PERCENT) MM
AVERAGE SKY COVER 0.56
AVERAGE RH (PERCENT) 83
WEATHER CONDITIONS. NUMBER OF DAYS WITH
THUNDERSTORM 0 MIXED PRECIP 0
HEAVY RAIN 2 RAIN 11
LIGHT RAIN 17 FREEZING RAIN 0
LT FREEZING RAIN 0 HAIL 0
HEAVY SNOW 0 SNOW 0
LIGHT SNOW 0 SLEET 0
FOG 24 FOG W/VIS <= 1/4 MILE 8
HAZE 1
- INDICATES NEGATIVE NUMBERS.
R INDICATES RECORD WAS SET OR TIED.
MM INDICATES DATA IS MISSING.
T INDICATES TRACE AMOUNT.
$$