000
CXUS56 KSTO 050421
CF6MOD
PRELIMINARY LOCAL CLIMATOLOGICAL DATA (WS FORM: F-6)
STATION: MODESTO CA
MONTH: JULY
YEAR: 2022
LATITUDE: 37 37 N
LONGITUDE: 120 57 W
TEMPERATURE IN F: :PCPN: SNOW: WIND :SUNSHINE: SKY :PK WND
================================================================================
1 2 3 4 5 6A 6B 7 8 9 10 11 12 13 14 15 16 17 18
12Z AVG MX 2MIN
DY MAX MIN AVG DEP HDD CDD WTR SNW DPTH SPD SPD DIR MIN PSBL S-S WX SPD DR
================================================================================
1 90 56 73 -5 0 8 0.00 M M 9.9 20 310 M M 0 31 70
2 84 56 70 -8 0 5 0.00 M M 11.4 22 310 M M 0 26 330
3 78 55 67 -11 0 2 0.00 0.0 M 11.1 18 320 M M 0 24 330
4 86 57 72 -6 0 7 0.00 0.0 M 8.5 17 320 M M 1 21 300
5 88 64 76 -2 0 11 0.00 0.0 M 10.0 20 320 M M 1 24 320
6 83 61 72 -6 0 7 0.00 0.0 M 11.4 21 320 M M 0 28 310
7 88 60 74 -4 0 9 0.00 0.0 M 10.8 17 300 M M 0 23 330
8 94 63 79 0 0 14 0.00 M M 8.9 20 320 M M 0 25 310
9 91 65 78 -1 0 13 0.00 M M 11.1 20 330 M M 0 24 290
10 97 62 80 1 0 15 0.00 M M 7.8 16 330 M M 0 22 330
11 101 66 84 5 0 19 0.00 M M 5.9 17 320 M M 0 22 320
12 95 68 82 3 0 17 0.00 M M 9.8 18 330 M M 0 22 330
13 91 61 76 -3 0 11 0.00 M M 9.9 16 330 M M 0 20 320
14 96 63 80 1 0 15 0.00 M M 9.2 18 310 M M 0 8 24 310
15 96 63 80 1 0 15 0.00 M M 9.6 17 330 M M 0 21 330
16 101 67 84 5 0 19 0.00 M M 8.0 16 320 M M 0 20 340
17 103 72 88 9 0 23 0.00 M M 8.5 20 300 M M 0 23 300
18 103 72 88 9 0 23 0.00 M M 6.4 17 330 M M 0 22 320
19 100 72 86 7 0 21 0.00 M M 9.2 18 320 M M 0 22 310
20 100 68 84 5 0 19 0.00 M M 9.7 18 340 M M 0 22 330
21 99 64 82 3 0 17 0.00 M M 8.9 22 300 M M 0 26 300
22 98 61 80 1 0 15 0.00 M M 9.8 21 320 M M 0 28 320
23 95 62 79 0 0 14 0.00 M M 7.8 15 330 M M 0 22 310
24 97 63 80 1 0 15 0.00 M M 8.1 13 340 M M 0 18 330
25 94 62 78 -1 0 13 0.00 M M 9.5 15 320 M M 0 21 310
26 94 64 79 0 0 14 0.01 M M 10.4 17 320 M M 0 22 320
27 95 63 79 0 0 14 0.00 M M 9.3 17 320 M M 0 23 300
28 96 64 80 1 0 15 0.00 M M 8.1 15 340 M M 0 19 350
29 95 64 80 1 0 15 0.00 M M 9.2 16 330 M M 0 19 330
30 92 65 79 0 0 14 0.00 M M 9.2 16 320 M M 0 8 20 320
31 90 66 78 -1 0 13 0.00 M M 8.1 14 330 M M 0 19 300
================================================================================
SM 2910 1969 0 432 0.01 0.0 285.5 M 2
================================================================================
AV 93.9 63.5 9.2 FASTST M M 0 MAX(MPH)
MISC ----> # 22 310 31 70
================================================================================
NOTES:
# LAST OF SEVERAL OCCURRENCES
COLUMN 17 PEAK WIND IN M.P.H.
PRELIMINARY LOCAL CLIMATOLOGICAL DATA (WS FORM: F-6) , PAGE 2
STATION: MODESTO CA
MONTH: JULY
YEAR: 2022
LATITUDE: 37 37 N
LONGITUDE: 120 57 W
[TEMPERATURE DATA] [PRECIPITATION DATA] SYMBOLS USED IN COLUMN 16
AVERAGE MONTHLY: 78.7 TOTAL FOR MONTH: 0.01 1 = FOG OR MIST
DPTR FM NORMAL: -0.1 DPTR FM NORMAL: 0.01 2 = FOG REDUCING VISIBILITY
HIGHEST: 103 ON 17,18 GRTST 24HR 0.01 ON 26-26 TO 1/4 MILE OR LESS
LOWEST: 55 ON 3 3 = THUNDER
SNOW, ICE PELLETS, HAIL 4 = ICE PELLETS
TOTAL MONTH: 0.0 INCH 5 = HAIL
GRTST 24HR 0.0 6 = FREEZING RAIN OR DRIZZLE
GRTST DEPTH: M ON M 7 = DUSTSTORM OR SANDSTORM:
VSBY 1/2 MILE OR LESS
8 = SMOKE OR HAZE
[NO. OF DAYS WITH] [WEATHER - DAYS WITH] 9 = BLOWING SNOW
X = TORNADO
MAX 32 OR BELOW: 0 0.01 INCH OR MORE: 1
MAX 90 OR ABOVE: 25 0.10 INCH OR MORE: 0
MIN 32 OR BELOW: 0 0.50 INCH OR MORE: 0
MIN 0 OR BELOW: 0 1.00 INCH OR MORE: 0
[HDD (BASE 65) ]
TOTAL THIS MO. 0 CLEAR (SCALE 0-3) 31
DPTR FM NORMAL 0 PTCLDY (SCALE 4-7) 0
TOTAL FM JUL 1 0 CLOUDY (SCALE 8-10) 0
DPTR FM NORMAL 0
[CDD (BASE 65) ]
TOTAL THIS MO. 432
DPTR FM NORMAL 3 [PRESSURE DATA]
TOTAL FM JAN 1 963 HIGHEST SLP 30.10 ON 9
DPTR FM NORMAL 81 LOWEST SLP 29.70 ON 17
[REMARKS]
#FINAL-07-22#