000
CXUS51 KBTV 010700
CF6MPV
PRELIMINARY LOCAL CLIMATOLOGICAL DATA (WS FORM: F-6)
STATION: MONTPELIER VT
MONTH: AUGUST
YEAR: 2021
LATITUDE: 44 12 N
LONGITUDE: 72 34 W
TEMPERATURE IN F: :PCPN: SNOW: WIND :SUNSHINE: SKY :PK WND
================================================================================
1 2 3 4 5 6A 6B 7 8 9 10 11 12 13 14 15 16 17 18
12Z AVG MX 2MIN
DY MAX MIN AVG DEP HDD CDD WTR SNW DPTH SPD SPD DIR MIN PSBL S-S WX SPD DR
================================================================================
1 64 53 59 -7 6 0 0.93 M M 2.2 8 330 M M 9 1 10 340
2 72 51 62 -4 3 0 0.19 M M 5.9 16 340 M M 7 1 21 310
3 77 46 62 -4 3 0 0.00 M M 2.6 12 190 M M 2 12 16 220
4 79 53 66 0 0 1 0.00 M M 2.3 10 160 M M 3 12 13 150
5 80 60 70 4 0 5 0.00 M M 1.4 7 200 M M 4 9 300
6 84 56 70 4 0 5 0.00 M M 3.0 10 220 M M 3 12 15 210
7 85 59 72 6 0 7 0.62 M M 4.0 14 340 M M 5 138 22 220
8 84 64 74 8 0 9 0.75 M M 1.3 15 120 M M 6 128 20 150
9 83 66 75 9 0 10 0.00 M M 6.9 16 180 M M 4 1 19 190
10 85 65 75 9 0 10 T M M 7.9 16 160 M M 6 22 190
11 88 70 79 13 0 14 0.11 M M 6.3 14 210 M M 6 13 20 210
12 89 67 78 12 0 13 T M M 3.4 15 210 M M 2 12 22 220
13 90 66 78 13 0 13 0.00 M M 4.8 16 160 M M 1 12 20 140
14 77 62 70 5 0 5 0.17 M M 5.5 16 360 M M 3 1 23 350
15 72 51 62 -3 3 0 0.00 M M 4.6 15 320 M M 1 1 19 300
16 77 48 63 -2 2 0 0.00 M M 1.2 6 60 M M 3 12 8 50
17 75 53 64 -1 1 0 T M M 2.2 12 190 M M 8 12 14 200
18 77 70 74 9 0 9 0.06 M M 2.9 10 200 M M 8 1 14 240
19 73 68 71 6 0 6 1.49 M M 2.7 10 40 M M 10 12 14 40
20 85 69 77 12 0 12 0.06 M M 2.7 10 340 M M 5 1 13 340
21 88 68 78 14 0 13 0.00 M M 3.5 16 160 M M 5 12 22 160
22 83 71 77 13 0 12 0.00 M M 5.0 13 80 M M 9 16 90
23 81 67 74 10 0 9 T M M 5.8 13 150 M M 8 18 130
24 85 66 76 12 0 11 T M M 3.3 15 320 M M 4 12 20 310
25 88 60 74 10 0 9 0.00 M M 1.9 7 280 M M 3 12 10 210
26 90 67 79 15 0 14 0.00 M M 3.5 16 310 M M 2 3 22 280
27 78 61 70 6 0 5 0.00 M M 4.4 14 310 M M 2 12 18 310
28 67 57 62 -1 3 0 T M M 4.7 14 190 M M 6 18 200
29 72 60 66 3 0 1 T M M 7.1 16 160 M M 9 19 160
30 80 61 71 8 0 6 0.14 M M 6.1 15 240 M M 5 18 24 250
31 78 56 67 4 0 2 0.00 M M 3.7 13 270 M M 3 12 19 260
================================================================================
SM 2486 1891 21 201 4.52 M 122.8 M 152
================================================================================
AV 80.2 61.0 4.0 FASTST M M 5 MAX(MPH)
MISC ----> # 16 340 24 250
================================================================================
NOTES:
# LAST OF SEVERAL OCCURRENCES
COLUMN 17 PEAK WIND IN M.P.H.
PRELIMINARY LOCAL CLIMATOLOGICAL DATA (WS FORM: F-6) , PAGE 2
STATION: MONTPELIER VT
MONTH: AUGUST
YEAR: 2021
LATITUDE: 44 12 N
LONGITUDE: 72 34 W
[TEMPERATURE DATA] [PRECIPITATION DATA] SYMBOLS USED IN COLUMN 16
AVERAGE MONTHLY: 70.6 TOTAL FOR MONTH: 4.52 1 = FOG OR MIST
DPTR FM NORMAL: 5.7 DPTR FM NORMAL: 0.71 2 = FOG REDUCING VISIBILITY
HIGHEST: 90 ON 26,13 GRTST 24HR 1.49 ON 19-19 TO 1/4 MILE OR LESS
LOWEST: 46 ON 3 3 = THUNDER
SNOW, ICE PELLETS, HAIL 4 = ICE PELLETS
TOTAL MONTH: M 5 = HAIL
GRTST 24HR M ON M 6 = FREEZING RAIN OR DRIZZLE
GRTST DEPTH: M ON M 7 = DUSTSTORM OR SANDSTORM:
VSBY 1/2 MILE OR LESS
8 = SMOKE OR HAZE
[NO. OF DAYS WITH] [WEATHER - DAYS WITH] 9 = BLOWING SNOW
X = TORNADO
MAX 32 OR BELOW: 0 0.01 INCH OR MORE: 10
MAX 90 OR ABOVE: 2 0.10 INCH OR MORE: 8
MIN 32 OR BELOW: 0 0.50 INCH OR MORE: 4
MIN 0 OR BELOW: 0 1.00 INCH OR MORE: 1
[HDD (BASE 65) ]
TOTAL THIS MO. 21 CLEAR (SCALE 0-3) 10
DPTR FM NORMAL -48 PTCLDY (SCALE 4-7) 16
TOTAL FM JUL 1 56 CLOUDY (SCALE 8-10) 5
DPTR FM NORMAL -57
[CDD (BASE 65) ]
TOTAL THIS MO. 201
DPTR FM NORMAL 135 [PRESSURE DATA]
TOTAL FM JAN 1 456 HIGHEST SLP M ON M
DPTR FM NORMAL 249 LOWEST SLP 29.75 ON 31
[REMARKS]
#FINAL-08-21#