000
CXUS51 KBTV 010800
CF6MPV
PRELIMINARY LOCAL CLIMATOLOGICAL DATA (WS FORM: F-6)
STATION: MONTPELIER VT
MONTH: JANUARY
YEAR: 2024
LATITUDE: 44 12 N
LONGITUDE: 72 34 W
TEMPERATURE IN F: :PCPN: SNOW: WIND :SUNSHINE: SKY :PK WND
================================================================================
1 2 3 4 5 6A 6B 7 8 9 10 11 12 13 14 15 16 17 18
12Z AVG MX 2MIN
DY MAX MIN AVG DEP HDD CDD WTR SNW DPTH SPD SPD DIR MIN PSBL S-S WX SPD DR
================================================================================
1 22 19 21 2 44 0 T M M 6.9 13 310 M M 10 18 340
2 33 14 24 6 41 0 0.00 M M 1.2 12 320 M M 2 17 340
3 35 21 28 10 37 0 0.00 M M 2.3 9 200 M M 10 12 200
4 34 11 23 5 42 0 0.01 M M 9.9 24 300 M M 9 1 32 300
5 27 8 18 0 47 0 0.00 M M 4.7 16 320 M M 7 21 320
6 27 20 24 6 41 0 0.04 M M 4.5 21 150 M M 10 1 28 150
7 23 21 22 5 43 0 0.62 M M 1.3 10 300 M M 10 12 14 310
8 27 19 23 6 42 0 T M M 7.1 17 300 M M 10 18 24 310
9 34 15 25 8 40 0 0.31 M M 6.0 18 140 M M 8 12 25 130
10 43 34 39 22 26 0 0.72 M M 9.8 23 160 M M 9 18 32 170
11 35 28 32 15 33 0 0.02 M M 4.8 14 280 M M 10 18 22 270
12 34 20 27 10 38 0 0.01 M M 3.9 23 160 M M 6 1 29 170
13 39 30 35 19 30 0 0.45 M M 10.4 26 160 M M 10 1 38 160
14 30 20 25 9 40 0 0.01 M M 11.4 26 240 M M 9 128 35 250
15 M 11 M M M M T M M 6.9 13 230 M M 4 24 230
16 17 7 12 -4 53 0 0.26 M M 2.7 15 310 M M 10 128 19 330
17 18 10 14 -2 51 0 0.01 M M 8.1 17 260 M M 9 18 24 290
18 22 11 17 1 48 0 T M M 5.5 13 190 M M 9 8 20 220
19 15 1 8 -8 57 0 T M M 4.2 13 330 M M 7 18 17 340
20 8 1 5 -11 60 0 T M M 8.3 15 320 M M 9 18 19 310
21 13 -3 5 -11 60 0 T M M 9.2 17 330 M M 4 8 27 300
22 33 -5 14 -2 51 0 T M M 2.7 15 200 M M 6 8 24 210
23 32 24 28 12 37 0 T T M 6.0 17 310 M M 9 26 300
24 34 24 29 13 36 0 0.23 M M 5.6 13 170 M M 10 168 21 180
25 37 32 35 19 30 0 0.06 M M 0.4 6 170 M M 10 12 9 180
26 35 32 34 18 31 0 0.48 M M 5.0 16 180 M M 10 12 21 190
27 37 30 34 18 31 0 0.01 M M 1.5 8 310 M M 10 12 13 290
28 34 30 32 16 33 0 0.22 M M 1.4 8 360 M M 10 12 10 350
29 30 24 27 11 38 0 T M M 9.1 16 360 M M 10 1 22 350
30 27 23 25 9 40 0 0.00 M M 4.6 12 170 M M 10 8 15 160
31 32 24 28 12 37 0 T M M 3.2 9 190 M M 10 11 170
================================================================================
SM 867 556 1237 0 3.46 T 168.6 M 267
================================================================================
AV 28.9 17.9 5.4 FASTST M M 9 MAX(MPH)
MISC ----> # 26 160 38 160
================================================================================
NOTES:
# LAST OF SEVERAL OCCURRENCES
COLUMN 17 PEAK WIND IN M.P.H.
PRELIMINARY LOCAL CLIMATOLOGICAL DATA (WS FORM: F-6) , PAGE 2
STATION: MONTPELIER VT
MONTH: JANUARY
YEAR: 2024
LATITUDE: 44 12 N
LONGITUDE: 72 34 W
[TEMPERATURE DATA] [PRECIPITATION DATA] SYMBOLS USED IN COLUMN 16
AVERAGE MONTHLY: 23.4 TOTAL FOR MONTH: 3.46 1 = FOG OR MIST
DPTR FM NORMAL: 6.8 DPTR FM NORMAL: 1.14 2 = FOG REDUCING VISIBILITY
HIGHEST: 43 ON 10 GRTST 24HR 1.05 ON 9-10 TO 1/4 MILE OR LESS
LOWEST: -5 ON 22 3 = THUNDER
SNOW, ICE PELLETS, HAIL 4 = ICE PELLETS
TOTAL MONTH: T 5 = HAIL
GRTST 24HR T ON 23-23 6 = FREEZING RAIN OR DRIZZLE
GRTST DEPTH: M ON M 7 = DUSTSTORM OR SANDSTORM:
VSBY 1/2 MILE OR LESS
8 = SMOKE OR HAZE
[NO. OF DAYS WITH] [WEATHER - DAYS WITH] 9 = BLOWING SNOW
X = TORNADO
MAX 32 OR BELOW: 16 0.01 INCH OR MORE: 16
MAX 90 OR ABOVE: 0 0.10 INCH OR MORE: 8
MIN 32 OR BELOW: 30 0.50 INCH OR MORE: 2
MIN 0 OR BELOW: 2 1.00 INCH OR MORE: 0
[HDD (BASE 65) ]
TOTAL THIS MO. 1237 CLEAR (SCALE 0-3) 1
DPTR FM NORMAL -263 PTCLDY (SCALE 4-7) 7
TOTAL FM JUL 1 3913 CLOUDY (SCALE 8-10) 23
DPTR FM NORMAL -764
[CDD (BASE 65) ]
TOTAL THIS MO. 0
DPTR FM NORMAL 0 [PRESSURE DATA]
TOTAL FM JAN 1 0 HIGHEST SLP 30.62 ON 23
DPTR FM NORMAL 0 LOWEST SLP 28.98 ON 10
[REMARKS]
#FINAL-01-24#