000
CXUS53 KMQT 011000
CF6MQT
PRELIMINARY LOCAL CLIMATOLOGICAL DATA (WS FORM: F-6)
STATION: MARQUETTE MI
MONTH: JANUARY
YEAR: 2023
LATITUDE: 46 31 N
LONGITUDE: 87 33 W
TEMPERATURE IN F: :PCPN: SNOW: WIND :SUNSHINE: SKY :PK WND
================================================================================
1 2 3 4 5 6A 6B 7 8 9 10 11 12 13 14 15 16 17 18
12Z AVG MX 2MIN
DY MAX MIN AVG DEP HDD CDD WTR SNW DPTH SPD SPD DIR MIN PSBL S-S WX SPD DR
================================================================================
1 33 27 30 14 35 0 0.01 0.1 10 M M M M M M 20 270
2 30 27 29 13 36 0 T T 10 M M M M M M 17 315
3 31 26 29 13 36 0 0.64 6.6 10 M M M M M M 126 16 45
4 32 27 30 14 35 0 1.25 6.4 18 M M M M M M 126 18 45
5 28 23 26 10 39 0 0.21 2.6 24 M M M M M M 6 M M
6 24 14 19 3 46 0 T T 23 M M M M M M M M
7 22 15 19 4 46 0 T T 22 M M M M M M M M
8 28 12 20 5 45 0 0.00 0.0 21 M M M M M M M M
9 26 19 23 8 42 0 T T 21 M M M M M M M M
10 29 24 27 12 38 0 T T 21 M M M M M M 6 M M
11 33 29 31 16 34 0 0.06 0.4 20 M M M M M M 6 M M
12 32 21 27 12 38 0 0.10 0.8 20 M M M M M M 6 30 45
13 22 16 19 5 46 0 0.09 0.8 20 M M M M M M 6 21 360
14 24 13 19 5 46 0 T T 20 M M M M M M 28 180
15 35 23 29 15 36 0 T T 20 M M M M M M 33 180
16 33 31 32 18 33 0 0.19 T 20 M M M M M M 12 26 180
17 33 27 30 16 35 0 0.20 1.7 19 M M M M M M 126 25 315
18 29 25 27 13 38 0 0.02 0.3 20 M M M M M M 26 315
19 28 24 26 12 39 0 1.50 13.6 19 M M M M M M 24 90
20 25 17 21 7 44 0 0.03 0.3 27 M M M M M M 25 360
21 22 15 19 5 46 0 T T 27 M M M M M M 14 225
22 24 16 20 6 45 0 T 0.0 26 M M M M M M 6 10 315
23 28 18 23 10 42 0 0.03 1.0 26 M M M M M M 23 225
24 26 21 24 11 41 0 0.03 0.6 26 M M M M M M 10 270
25 29 19 24 11 41 0 T 0.1 26 M M M M M M 15 360
26 27 -2 13 0 52 0 0.09 1.8 26 M M M M M M 22 315
27 22 8 15 2 50 0 0.10 3.0 26 M M M M M M 33 180
28 15 4 10 -3 55 0 0.01 0.3 27 M M M M M M 25 270
29 12 -2 5 -8 60 0 T T 27 M M M M M M 16 270
30 5 -6 0 -13 65 0 T 0.1 26 M M M M M M 24 270
31 11 -11 0 -13 65 0 0.00 0.0 26 M M M M M M 23 270
================================================================================
SM 798 520 1349 0 4.56 40.5 M M M
================================================================================
AV 25.7 16.8 M FASTST M M M MAX(MPH)
MISC ----> M M # 33 180
================================================================================
NOTES:
# LAST OF SEVERAL OCCURRENCES
COLUMN 17 PEAK WIND IN M.P.H.
PRELIMINARY LOCAL CLIMATOLOGICAL DATA (WS FORM: F-6) , PAGE 2
STATION: MARQUETTE MI
MONTH: JANUARY
YEAR: 2023
LATITUDE: 46 31 N
LONGITUDE: 87 33 W
[TEMPERATURE DATA] [PRECIPITATION DATA] SYMBOLS USED IN COLUMN 16
AVERAGE MONTHLY: 21.3 TOTAL FOR MONTH: 4.56 1 = FOG OR MIST
DPTR FM NORMAL: 7.0 DPTR FM NORMAL: 2.23 2 = FOG REDUCING VISIBILITY
HIGHEST: 35 ON 15 GRTST 24HR 1.50 ON 19-19 TO 1/4 MILE OR LESS
LOWEST: -11 ON 31 3 = THUNDER
SNOW, ICE PELLETS, HAIL 4 = ICE PELLETS
TOTAL MONTH: 40.5 INCHES 5 = HAIL
GRTST 24HR 13.6 ON 19-19 6 = FREEZING RAIN OR DRIZZLE
GRTST DEPTH: 27 ON 29,28 7 = DUSTSTORM OR SANDSTORM:
VSBY 1/2 MILE OR LESS
8 = SMOKE OR HAZE
[NO. OF DAYS WITH] [WEATHER - DAYS WITH] 9 = BLOWING SNOW
X = TORNADO
MAX 32 OR BELOW: 26 0.01 INCH OR MORE: 17
MAX 90 OR ABOVE: 0 0.10 INCH OR MORE: 8
MIN 32 OR BELOW: 31 0.50 INCH OR MORE: 3
MIN 0 OR BELOW: 4 1.00 INCH OR MORE: 2
[HDD (BASE 65) ]
TOTAL THIS MO. 1349 CLEAR (SCALE 0-3) 0
DPTR FM NORMAL -221 PTCLDY (SCALE 4-7) 0
TOTAL FM JUL 1 4567 CLOUDY (SCALE 8-10) 31
DPTR FM NORMAL -561
[CDD (BASE 65) ]
TOTAL THIS MO. 0
DPTR FM NORMAL 0 [PRESSURE DATA]
TOTAL FM JAN 1 0 HIGHEST SLP M ON M
DPTR FM NORMAL 0 LOWEST SLP M ON M
[REMARKS]
#FINAL-01-23#