866
CXUS53 KMQT 060515
CF6MQT
PRELIMINARY LOCAL CLIMATOLOGICAL DATA (WS FORM: F-6)
STATION: MARQUETTE MI
MONTH: OCTOBER
YEAR: 2020
LATITUDE: 46 31 N
LONGITUDE: 87 33 W
TEMPERATURE IN F: :PCPN: SNOW: WIND :SUNSHINE: SKY :PK WND
================================================================================
1 2 3 4 5 6A 6B 7 8 9 10 11 12 13 14 15 16 17 18
12Z AVG MX 2MIN
DY MAX MIN AVG DEP HDD CDD WTR SNW DPTH SPD SPD DIR MIN PSBL S-S WX SPD DR
================================================================================
1 45 34 40 -9 25 0 0.52 T 0 M M M M M M 24 315
2 43 33 38 -11 27 0 0.24 0.6 0 M M M M M M 16 315
3 44 34 39 -9 26 0 0.01 T 0 M M M M M M 10 45
4 45 31 38 -10 27 0 0.05 0.2 0 M M M M M M 14 360
5 60 35 48 0 17 0 T 0.0 0 M M M M M M 35 180
6 64 44 54 7 11 0 0.13 0.0 0 M M M M M M 26 225
7 54 41 48 1 17 0 0.04 0.0 0 M M M M M M 24 315
8 57 36 47 1 18 0 T 0.0 0 M M M M M M 24 270
9 74 42 58 12 7 0 T 0.0 0 M M M M M M 33 180
10 61 37 49 3 16 0 0.00 0.0 0 M M M M M M 26 315
11 56 29 43 -2 22 0 0.00 0.0 0 M M M M M M 26 180
12 56 40 48 3 17 0 1.27 0.0 0 M M M M M M 13 29 180
13 59 32 46 2 19 0 T 0.0 0 M M M M M M 33 270
14 48 31 40 -4 25 0 0.31 0.0 0 M M M M M M 25 180
15 46 28 37 -7 28 0 0.03 T 0 M M M M M M 33 270
16 42 26 34 -9 31 0 0.04 0.4 0 M M M M M M 26 270
17 40 23 32 -11 33 0 0.39 1.6 T M M M M M M 19 225
18 39 28 34 -8 31 0 T T 0 M M M M M M 24 270
19 36 24 30 -12 35 0 0.00 0.0 0 M M M M M M 16 270
20 41 23 32 -10 33 0 0.32 3.6 0 M M M M M M 15 180
21 38 31 35 -6 30 0 0.08 0.8 4 M M M M M M 26 270
22 38 30 34 -7 31 0 0.78 0.7 1 M M M M M M 4 21 90
23 36 29 33 -7 32 0 0.98 2.8 T M M M M M M 4 26 0
24 31 25 28 -12 37 0 T 0.2 2 M M M M M M 21 225
25 31 27 29 -11 36 0 0.74 8.3 10 M M M M M M 15 45
26 32 17 25 -14 40 0 0.08 2.0 10 M M M M M M 21 315
27 33 12 23 -16 42 0 0.00 0.0 8 M M M M M M 16 180
28 39 29 34 -4 31 0 0.10 0.3 6 M M M M M M 25 270
29 33 25 29 -9 36 0 0.12 0.6 4 M M M M M M 6 16 360
30 35 24 30 -8 35 0 T T 3 M M M M M M 15 270
31 46 25 36 -1 29 0 T 0.0 3 M M M M M M 43 180
================================================================================
SM 1402 925 844 0 6.23 22.1 M M M
================================================================================
AV 45.2 29.8 M FASTST M M 0 MAX(MPH)
MISC ----> M M # 43 180
================================================================================
NOTES:
# LAST OF SEVERAL OCCURRENCES
COLUMN 17 PEAK WIND IN M.P.H.
PRELIMINARY LOCAL CLIMATOLOGICAL DATA (WS FORM: F-6) , PAGE 2
STATION: MARQUETTE MI
MONTH: OCTOBER
YEAR: 2020
LATITUDE: 46 31 N
LONGITUDE: 87 33 W
[TEMPERATURE DATA] [PRECIPITATION DATA] SYMBOLS USED IN COLUMN 16
AVERAGE MONTHLY: 37.5 TOTAL FOR MONTH: 6.23 1 = FOG OR MIST
DPTR FM NORMAL: -5.7 DPTR FM NORMAL: 2.39 2 = FOG REDUCING VISIBILITY
HIGHEST: 74 ON 9 GRTST 24HR 1.27 ON 12-12 TO 1/4 MILE OR LESS
LOWEST: 12 ON 27 3 = THUNDER
SNOW, ICE PELLETS, HAIL 4 = ICE PELLETS
TOTAL MONTH: 22.1 INCHES 5 = HAIL
GRTST 24HR 8.3 ON 25-25 6 = FREEZING RAIN OR DRIZZLE
GRTST DEPTH: 10 ON 25,26 7 = DUSTSTORM OR SANDSTORM:
VSBY 1/2 MILE OR LESS
8 = SMOKE OR HAZE
[NO. OF DAYS WITH] [WEATHER - DAYS WITH] 9 = BLOWING SNOW
X = TORNADO
MAX 32 OR BELOW: 3 0.01 INCH OR MORE: 19
MAX 90 OR ABOVE: 0 0.10 INCH OR MORE: 12
MIN 32 OR BELOW: 21 0.50 INCH OR MORE: 5
MIN 0 OR BELOW: 0 1.00 INCH OR MORE: 1
[HDD (BASE 65) ]
TOTAL THIS MO. 844 CLEAR (SCALE 0-3) 0
DPTR FM NORMAL 165 PTCLDY (SCALE 4-7) 0
TOTAL FM JUL 1 1287 CLOUDY (SCALE 8-10) 0
DPTR FM NORMAL 126
[CDD (BASE 65) ]
TOTAL THIS MO. 0
DPTR FM NORMAL -1 [PRESSURE DATA]
TOTAL FM JAN 1 318 HIGHEST SLP M ON M
DPTR FM NORMAL 76 LOWEST SLP M ON M
[REMARKS]
#FINAL-10-20#