000
CXUS56 KMTR 010900
CF6MRY
PRELIMINARY LOCAL CLIMATOLOGICAL DATA (WS FORM: F-6)
STATION: MONTEREY AIRPORT
MONTH: OCTOBER
YEAR: 2021
LATITUDE: 36 34 N
LONGITUDE: 121 51 W
TEMPERATURE IN F: :PCPN: SNOW: WIND :SUNSHINE: SKY :PK WND
================================================================================
1 2 3 4 5 6A 6B 7 8 9 10 11 12 13 14 15 16 17 18
12Z AVG MX 2MIN
DY MAX MIN AVG DEP HDD CDD WTR SNW DPTH SPD SPD DIR MIN PSBL S-S WX SPD DR
================================================================================
1 79 50 65 3 0 0 0.00 M M 3.6 10 110 M M 0 18 12 110
2 70 49 60 -2 5 0 0.00 M M 2.5 9 320 M M 3 128 12 350
3 84 49 67 5 0 2 0.00 M M 2.1 9 350 M M 1 128 11 20
4 78 55 67 5 0 2 0.00 M M 3.4 10 240 M M 1 8 12 250
5 70 55 63 2 2 0 0.00 M M 5.1 14 260 M M 6 18 19 330
6 65 56 61 0 4 0 0.00 M M 5.2 13 290 M M 3 16 280
7 65 55 60 -1 5 0 0.00 M M 6.9 15 260 M M 7 20 270
8 65 52 59 -2 6 0 0.00 M M 7.1 20 260 M M 4 25 270
9 73 51 62 1 3 0 0.00 M M 6.6 17 300 M M 3 22 300
10 66 48 57 -4 8 0 0.00 M M 6.0 14 250 M M 1 18 250
11 61 53 57 -4 8 0 0.00 M M 13.3 28 280 M M 2 8 37 280
12 64 51 58 -3 7 0 0.00 M M 7.4 17 320 M M 0 24 320
13 66 46 56 -5 9 0 0.00 M M 5.3 13 290 M M 4 16 300
14 70 48 59 -2 6 0 0.00 M M 4.2 10 270 M M 0 13 280
15 88 50 69 8 0 4 0.00 M M 4.9 12 300 M M 0 14 310
16 88 53 71 11 0 6 0.00 M M 6.3 17 220 M M 0 21 220
17 71 51 61 1 4 0 0.20 M M 8.5 25 220 M M 3 1 33 210
18 63 49 56 -4 9 0 T M M 6.1 12 290 M M 2 16 280
19 67 46 57 -3 8 0 0.00 M M 6.2 18 210 M M 1 24 200
20 65 56 61 1 4 0 0.01 M M 2.8 8 320 M M 10 10 310
21 72 58 65 5 0 0 0.01 M M 6.0 21 230 M M 6 1 26 230
22 65 56 61 1 4 0 0.10 M M 5.4 18 260 M M 7 1 23 250
23 66 52 59 -1 6 0 0.00 M M 3.4 10 330 M M 4 13 320
24 69 58 64 5 1 0 0.89 M M 14.4 26 180 M M 10 18 43 170
25 64 51 58 -1 7 0 1.13 M M 8.0 18 250 M M 6 1 24 250
26 66 50 58 -1 7 0 0.00 M M 4.9 9 100 M M 2 10 120
27 71 51 61 2 4 0 0.00 M M 4.3 12 100 M M 0 8 14 290
28 82 57 70 11 0 5 0.00 M M 4.9 12 50 M M 0 15 40
29 67 54 61 2 4 0 0.00 M M 3.1 10 320 M M 2 18 14 250
30 65 54 60 2 5 0 0.00 M M 4.2 12 250 M M 7 18 15 240
31 65 52 59 1 6 0 0.00 M M 3.8 12 320 M M 5 15 330
================================================================================
SM 2170 1616 132 19 2.34 M 175.9 M 100
================================================================================
AV 70.0 52.1 5.7 FASTST M M 3 MAX(MPH)
MISC ----> 28 280 43 170
================================================================================
NOTES:
# LAST OF SEVERAL OCCURRENCES
COLUMN 17 PEAK WIND IN M.P.H.
PRELIMINARY LOCAL CLIMATOLOGICAL DATA (WS FORM: F-6) , PAGE 2
STATION: MONTEREY AIRPORT
MONTH: OCTOBER
YEAR: 2021
LATITUDE: 36 34 N
LONGITUDE: 121 51 W
[TEMPERATURE DATA] [PRECIPITATION DATA] SYMBOLS USED IN COLUMN 16
AVERAGE MONTHLY: 61.1 TOTAL FOR MONTH: 2.34 1 = FOG OR MIST
DPTR FM NORMAL: 0.8 DPTR FM NORMAL: 1.48 2 = FOG REDUCING VISIBILITY
HIGHEST: 88 ON 16,15 GRTST 24HR 2.02 ON 24-25 TO 1/4 MILE OR LESS
LOWEST: 46 ON 19,13 3 = THUNDER
SNOW, ICE PELLETS, HAIL 4 = ICE PELLETS
TOTAL MONTH: M 5 = HAIL
GRTST 24HR M ON M 6 = FREEZING RAIN OR DRIZZLE
GRTST DEPTH: M ON M 7 = DUSTSTORM OR SANDSTORM:
VSBY 1/2 MILE OR LESS
8 = SMOKE OR HAZE
[NO. OF DAYS WITH] [WEATHER - DAYS WITH] 9 = BLOWING SNOW
X = TORNADO
MAX 32 OR BELOW: 0 0.01 INCH OR MORE: 6
MAX 90 OR ABOVE: 0 0.10 INCH OR MORE: 4
MIN 32 OR BELOW: 0 0.50 INCH OR MORE: 2
MIN 0 OR BELOW: 0 1.00 INCH OR MORE: 1
[HDD (BASE 65) ]
TOTAL THIS MO. 132 CLEAR (SCALE 0-3) 17
DPTR FM NORMAL -31 PTCLDY (SCALE 4-7) 12
TOTAL FM JUL 1 233 CLOUDY (SCALE 8-10) 2
DPTR FM NORMAL -239
[CDD (BASE 65) ]
TOTAL THIS MO. 19
DPTR FM NORMAL 2 [PRESSURE DATA]
TOTAL FM JAN 1 113 HIGHEST SLP M ON M
DPTR FM NORMAL 40 LOWEST SLP 29.66 ON 24
[REMARKS]
#FINAL-10-21#