000
CXUS53 KMKX 180810
CF6MSN
PRELIMINARY LOCAL CLIMATOLOGICAL DATA (WS FORM: F-6)
STATION: MADISON WI
MONTH: MARCH
YEAR: 2024
LATITUDE: 43 7 N
LONGITUDE: 89 20 W
TEMPERATURE IN F: :PCPN: SNOW: WIND :SUNSHINE: SKY :PK WND
================================================================================
1 2 3 4 5 6A 6B 7 8 9 10 11 12 13 14 15 16 17 18
12Z AVG MX 2MIN
DY MAX MIN AVG DEP HDD CDD WTR SNW DPTH SPD SPD DIR MIN PSBL S-S WX SPD DR
================================================================================
1 48 30 39 11 26 0 0.00 0.0 0 11.9 22 190 M M 3 28 190
2 60 30 45 16 20 0 0.00 0.0 0 9.9 18 180 M M 2 1 26 190
3 73 43 58 29 7 0 0.00 0.0 0 19.3 38 170 M M 5 1 50 160
4 57 32 45 15 20 0 0.65 0.0 0 10.2 24 20 M M 7 13 32 10
5 49 31 40 10 25 0 0.01 0.0 0 11.5 18 40 M M 6 26 10
6 52 28 40 10 25 0 0.00 0.0 0 8.0 17 70 M M 1 25 60
7 54 31 43 12 22 0 0.00 0.0 0 7.3 17 110 M M 5 21 130
8 44 38 41 10 24 0 0.56 0.0 0 9.6 20 20 M M 10 1 26 30
9 39 28 34 2 31 0 0.00 0.0 0 10.3 18 340 M M 3 31 330
10 47 27 37 5 28 0 0.00 0.0 0 6.2 16 340 M M 1 23 340
11 63 28 46 14 19 0 0.00 0.0 0 7.7 15 220 M M 1 23 240
12 68 38 53 20 12 0 0.00 0.0 0 5.9 15 220 M M 5 23 250
13 67 31 49 16 16 0 0.03 0.0 0 5.5 16 130 M M 6 1 20 170
14 49 37 43 9 22 0 0.99 0.0 0 10.3 25 10 M M 8 1 35 10
15 55 29 42 8 23 0 0.00 0.0 0 5.1 12 300 M M 1 19 330
16 53 36 45 11 20 0 0.00 0.0 0 9.7 21 300 M M 6 34 280
17 37 25 31 -4 34 0 T T 0 12.6 21 320 M M 9 32 340
================================================================================
SM 915 542 374 0 2.24 T 161.0 M 79
================================================================================
AV 53.8 31.9 9.5 FASTST M M 5 MAX(MPH)
MISC ----> 38 170 50 160
================================================================================
NOTES:
# LAST OF SEVERAL OCCURRENCES
COLUMN 17 PEAK WIND IN M.P.H.
PRELIMINARY LOCAL CLIMATOLOGICAL DATA (WS FORM: F-6) , PAGE 2
STATION: MADISON WI
MONTH: MARCH
YEAR: 2024
LATITUDE: 43 7 N
LONGITUDE: 89 20 W
[TEMPERATURE DATA] [PRECIPITATION DATA] SYMBOLS USED IN COLUMN 16
AVERAGE MONTHLY: 42.9 TOTAL FOR MONTH: 2.24 1 = FOG OR MIST
DPTR FM NORMAL: 11.3 DPTR FM NORMAL: 1.15 2 = FOG REDUCING VISIBILITY
HIGHEST: 73 ON 3 GRTST 24HR 1.01 ON 13-14 TO 1/4 MILE OR LESS
LOWEST: 25 ON 17 3 = THUNDER
SNOW, ICE PELLETS, HAIL 4 = ICE PELLETS
TOTAL MONTH: T 5 = HAIL
GRTST 24HR T ON 17-17 6 = FREEZING RAIN OR DRIZZLE
GRTST DEPTH: 0 7 = DUSTSTORM OR SANDSTORM:
VSBY 1/2 MILE OR LESS
8 = SMOKE OR HAZE
[NO. OF DAYS WITH] [WEATHER - DAYS WITH] 9 = BLOWING SNOW
X = TORNADO
MAX 32 OR BELOW: 0 0.01 INCH OR MORE: 5
MAX 90 OR ABOVE: 0 0.10 INCH OR MORE: 3
MIN 32 OR BELOW: 12 0.50 INCH OR MORE: 3
MIN 0 OR BELOW: 0 1.00 INCH OR MORE: 0
[HDD (BASE 65) ]
TOTAL THIS MO. 374 CLEAR (SCALE 0-3) 6
DPTR FM NORMAL -195 PTCLDY (SCALE 4-7) 8
TOTAL FM JUL 1 4807 CLOUDY (SCALE 8-10) 3
DPTR FM NORMAL -1089
[CDD (BASE 65) ]
TOTAL THIS MO. 0
DPTR FM NORMAL 0 [PRESSURE DATA]
TOTAL FM JAN 1 0 HIGHEST SLP M ON M
DPTR FM NORMAL 0 LOWEST SLP 29.53 ON 3
[REMARKS]