000
CXUS53 KMKX 011808 CCA
CF6MSN
PRELIMINARY LOCAL CLIMATOLOGICAL DATA (WS FORM: F-6)
STATION: MADISON WI
MONTH: JULY
YEAR: 2022
LATITUDE: 43 7 N
LONGITUDE: 89 20 W
TEMPERATURE IN F: :PCPN: SNOW: WIND :SUNSHINE: SKY :PK WND
================================================================================
1 2 3 4 5 6A 6B 7 8 9 10 11 12 13 14 15 16 17 18
12Z AVG MX 2MIN
DY MAX MIN AVG DEP HDD CDD WTR SNW DPTH SPD SPD DIR MIN PSBL S-S WX SPD DR
================================================================================
1 80 65 73 2 0 8 0.00 0.0 0 5.6 13 20 M M 5 19 340
2 84 55 70 -2 0 5 T 0.0 0 3.7 15 320 M M 6 1 24 310
3 87 59 73 1 0 8 0.00 0.0 0 4.6 16 180 M M 4 12 21 180
4 80 64 72 0 0 7 0.77 0.0 0 7.2 16 170 M M 7 13 24 170
5 89 69 79 7 0 14 1.91 0.0 0 5.0 17 160 M M 8 13 28 190
6 81 68 75 3 0 10 0.01 0.0 0 6.7 17 170 M M 8 22 110
7 85 63 74 2 0 9 0.00 0.0 0 4.4 14 160 M M 4 17 170
8 80 62 71 -1 0 6 0.04 0.0 0 8.0 18 40 M M 5 1 24 30
9 79 58 69 -3 0 4 0.00 0.0 0 5.3 13 70 M M 4 16 50
10 81 53 67 -5 0 2 0.10 0.0 0 5.3 15 180 M M 4 3 22 170
11 87 67 77 5 0 12 T 0.0 0 6.7 15 300 M M 5 28 280
12 83 64 74 2 0 9 T 0.0 0 7.2 18 320 M M 3 28 330
13 79 62 71 -1 0 6 T 0.0 0 5.1 14 10 M M 4 20 40
14 80 55 68 -4 0 3 0.00 0.0 0 5.1 13 140 M M 3 1 18 120
15 75 61 68 -4 0 3 0.55 0.0 0 5.5 23 160 M M 8 13 27 160
16 81 61 71 -1 0 6 T 0.0 0 6.1 15 40 M M 8 12 19 40
17 86 63 75 3 0 10 0.00 0.0 0 4.7 13 50 M M 5 1 18 60
18 88 61 75 3 0 10 0.00 0.0 0 3.5 10 300 M M 2 1 18 230
19 87 73 80 8 0 15 0.00 0.0 0 10.4 22 190 M M 5 32 180
20 83 71 77 5 0 12 0.00 0.0 0 7.4 17 290 M M 4 30 300
21 89 67 78 6 0 13 0.00 0.0 0 5.2 13 300 M M 4 22 250
22 88 60 74 2 0 9 0.00 0.0 0 5.4 17 190 M M 4 29 190
23 90 71 81 9 0 16 1.25 0.0 0 6.4 25 340 M M 5 135 39 360
24 83 64 74 2 0 9 0.48 0.0 0 6.5 17 190 M M 5 138 38 230
25 77 58 68 -4 0 3 0.00 0.0 0 4.2 12 350 M M 4 17 360
26 81 60 71 -1 0 6 0.00 0.0 0 4.5 13 170 M M 5 16 210
27 82 68 75 3 0 10 0.28 0.0 0 6.3 16 280 M M 5 1 28 280
28 78 64 71 -1 0 6 0.03 0.0 0 5.9 16 310 M M 5 29 320
29 79 59 69 -3 0 4 0.00 0.0 0 4.9 13 320 M M 3 19 320
30 82 56 69 -3 0 4 0.00 0.0 0 2.6 9 220 M M 3 15 200
31 82 61 72 1 0 7 0.00 0.0 0 7.8 18 180 M M 4 25 160
================================================================================
SM 2566 1942 0 246 5.42 0.0 177.2 M 149
================================================================================
AV 82.8 62.6 5.7 FASTST M M 5 MAX(MPH)
MISC ----> 25 340 39 360
================================================================================
NOTES:
# LAST OF SEVERAL OCCURRENCES
COLUMN 17 PEAK WIND IN M.P.H.
PRELIMINARY LOCAL CLIMATOLOGICAL DATA (WS FORM: F-6) , PAGE 2
STATION: MADISON WI
MONTH: JULY
YEAR: 2022
LATITUDE: 43 7 N
LONGITUDE: 89 20 W
[TEMPERATURE DATA] [PRECIPITATION DATA] SYMBOLS USED IN COLUMN 16
AVERAGE MONTHLY: 72.7 TOTAL FOR MONTH: 5.42 1 = FOG OR MIST
DPTR FM NORMAL: 0.8 DPTR FM NORMAL: 0.91 2 = FOG REDUCING VISIBILITY
HIGHEST: 90 ON 23 GRTST 24HR 1.92 ON 5- 6 TO 1/4 MILE OR LESS
LOWEST: 53 ON 10 3 = THUNDER
SNOW, ICE PELLETS, HAIL 4 = ICE PELLETS
TOTAL MONTH: 0.0 INCH 5 = HAIL
GRTST 24HR 0.0 6 = FREEZING RAIN OR DRIZZLE
GRTST DEPTH: 0 7 = DUSTSTORM OR SANDSTORM:
VSBY 1/2 MILE OR LESS
8 = SMOKE OR HAZE
[NO. OF DAYS WITH] [WEATHER - DAYS WITH] 9 = BLOWING SNOW
X = TORNADO
MAX 32 OR BELOW: 0 0.01 INCH OR MORE: 10
MAX 90 OR ABOVE: 1 0.10 INCH OR MORE: 7
MIN 32 OR BELOW: 0 0.50 INCH OR MORE: 4
MIN 0 OR BELOW: 0 1.00 INCH OR MORE: 2
[HDD (BASE 65) ]
TOTAL THIS MO. 0 CLEAR (SCALE 0-3) 5
DPTR FM NORMAL -9 PTCLDY (SCALE 4-7) 22
TOTAL FM JUL 1 0 CLOUDY (SCALE 8-10) 4
DPTR FM NORMAL 0
[CDD (BASE 65) ]
TOTAL THIS MO. 246
DPTR FM NORMAL 25 [PRESSURE DATA]
TOTAL FM JAN 1 523 HIGHEST SLP M ON M
DPTR FM NORMAL 126 LOWEST SLP 29.53 ON 20
[REMARKS]
#FINAL-07-22#