402
CXUS53 KMKX 012035
CF6MSN
PRELIMINARY LOCAL CLIMATOLOGICAL DATA (WS FORM: F-6)
STATION: MADISON WI
MONTH: JANUARY
YEAR: 2021
LATITUDE: 43 7 N
LONGITUDE: 89 20 W
TEMPERATURE IN F: :PCPN: SNOW: WIND :SUNSHINE: SKY :PK WND
================================================================================
1 2 3 4 5 6A 6B 7 8 9 10 11 12 13 14 15 16 17 18
12Z AVG MX 2MIN
DY MAX MIN AVG DEP HDD CDD WTR SNW DPTH SPD SPD DIR MIN PSBL S-S WX SPD DR
================================================================================
1 26 16 21 2 44 0 0.02 0.6 7 8.3 17 20 M M 10 1 23 350
2 24 17 21 2 44 0 T T 7 2.0 14 340 M M 10 12 19 350
3 23 20 22 3 43 0 T T 7 3.5 9 200 M M 10 12 15 210
4 29 20 25 6 40 0 0.02 0.5 6 5.8 14 160 M M 10 1 17 160
5 33 15 24 5 41 0 0.00 0.0 7 2.1 8 290 M M 5 12 13 290
6 29 16 23 4 42 0 T T 6 4.2 9 120 M M 10 12 12 130
7 29 21 25 6 40 0 T T 6 7.6 12 340 M M 10 12 16 10
8 28 25 27 8 38 0 0.00 0.0 6 6.2 12 10 M M 10 15 360
9 30 15 23 4 42 0 0.00 0.0 6 3.9 9 300 M M 9 13 340
10 24 18 21 2 44 0 T T 6 4.4 10 350 M M 10 1 13 350
11 31 18 25 7 40 0 0.00 0.0 6 7.3 16 200 M M 8 1 27 220
12 35 18 27 9 38 0 0.00 0.0 6 3.3 8 210 M M 4 18 13 270
13 39 27 33 15 32 0 0.00 0.0 6 3.0 9 170 M M 7 1 11 220
14 35 25 30 12 35 0 0.21 1.1 5 8.1 15 160 M M 8 14 19 150
15 35 32 34 16 31 0 0.08 1.1 6 7.2 15 160 M M 10 16 20 150
16 35 30 33 15 32 0 0.04 0.3 6 7.4 13 340 M M 10 1 19 350
17 30 27 29 11 36 0 0.02 0.5 5 4.1 12 350 M M 10 1 16 350
18 28 18 23 5 42 0 T T 5 4.5 12 320 M M 9 19 310
19 27 11 19 1 46 0 0.06 1.8 5 5.4 18 320 M M 10 1 29 340
20 34 5 20 2 45 0 T T 7 8.4 23 190 M M 7 9 37 180
21 39 18 29 11 36 0 0.00 0.0 6 9.6 21 320 M M 2 34 280
22 18 4 11 -7 54 0 0.00 0.0 5 7.6 16 330 M M 0 26 350
23 22 0 11 -8 54 0 0.01 0.1 5 4.8 13 170 M M 5 1 16 160
24 29 7 18 -1 47 0 0.12 1.5 7 5.3 16 170 M M 8 12 20 160
25 21 4 13 -6 52 0 0.03 0.3 7 10.8 23 30 M M 7 1 32 40
26 25 7 16 -3 49 0 0.24 4.8 9 13.8 25 20 M M 9 19 36 10
27 20 -2 9 -10 56 0 0.00 0.0 10 5.0 13 20 M M 2 18 17 340
28 20 -7 7 -12 58 0 0.00 0.0 10 1.2 6 160 M M 5 9 320
29 26 2 14 -5 51 0 0.00 0.0 10 7.0 16 130 M M 6 8 22 130
30 32 25 29 10 36 0 0.29 2.8 10 16.1 24 80 M M 8 16 31 80
31 30 22 26 6 39 0 0.13 1.6 10 12.7 20 80 M M 10 1 25 80
================================================================================
SM 886 474 1327 0 1.27 17.0 200.6 M 239
================================================================================
AV 28.6 15.3 6.5 FASTST M M 8 MAX(MPH)
MISC ----> 25 20 37 180
================================================================================
NOTES:
# LAST OF SEVERAL OCCURRENCES
COLUMN 17 PEAK WIND IN M.P.H.
PRELIMINARY LOCAL CLIMATOLOGICAL DATA (WS FORM: F-6) , PAGE 2
STATION: MADISON WI
MONTH: JANUARY
YEAR: 2021
LATITUDE: 43 7 N
LONGITUDE: 89 20 W
[TEMPERATURE DATA] [PRECIPITATION DATA] SYMBOLS USED IN COLUMN 16
AVERAGE MONTHLY: 21.9 TOTAL FOR MONTH: 1.27 1 = FOG OR MIST
DPTR FM NORMAL: 3.1 DPTR FM NORMAL: 0.04 2 = FOG REDUCING VISIBILITY
HIGHEST: 39 ON 21,13 GRTST 24HR 0.39 ON 31- 1 TO 1/4 MILE OR LESS
LOWEST: -7 ON 28 3 = THUNDER
SNOW, ICE PELLETS, HAIL 4 = ICE PELLETS
TOTAL MONTH: 17.0 INCHES 5 = HAIL
GRTST 24HR 4.8 ON 26-26 6 = FREEZING RAIN OR DRIZZLE
GRTST DEPTH: 10 ON 30,29 7 = DUSTSTORM OR SANDSTORM:
VSBY 1/2 MILE OR LESS
8 = SMOKE OR HAZE
[NO. OF DAYS WITH] [WEATHER - DAYS WITH] 9 = BLOWING SNOW
X = TORNADO
MAX 32 OR BELOW: 23 0.01 INCH OR MORE: 13
MAX 90 OR ABOVE: 0 0.10 INCH OR MORE: 5
MIN 32 OR BELOW: 31 0.50 INCH OR MORE: 0
MIN 0 OR BELOW: 3 1.00 INCH OR MORE: 0
[HDD (BASE 65) ]
TOTAL THIS MO. 1327 CLEAR (SCALE 0-3) 3
DPTR FM NORMAL -107 PTCLDY (SCALE 4-7) 11
TOTAL FM JUL 1 3986 CLOUDY (SCALE 8-10) 17
DPTR FM NORMAL -328
[CDD (BASE 65) ]
TOTAL THIS MO. 0
DPTR FM NORMAL 0 [PRESSURE DATA]
TOTAL FM JAN 1 0 HIGHEST SLP 30.73 ON 28
DPTR FM NORMAL 0 LOWEST SLP 29.33 ON 15
[REMARKS]
#FINAL-01-21#