000
CXUS53 KMKX 021727 CCA
CF6MSN
PRELIMINARY LOCAL CLIMATOLOGICAL DATA (WS FORM: F-6)
STATION: MADISON WI
MONTH: DECEMBER
YEAR: 2023
LATITUDE: 43 7 N
LONGITUDE: 89 20 W
TEMPERATURE IN F: :PCPN: SNOW: WIND :SUNSHINE: SKY :PK WND
================================================================================
1 2 3 4 5 6A 6B 7 8 9 10 11 12 13 14 15 16 17 18
12Z AVG MX 2MIN
DY MAX MIN AVG DEP HDD CDD WTR SNW DPTH SPD SPD DIR MIN PSBL S-S WX SPD DR
================================================================================
1 35 26 31 1 34 0 0.03 0.4 T 11.0 18 40 M M 8 1 24 50
2 37 30 34 4 31 0 T 0.0 1 5.9 10 80 M M 10 1 14 80
3 35 32 34 5 31 0 0.24 0.9 1 4.2 9 310 M M 10 1 14 310
4 36 32 34 5 31 0 0.00 0.0 0 3.1 10 190 M M 10 1 14 200
5 36 31 34 5 31 0 0.04 0.4 T 5.6 14 350 M M 10 1 21 330
6 38 30 34 6 31 0 0.00 0.0 0 8.7 21 200 M M 8 29 200
7 49 31 40 12 25 0 0.00 0.0 0 6.6 15 170 M M 2 17 160
8 55 37 46 18 19 0 0.00 0.0 0 7.9 16 190 M M 5 1 24 200
9 44 32 38 11 27 0 0.27 T 0 7.6 16 260 M M 10 1 28 270
10 32 24 28 1 37 0 0.00 0.0 0 7.3 16 310 M M 10 25 320
11 33 22 28 2 37 0 0.00 0.0 0 4.8 12 200 M M 6 20 190
12 34 21 28 2 37 0 0.00 0.0 0 5.9 16 300 M M 1 26 320
13 41 14 28 2 37 0 0.00 0.0 0 4.2 12 240 M M 2 19 250
14 51 30 41 15 24 0 0.00 0.0 0 4.8 10 230 M M 0 18 230
15 48 31 40 15 25 0 0.00 0.0 0 4.5 10 160 M M 5 13 160
16 45 34 40 15 25 0 0.13 0.0 0 7.0 18 150 M M 7 1 26 170
17 41 32 37 12 28 0 T T 0 5.8 15 300 M M 10 1 23 300
18 33 14 24 0 41 0 T T 0 12.3 24 330 M M 7 39 310
19 32 11 22 -2 43 0 0.00 0.0 0 7.8 18 180 M M 5 25 180
20 41 22 32 8 33 0 0.00 0.0 0 3.7 10 80 M M 2 14 80
21 39 27 33 9 32 0 T 0.0 0 5.1 12 80 M M 8 18 14 80
22 46 38 42 19 23 0 T 0.0 0 2.5 8 170 M M 10 1 9 170
23 45 40 43 20 22 0 T 0.0 0 3.5 8 110 M M 10 12 10 150
24 52 43 48 25 17 0 T 0.0 0 11.0 20 150 M M 10 12 29 140
25 54 48 51 28 14 0 0.37 0.0 0 13.0 22 100 M M 9 1 29 100
26 51 32 42 20 23 0 0.06 0.0 0 7.6 17 200 M M 10 1 22 190
27 40 29 35 13 30 0 0.00 0.0 0 6.0 15 80 M M 7 19 70
28 34 29 32 10 33 0 0.46 2.3 T 9.3 14 340 M M 9 1 21 340
29 38 23 31 9 34 0 T T 1 5.8 14 360 M M 7 1 19 20
30 37 19 28 6 37 0 0.01 0.0 T 3.2 12 330 M M 5 16 17 320
31 31 28 30 9 35 0 0.05 1.0 T 9.2 21 360 M M 10 16 28 10
================================================================================
SM 1263 892 927 0 1.66 5.0 204.9 M 223
================================================================================
AV 40.7 28.8 6.6 FASTST M M 7 MAX(MPH)
MISC ----> 24 330 39 310
================================================================================
NOTES:
# LAST OF SEVERAL OCCURRENCES
COLUMN 17 PEAK WIND IN M.P.H.
PRELIMINARY LOCAL CLIMATOLOGICAL DATA (WS FORM: F-6) , PAGE 2
STATION: MADISON WI
MONTH: DECEMBER
YEAR: 2023
LATITUDE: 43 7 N
LONGITUDE: 89 20 W
[TEMPERATURE DATA] [PRECIPITATION DATA] SYMBOLS USED IN COLUMN 16
AVERAGE MONTHLY: 34.8 TOTAL FOR MONTH: 1.66 1 = FOG OR MIST
DPTR FM NORMAL: 9.5 DPTR FM NORMAL: 0.03 2 = FOG REDUCING VISIBILITY
HIGHEST: 55 ON 8 GRTST 24HR 0.46 ON 28-28 TO 1/4 MILE OR LESS
LOWEST: 11 ON 19 3 = THUNDER
SNOW, ICE PELLETS, HAIL 4 = ICE PELLETS
TOTAL MONTH: 5.0 INCHES 5 = HAIL
GRTST 24HR 2.3 ON 28-28 6 = FREEZING RAIN OR DRIZZLE
GRTST DEPTH: 1 ON 29, 3, 2 7 = DUSTSTORM OR SANDSTORM:
VSBY 1/2 MILE OR LESS
8 = SMOKE OR HAZE
[NO. OF DAYS WITH] [WEATHER - DAYS WITH] 9 = BLOWING SNOW
X = TORNADO
MAX 32 OR BELOW: 3 0.01 INCH OR MORE: 10
MAX 90 OR ABOVE: 0 0.10 INCH OR MORE: 5
MIN 32 OR BELOW: 25 0.50 INCH OR MORE: 0
MIN 0 OR BELOW: 0 1.00 INCH OR MORE: 0
[HDD (BASE 65) ]
TOTAL THIS MO. 927 CLEAR (SCALE 0-3) 5
DPTR FM NORMAL -305 PTCLDY (SCALE 4-7) 9
TOTAL FM JUL 1 2239 CLOUDY (SCALE 8-10) 17
DPTR FM NORMAL -502
[CDD (BASE 65) ]
TOTAL THIS MO. 0
DPTR FM NORMAL 0 [PRESSURE DATA]
TOTAL FM JAN 1 780 HIGHEST SLP 30.66 ON 13
DPTR FM NORMAL 152 LOWEST SLP 29.54 ON 8
[REMARKS]
#FINAL-12-23#
2%