000
CXUS53 KMKX 011848 RRA
CF6MSN
PRELIMINARY LOCAL CLIMATOLOGICAL DATA (WS FORM: F-6)
STATION: MADISON WI
MONTH: AUGUST
YEAR: 2023
LATITUDE: 43 7 N
LONGITUDE: 89 20 W
TEMPERATURE IN F: :PCPN: SNOW: WIND :SUNSHINE: SKY :PK WND
================================================================================
1 2 3 4 5 6A 6B 7 8 9 10 11 12 13 14 15 16 17 18
12Z AVG MX 2MIN
DY MAX MIN AVG DEP HDD CDD WTR SNW DPTH SPD SPD DIR MIN PSBL S-S WX SPD DR
================================================================================
1 85 57 71 0 0 6 0.00 0.0 0 2.9 9 230 M M 5 15 220
2 83 67 75 4 0 10 0.00 0.0 0 6.8 15 150 M M 5 21 170
3 87 63 75 4 0 10 T 0.0 0 3.5 20 70 M M 5 12 23 80
4 84 66 75 4 0 10 0.00 0.0 0 7.2 15 110 M M 4 23 110
5 84 62 73 2 0 8 0.00 0.0 0 7.8 16 120 M M 5 25 30
6 79 60 70 -1 0 5 0.00 0.0 0 7.0 18 50 M M 5 1 25 90
7 81 63 72 1 0 7 0.00 0.0 0 4.9 14 10 M M 7 18 10
8 86 62 74 3 0 9 0.00 0.0 0 3.0 13 330 M M 5 18 290
9 81 58 70 -1 0 5 0.00 0.0 0 3.0 9 220 M M 6 1 15 210
10 83 62 73 2 0 8 0.00 0.0 0 2.2 12 330 M M 5 1 17 340
11 84 63 74 4 0 9 0.21 0.0 0 6.3 29 10 M M 7 13 43 350
12 83 62 73 3 0 8 0.00 0.0 0 4.7 14 290 M M 3 1 21 280
13 70 57 64 -6 1 0 0.02 0.0 0 5.5 14 120 M M 7 17 120
14 72 60 66 -4 0 1 1.99 0.0 0 11.4 25 70 M M 9 13 33 60
15 77 57 67 -3 0 2 0.00 0.0 0 6.4 14 330 M M 3 21 340
16 80 56 68 -2 0 3 0.00 0.0 0 7.9 21 190 M M 2 32 200
17 72 56 64 -6 1 0 0.20 0.0 0 9.0 18 310 M M 5 3 33 320
18 75 51 63 -7 2 0 0.00 0.0 0 3.5 10 170 M M 4 13 180
19 84 63 74 4 0 9 0.00 0.0 0 10.8 22 180 M M 5 31 180
20 91 68 80 11 0 15 0.00 0.0 0 5.6 13 110 M M 6 18 40
21 83 62 73 4 0 8 0.00 0.0 0 6.3 15 110 M M 4 18 110
22 88 61 75 6 0 10 0.00 0.0 0 6.2 17 180 M M 0 1 22 190
23 96 78 87 18 0 22 0.00 0.0 0 6.6 12 230 M M 1 18 22 230
24 95 74 85 16 0 20 T 0.0 0 5.3 16 30 M M 3 3 21 20
25 83 70 77 9 0 12 T 0.0 M 4.2 13 120 M M 7 1 17 170
26 72 56 64 -4 1 0 0.00 0.0 0 9.3 18 40 M M 7 1 23 50
27 77 55 66 -2 0 1 0.00 0.0 0 5.4 13 20 M M 6 17 10
28 80 51 66 -2 0 1 0.00 0.0 0 3.5 9 250 M M 3 15 240
29 81 58 70 2 0 5 T 0.0 0 8.0 18 360 M M 5 24 350
30 72 48 60 -7 5 0 0.00 0.0 0 6.2 13 40 M M 1 18 50
31 78 44 61 -6 4 0 0.00 0.0 0 4.8 13 120 M M 0 1 18 140
================================================================================
SM 2526 1870 14 204 2.42 0.0 185.2 M 140
================================================================================
AV 81.5 60.3 6.0 FASTST M M 5 MAX(MPH)
MISC ----> 29 10 43 350
================================================================================
NOTES:
# LAST OF SEVERAL OCCURRENCES
COLUMN 17 PEAK WIND IN M.P.H.
PRELIMINARY LOCAL CLIMATOLOGICAL DATA (WS FORM: F-6) , PAGE 2
STATION: MADISON WI
MONTH: AUGUST
YEAR: 2023
LATITUDE: 43 7 N
LONGITUDE: 89 20 W
[TEMPERATURE DATA] [PRECIPITATION DATA] SYMBOLS USED IN COLUMN 16
AVERAGE MONTHLY: 70.9 TOTAL FOR MONTH: 2.42 1 = FOG OR MIST
DPTR FM NORMAL: 1.2 DPTR FM NORMAL: -1.74 2 = FOG REDUCING VISIBILITY
HIGHEST: 96 ON 23 GRTST 24HR 2.01 ON 13-14 TO 1/4 MILE OR LESS
LOWEST: 44 ON 31 3 = THUNDER
SNOW, ICE PELLETS, HAIL 4 = ICE PELLETS
TOTAL MONTH: 0.0 INCH 5 = HAIL
GRTST 24HR 0.0 6 = FREEZING RAIN OR DRIZZLE
GRTST DEPTH: 0 7 = DUSTSTORM OR SANDSTORM:
VSBY 1/2 MILE OR LESS
8 = SMOKE OR HAZE
[NO. OF DAYS WITH] [WEATHER - DAYS WITH] 9 = BLOWING SNOW
X = TORNADO
MAX 32 OR BELOW: 0 0.01 INCH OR MORE: 4
MAX 90 OR ABOVE: 3 0.10 INCH OR MORE: 3
MIN 32 OR BELOW: 0 0.50 INCH OR MORE: 1
MIN 0 OR BELOW: 0 1.00 INCH OR MORE: 1
[HDD (BASE 65) ]
TOTAL THIS MO. 14 CLEAR (SCALE 0-3) 9
DPTR FM NORMAL -6 PTCLDY (SCALE 4-7) 21
TOTAL FM JUL 1 14 CLOUDY (SCALE 8-10) 1
DPTR FM NORMAL -12
[CDD (BASE 65) ]
TOTAL THIS MO. 204
DPTR FM NORMAL 38 [PRESSURE DATA]
TOTAL FM JAN 1 646 HIGHEST SLP M ON M
DPTR FM NORMAL 83 LOWEST SLP 29.58 ON 17
[REMARKS]
#FINAL-08-23#