000
CXUS55 KMSO 010900
CF6MSO
PRELIMINARY LOCAL CLIMATOLOGICAL DATA (WS FORM: F-6)
STATION: MISSOULA MT
MONTH: MARCH
YEAR: 2024
LATITUDE: 46 55 N
LONGITUDE: 114 5 W
TEMPERATURE IN F: :PCPN: SNOW: WIND :SUNSHINE: SKY :PK WND
================================================================================
1 2 3 4 5 6A 6B 7 8 9 10 11 12 13 14 15 16 17 18
12Z AVG MX 2MIN
DY MAX MIN AVG DEP HDD CDD WTR SNW DPTH SPD SPD DIR MIN PSBL S-S WX SPD DR
================================================================================
1 40 30 35 2 30 0 0.06 T 0 6.3 25 320 M M 7 12 32 330
2 41 26 34 1 31 0 0.01 T 0 10.2 26 300 M M 7 18 33 300
3 40 23 32 -1 33 0 T 0.1 T 3.8 17 300 M M 7 1 23 280
4 40 23 32 -2 33 0 T T 0 7.2 22 230 M M 7 8 33 300
5 37 20 29 -5 36 0 T T 0 3.4 14 170 M M 5 1 18 150
6 40 17 29 -5 36 0 0.00 0.0 0 3.9 17 300 M M 6 24 310
7 43 15 29 -6 36 0 0.00 0.0 0 4.2 15 260 M M 1 21 330
8 48 17 33 -2 32 0 0.00 0.0 0 1.8 9 120 M M 0 11 250
9 57 18 38 3 27 0 0.00 0.0 0 2.7 17 290 M M 1 21 300
10 53 31 42 6 23 0 0.02 0.0 0 4.0 18 200 M M 8 29 210
11 49 31 40 4 25 0 0.01 0.0 0 3.3 10 140 M M 10 11 150
12 52 34 43 7 22 0 0.06 0.0 0 4.1 28 260 M M 9 1 36 260
13 44 27 36 -1 29 0 T 0.0 0 5.9 17 360 M M 7 1 25 10
14 49 21 35 -2 30 0 0.00 0.0 0 3.9 14 10 M M 0 18 20
15 57 23 40 3 25 0 0.00 0.0 0 2.6 14 360 M M 0 21 10
16 65 25 45 7 20 0 0.00 0.0 0 4.1 16 10 M M 0 22 10
17 67 26 47 9 18 0 0.00 0.0 0 2.0 12 360 M M 0 15 360
18 69 26 48 10 17 0 0.00 0.0 0 1.8 8 350 M M 0 13 250
19 69 27 48 10 17 0 0.00 0.0 0 1.9 9 290 M M 0 11 270
20 69 31 50 11 15 0 0.00 0.0 0 5.0 24 260 M M 3 37 240
21 53 41 47 8 18 0 T 0.0 0 9.1 25 240 M M 10 33 250
22 58 35 47 8 18 0 T 0.0 0 2.8 10 360 M M 5 14 10
23 50 32 41 1 24 0 0.20 0.0 0 6.0 17 130 M M 7 1 23 110
24 38 29 34 -6 31 0 0.03 0.8 0 7.9 17 10 M M 10 18 24 10
25 46 27 37 -3 28 0 0.03 0.2 1 4.0 18 180 M M 9 1 22 180
26 49 32 41 1 24 0 0.08 T 0 3.3 24 280 M M 8 1 31 270
27 53 28 41 1 24 0 0.01 0.0 0 5.3 18 270 M M 7 23 150
28 48 36 42 2 23 0 0.02 0.0 0 5.3 25 300 M M 8 31 300
29 49 30 40 -1 25 0 T 0.0 0 3.4 20 310 M M 6 28 300
30 53 22 38 -3 27 0 0.00 0.0 0 2.9 15 20 M M 5 1 21 20
31 53 25 39 -2 26 0 T 0.0 0 5.1 25 20 M M 3 37 10
================================================================================
SM 1579 828 803 0 0.53 1.1 137.2 M 156
================================================================================
AV 50.9 26.7 4.4 FASTST M M 5 MAX(MPH)
MISC ----> 28 260 # 37 240
================================================================================
NOTES:
# LAST OF SEVERAL OCCURRENCES
COLUMN 17 PEAK WIND IN M.P.H.
PRELIMINARY LOCAL CLIMATOLOGICAL DATA (WS FORM: F-6) , PAGE 2
STATION: MISSOULA MT
MONTH: MARCH
YEAR: 2024
LATITUDE: 46 55 N
LONGITUDE: 114 5 W
[TEMPERATURE DATA] [PRECIPITATION DATA] SYMBOLS USED IN COLUMN 16
AVERAGE MONTHLY: 38.8 TOTAL FOR MONTH: 0.53 1 = FOG OR MIST
DPTR FM NORMAL: 1.4 DPTR FM NORMAL: -0.39 2 = FOG REDUCING VISIBILITY
HIGHEST: 69 ON 20,19 GRTST 24HR 0.20 ON 23-23 TO 1/4 MILE OR LESS
LOWEST: 15 ON 7 3 = THUNDER
SNOW, ICE PELLETS, HAIL 4 = ICE PELLETS
TOTAL MONTH: 1.1 INCHES 5 = HAIL
GRTST 24HR 0.8 ON 24-24 6 = FREEZING RAIN OR DRIZZLE
GRTST DEPTH: 1 ON 25 7 = DUSTSTORM OR SANDSTORM:
VSBY 1/2 MILE OR LESS
8 = SMOKE OR HAZE
[NO. OF DAYS WITH] [WEATHER - DAYS WITH] 9 = BLOWING SNOW
X = TORNADO
MAX 32 OR BELOW: 0 0.01 INCH OR MORE: 11
MAX 90 OR ABOVE: 0 0.10 INCH OR MORE: 1
MIN 32 OR BELOW: 27 0.50 INCH OR MORE: 0
MIN 0 OR BELOW: 0 1.00 INCH OR MORE: 0
[HDD (BASE 65) ]
TOTAL THIS MO. 803 CLEAR (SCALE 0-3) 11
DPTR FM NORMAL -54 PTCLDY (SCALE 4-7) 13
TOTAL FM JUL 1 5786 CLOUDY (SCALE 8-10) 7
DPTR FM NORMAL -543
[CDD (BASE 65) ]
TOTAL THIS MO. 0
DPTR FM NORMAL 0 [PRESSURE DATA]
TOTAL FM JAN 1 0 HIGHEST SLP M ON M
DPTR FM NORMAL 0 LOWEST SLP 29.28 ON 2
[REMARKS]
#FINAL-03-24#