000
CXUS51 KBTV 010700
CF6MSS
PRELIMINARY LOCAL CLIMATOLOGICAL DATA (WS FORM: F-6)
STATION: MASSENA NY
MONTH: APRIL
YEAR: 2023
LATITUDE: 44 55 N
LONGITUDE: 74 51 W
TEMPERATURE IN F: :PCPN: SNOW: WIND :SUNSHINE: SKY :PK WND
================================================================================
1 2 3 4 5 6A 6B 7 8 9 10 11 12 13 14 15 16 17 18
12Z AVG MX 2MIN
DY MAX MIN AVG DEP HDD CDD WTR SNW DPTH SPD SPD DIR MIN PSBL S-S WX SPD DR
================================================================================
1 61 34 48 12 17 0 0.35 M M 12.4 28 220 M M 7 1 39 240
2 34 18 26 -10 39 0 0.00 M M 11.3 22 310 M M 1 31 320
3 53 27 40 3 25 0 T M M 9.1 30 200 M M 6 42 250
4 51 28 40 3 25 0 0.00 M M 7.6 25 70 M M 1 34 60
5 37 29 33 -5 32 0 1.55 M M 16.8 35 60 M M 10 136 43 60
6 54 33 44 6 21 0 0.00 M M 9.9 25 230 M M 3 1 33 240
7 40 30 35 -4 30 0 0.00 M M 14.4 29 260 M M 0 39 250
8 45 20 33 -6 32 0 0.00 M M 4.8 14 300 M M 0 19 300
9 53 20 37 -3 28 0 0.00 M M 5.8 16 300 M M 0 20 260
10 64 31 48 8 17 0 0.00 M M 14.0 24 210 M M 1 31 210
11 63 50 57 16 8 0 0.00 M M 16.9 30 220 M M 4 38 210
12 67 49 58 17 7 0 T M M 5.9 14 250 M M 4 20 260
13 82 46 64 22 1 0 0.00 M M 11.3 26 220 M M 0 34 210
14 72 46 59 17 6 0 0.00 M M 10.3 16 70 M M 0 24 40
15 76 46 61 18 4 0 0.00 M M 9.4 16 50 M M 0 22 40
16 77 45 61 18 4 0 0.00 M M 5.4 14 30 M M 0 16 30
17 64 42 53 9 12 0 0.10 M M 10.2 24 240 M M 9 18 33 250
18 48 35 42 -2 23 0 0.01 M M 14.3 26 230 M M 10 1 35 230
19 41 33 37 -8 28 0 T M M 9.5 17 280 M M 10 21 310
20 51 34 43 -2 22 0 0.00 M M 5.6 16 280 M M 5 22 310
21 63 38 51 5 14 0 0.03 M M 14.3 23 40 M M 4 29 60
22 78 42 60 14 5 0 0.18 M M 10.6 30 210 M M 3 1 41 160
23 52 43 48 1 17 0 0.30 M M 4.8 13 220 M M 10 1 15 210
24 48 35 42 -5 23 0 0.04 M M 6.9 13 260 M M 9 1 17 220
25 53 30 42 -6 23 0 0.01 M M 6.0 17 210 M M 6 1 22 200
26 50 28 39 -9 26 0 0.11 M M 1.9 10 220 M M 5 1 14 220
27 58 28 43 -6 22 0 0.00 M M 3.9 12 20 M M 3 12 15 40
28 67 31 49 0 16 0 0.00 M M 7.1 18 30 M M 0 23 40
29 56 45 51 1 14 0 0.42 M M 6.3 17 170 M M 8 1 21 170
30 59 47 53 3 12 0 0.34 M M 12.3 25 60 M M 10 1 32 60
================================================================================
SM 1717 1063 553 0 3.44 M 279.0 M 129
================================================================================
AV 57.2 35.4 9.3 FASTST M M 4 MAX(MPH)
MISC ----> 35 60 43 60
================================================================================
NOTES:
# LAST OF SEVERAL OCCURRENCES
COLUMN 17 PEAK WIND IN M.P.H.
PRELIMINARY LOCAL CLIMATOLOGICAL DATA (WS FORM: F-6) , PAGE 2
STATION: MASSENA NY
MONTH: APRIL
YEAR: 2023
LATITUDE: 44 55 N
LONGITUDE: 74 51 W
[TEMPERATURE DATA] [PRECIPITATION DATA] SYMBOLS USED IN COLUMN 16
AVERAGE MONTHLY: 46.3 TOTAL FOR MONTH: 3.44 1 = FOG OR MIST
DPTR FM NORMAL: 3.4 DPTR FM NORMAL: 0.53 2 = FOG REDUCING VISIBILITY
HIGHEST: 82 ON 13 GRTST 24HR 1.56 ON 5- 6 TO 1/4 MILE OR LESS
LOWEST: 18 ON 2 3 = THUNDER
SNOW, ICE PELLETS, HAIL 4 = ICE PELLETS
TOTAL MONTH: M 5 = HAIL
GRTST 24HR M ON M 6 = FREEZING RAIN OR DRIZZLE
GRTST DEPTH: M ON M 7 = DUSTSTORM OR SANDSTORM:
VSBY 1/2 MILE OR LESS
8 = SMOKE OR HAZE
[NO. OF DAYS WITH] [WEATHER - DAYS WITH] 9 = BLOWING SNOW
X = TORNADO
MAX 32 OR BELOW: 0 0.01 INCH OR MORE: 12
MAX 90 OR ABOVE: 0 0.10 INCH OR MORE: 8
MIN 32 OR BELOW: 12 0.50 INCH OR MORE: 1
MIN 0 OR BELOW: 0 1.00 INCH OR MORE: 1
[HDD (BASE 65) ]
TOTAL THIS MO. 553 CLEAR (SCALE 0-3) 13
DPTR FM NORMAL -110 PTCLDY (SCALE 4-7) 10
TOTAL FM JUL 1 6819 CLOUDY (SCALE 8-10) 7
DPTR FM NORMAL -783
[CDD (BASE 65) ]
TOTAL THIS MO. 0
DPTR FM NORMAL -1 [PRESSURE DATA]
TOTAL FM JAN 1 0 HIGHEST SLP M ON M
DPTR FM NORMAL -1 LOWEST SLP 29.19 ON 1
[REMARKS]
#FINAL-04-23#