000
CXUS51 KBTV 010700
CF6MSS
PRELIMINARY LOCAL CLIMATOLOGICAL DATA (WS FORM: F-6)
STATION: MASSENA NY
MONTH: MARCH
YEAR: 2023
LATITUDE: 44 55 N
LONGITUDE: 74 51 W
TEMPERATURE IN F: :PCPN: SNOW: WIND :SUNSHINE: SKY :PK WND
================================================================================
1 2 3 4 5 6A 6B 7 8 9 10 11 12 13 14 15 16 17 18
12Z AVG MX 2MIN
DY MAX MIN AVG DEP HDD CDD WTR SNW DPTH SPD SPD DIR MIN PSBL S-S WX SPD DR
================================================================================
1 39 25 32 10 33 0 T M M 6.0 17 40 M M 6 20 40
2 34 25 30 7 35 0 0.01 M M 8.2 14 30 M M 9 168 17 40
3 27 2 15 -8 50 0 0.02 M M 8.3 17 60 M M 1 18 21 50
4 29 19 24 0 41 0 0.20 M M 14.1 23 50 M M 10 12 31 50
5 42 24 33 9 32 0 0.00 M M 4.2 13 270 M M 2 1 15 280
6 38 23 31 7 34 0 0.00 M M 9.0 17 280 M M 0 24 270
7 29 21 25 0 40 0 T M M 10.1 20 310 M M 6 27 300
8 32 22 27 2 38 0 T M M 8.9 16 280 M M 9 23 280
9 32 20 26 1 39 0 T M M 6.1 14 290 M M 10 18 18 300
10 30 11 21 -5 44 0 0.00 M M 5.5 14 30 M M 3 16 30
11 38 18 28 2 37 0 0.00 M M 5.9 13 30 M M 1 15 30
12 38 7 23 -4 42 0 0.00 M M 3.2 13 50 M M 0 16 50
13 38 28 33 6 32 0 0.09 M M 2.8 8 30 M M 9 1 10 40
14 35 31 33 5 32 0 0.10 M M 11.2 21 330 M M 10 1 33 320
15 38 24 31 3 34 0 T M M 12.3 17 290 M M 5 29 320
16 37 29 33 5 32 0 0.01 M M 5.5 17 270 M M 10 1 26 230
17 44 31 38 9 27 0 0.17 M M 7.7 22 240 M M 9 1 29 250
18 38 25 32 3 33 0 T M M 14.0 28 280 M M 9 1 40 240
19 28 17 23 -7 42 0 T M M 13.8 29 260 M M 7 8 38 270
20 39 28 34 4 31 0 0.00 M M 15.4 31 230 M M 6 40 220
21 41 28 35 5 30 0 0.00 M M 6.7 18 270 M M 9 22 280
22 34 26 30 -1 35 0 0.00 M M 12.4 18 50 M M 5 M M
23 41 31 36 5 29 0 0.38 M M 4.9 13 270 M M 10 1 M M
24 38 26 32 0 33 0 0.00 M M 7.4 13 300 M M 4 M M
25 39 20 30 -2 35 0 0.34 M M 8.7 18 70 M M 5 1 24 220
26 42 28 35 2 30 0 T M M 12.6 28 220 M M 9 1 36 230
27 45 24 35 2 30 0 0.00 M M 2.1 12 330 M M 2 16 330
28 40 22 31 -3 34 0 0.00 M M 4.7 13 280 M M 4 17 280
29 50 20 35 1 30 0 0.01 M M 13.7 38 220 M M 3 1 48 230
30 34 18 26 -9 39 0 T M M 12.8 26 290 M M 3 36 280
31 41 21 31 -4 34 0 0.13 M M 6.6 14 170 M M 5 1 18 150
================================================================================
SM 1150 694 1087 0 1.46 M 264.8 M 181
================================================================================
AV 37.1 22.4 8.5 FASTST M M 6 MAX(MPH)
MISC ----> 38 220 48 230
================================================================================
NOTES:
# LAST OF SEVERAL OCCURRENCES
COLUMN 17 PEAK WIND IN M.P.H.
PRELIMINARY LOCAL CLIMATOLOGICAL DATA (WS FORM: F-6) , PAGE 2
STATION: MASSENA NY
MONTH: MARCH
YEAR: 2023
LATITUDE: 44 55 N
LONGITUDE: 74 51 W
[TEMPERATURE DATA] [PRECIPITATION DATA] SYMBOLS USED IN COLUMN 16
AVERAGE MONTHLY: 29.7 TOTAL FOR MONTH: 1.46 1 = FOG OR MIST
DPTR FM NORMAL: 1.2 DPTR FM NORMAL: -0.58 2 = FOG REDUCING VISIBILITY
HIGHEST: 50 ON 29 GRTST 24HR 0.38 ON 22-23 TO 1/4 MILE OR LESS
LOWEST: 2 ON 3 3 = THUNDER
SNOW, ICE PELLETS, HAIL 4 = ICE PELLETS
TOTAL MONTH: M 5 = HAIL
GRTST 24HR M ON M 6 = FREEZING RAIN OR DRIZZLE
GRTST DEPTH: M ON M 7 = DUSTSTORM OR SANDSTORM:
VSBY 1/2 MILE OR LESS
8 = SMOKE OR HAZE
[NO. OF DAYS WITH] [WEATHER - DAYS WITH] 9 = BLOWING SNOW
X = TORNADO
MAX 32 OR BELOW: 7 0.01 INCH OR MORE: 11
MAX 90 OR ABOVE: 0 0.10 INCH OR MORE: 6
MIN 32 OR BELOW: 31 0.50 INCH OR MORE: 0
MIN 0 OR BELOW: 0 1.00 INCH OR MORE: 0
[HDD (BASE 65) ]
TOTAL THIS MO. 1087 CLEAR (SCALE 0-3) 8
DPTR FM NORMAL -46 PTCLDY (SCALE 4-7) 11
TOTAL FM JUL 1 6266 CLOUDY (SCALE 8-10) 12
DPTR FM NORMAL -675
[CDD (BASE 65) ]
TOTAL THIS MO. 0
DPTR FM NORMAL 0 [PRESSURE DATA]
TOTAL FM JAN 1 0 HIGHEST SLP M ON M
DPTR FM NORMAL 0 LOWEST SLP 29.39 ON 17
[REMARKS]
#FINAL-03-23#