000
CXUS55 KGJT 010910
CF6MTJ
PRELIMINARY LOCAL CLIMATOLOGICAL DATA (WS FORM: F-6)
STATION: MONTROSE CO
MONTH: AUGUST
YEAR: 2023
LATITUDE: 38 30 N
LONGITUDE: 107 53 W
TEMPERATURE IN F: :PCPN: SNOW: WIND :SUNSHINE: SKY :PK WND
================================================================================
1 2 3 4 5 6A 6B 7 8 9 10 11 12 13 14 15 16 17 18
12Z AVG MX 2MIN
DY MAX MIN AVG DEP HDD CDD WTR SNW DPTH SPD SPD DIR MIN PSBL S-S WX SPD DR
================================================================================
1 87 61 74 0 0 9 T M M 8.3 35 170 M M 4 38 44 170
2 90 60 75 1 0 10 0.01 M M 6.1 28 90 M M 3 3 42 240
3 88 58 73 -1 0 8 0.00 M M 7.4 20 260 M M 0 26 260
4 87 57 72 -1 0 7 0.00 M M 6.6 14 330 M M 2 19 340
5 91 57 74 1 0 9 0.00 M M 6.2 15 140 M M 0 20 330
6 94 53 74 1 0 9 0.00 M M 8.5 26 250 M M 0 36 260
7 93 58 76 3 0 11 0.00 M M 8.4 25 260 M M 0 8 34 270
8 91 59 75 2 0 10 0.00 M M 9.2 24 220 M M 0 33 330
9 87 53 70 -3 0 5 0.00 M M 6.3 13 130 M M 0 18 310
10 86 58 72 -1 0 7 0.00 M M 9.5 28 350 M M 2 38 50 330
11 88 56 72 0 0 7 0.00 M M 5.2 13 340 M M 1 16 10
12 87 65 76 4 0 11 0.00 M M 8.1 22 300 M M 1 30 350
13 89 57 73 1 0 8 0.00 M M 5.9 13 330 M M 0 18 310
14 90 57 74 2 0 9 0.00 M M 7.3 22 220 M M 0 3 29 230
15 88 56 72 0 0 7 0.00 M M 6.7 18 260 M M 0 8 25 250
16 92 62 77 5 0 12 0.08 M M 7.9 21 140 M M 2 3 27 110
17 92 58 75 4 0 10 T M M 8.2 29 180 M M 1 3 42 190
18 85 61 73 2 0 8 0.23 M M 6.1 32 220 M M 3 3 44 220
19 91 56 74 3 0 9 0.03 M M 5.7 13 170 M M 0 19 190
20 94 59 77 6 0 12 0.00 M M 8.8 20 190 M M 0 26 210
21 94 60 77 6 0 12 T M M 9.1 23 180 M M 0 41 150
22 88 61 75 5 0 10 0.01 M M 7.0 22 260 M M 2 3 38 300
23 84 61 73 3 0 8 T M M 6.3 17 100 M M 4 27 110
24 82 61 72 2 0 7 0.16 M M 5.4 16 310 M M 7 13 20 300
25 77 61 69 -1 0 4 0.01 M M 3.9 10 150 M M 7 14 280
26 84 58 71 1 0 6 0.00 M M 8.1 29 170 M M 2 3 36 180
27 86 59 73 4 0 8 0.01 M M 6.1 13 130 M M 2 19 340
28 88 57 73 4 0 8 0.00 M M 6.7 15 340 M M 1 20 330
29 88 54 71 2 0 6 0.00 M M 7.6 14 350 M M 0 19 340
30 94 57 76 7 0 11 0.00 M M 7.0 17 260 M M 2 29 280
31 92 60 76 8 0 11 0.00 M M 7.4 20 280 M M 0 27 290
================================================================================
SM 2747 1810 0 269 0.54 M 221.0 M 46
================================================================================
AV 88.6 58.4 7.1 FASTST M M 1 MAX(MPH)
MISC ----> 35 170 50 330
================================================================================
NOTES:
# LAST OF SEVERAL OCCURRENCES
COLUMN 17 PEAK WIND IN M.P.H.
PRELIMINARY LOCAL CLIMATOLOGICAL DATA (WS FORM: F-6) , PAGE 2
STATION: MONTROSE CO
MONTH: AUGUST
YEAR: 2023
LATITUDE: 38 30 N
LONGITUDE: 107 53 W
[TEMPERATURE DATA] [PRECIPITATION DATA] SYMBOLS USED IN COLUMN 16
AVERAGE MONTHLY: 73.5 TOTAL FOR MONTH: 0.54 1 = FOG OR MIST
DPTR FM NORMAL: 2.1 DPTR FM NORMAL: -0.36 2 = FOG REDUCING VISIBILITY
HIGHEST: 94 ON 30,21 GRTST 24HR 0.23 ON 18-18 TO 1/4 MILE OR LESS
LOWEST: 53 ON 9, 6 3 = THUNDER
SNOW, ICE PELLETS, HAIL 4 = ICE PELLETS
TOTAL MONTH: M 5 = HAIL
GRTST 24HR M ON M 6 = FREEZING RAIN OR DRIZZLE
GRTST DEPTH: M ON M 7 = DUSTSTORM OR SANDSTORM:
VSBY 1/2 MILE OR LESS
8 = SMOKE OR HAZE
[NO. OF DAYS WITH] [WEATHER - DAYS WITH] 9 = BLOWING SNOW
X = TORNADO
MAX 32 OR BELOW: 0 0.01 INCH OR MORE: 8
MAX 90 OR ABOVE: 13 0.10 INCH OR MORE: 2
MIN 32 OR BELOW: 0 0.50 INCH OR MORE: 0
MIN 0 OR BELOW: 0 1.00 INCH OR MORE: 0
[HDD (BASE 65) ]
TOTAL THIS MO. 0 CLEAR (SCALE 0-3) 27
DPTR FM NORMAL -4 PTCLDY (SCALE 4-7) 4
TOTAL FM JUL 1 0 CLOUDY (SCALE 8-10) 0
DPTR FM NORMAL -1
[CDD (BASE 65) ]
TOTAL THIS MO. 269
DPTR FM NORMAL 66 [PRESSURE DATA]
TOTAL FM JAN 1 730 HIGHEST SLP M ON M
DPTR FM NORMAL 81 LOWEST SLP 29.73 ON 8
[REMARKS]
#FINAL-08-23#