000
CXUS55 KGJT 011537
CLMMTJ
CLIMATE REPORT
NATIONAL WEATHER SERVICE GRAND JUNCTION CO
837 AM MST THU FEB 01 2024
...................................
...THE MONTROSE CO CLIMATE SUMMARY FOR THE MONTH OF JANUARY 2024...
CLIMATE NORMAL PERIOD 1991 TO 2020
CLIMATE RECORD PERIOD 9999 TO 9999
WEATHER OBSERVED NORMAL DEPART LAST YEAR`S
VALUE DATE(S) VALUE FROM VALUE DATE(S)
NORMAL
................................................................
TEMPERATURE (F)
HIGHEST 58 01/31 MM MM 52 01/10
LOWEST 1 01/09 MM MM 4 01/31
AVG. MAXIMUM 42.6 38.5 4.1 38.5
AVG. MINIMUM 19.1 15.8 3.3 21.9
MEAN 30.9 27.2 3.7 30.2
DAYS MAX >= 90 0 0.0 0.0 0
DAYS MAX <= 32 2 6.3 -4.3 7
DAYS MIN <= 32 31 30.2 0.8 30
DAYS MIN <= 0 0 1.6 -1.6 0
PRECIPITATION (INCHES)
TOTALS 0.19 0.41 -0.22 0.35
DAILY AVG. 0.01 0.01 -0.00 0.01
DAYS >= .01 5 5.2 -0.2 8
DAYS >= .10 1 1.2 -0.2 1
DAYS >= .50 0 0.0 0.0 0
DAYS >= 1.00 0 0.0 0.0 0
GREATEST
24 HR. TOTAL 0.12 01/07 TO 01/08 0.13
SNOWFALL (INCHES)
TOTALS MM MM MM MM
SINCE 7/1 MM MM MM MM
SNOWDEPTH AVG. MM MM
DAYS >= 1.0 MM MM MM MM
GREATEST
SNOW DEPTH MM MM MM
24 HR TOTAL MM MM
DEGREE DAYS
HEATING TOTAL 1050 1173 -123 1069
SINCE 7/1 3296 3699 -403 3561
COOLING TOTAL 0 0 0 0
SINCE 1/1 0 0 0 0
................................................................
WIND (MPH)
AVERAGE WIND SPEED 5.8
HIGHEST WIND SPEED/DIRECTION 28/300 DATE 01/15
HIGHEST GUST SPEED/DIRECTION 37/190 DATE 01/10
37/260 01/15
SKY COVER
POSSIBLE SUNSHINE (PERCENT) MM
AVERAGE SKY COVER 0.45
NUMBER OF DAYS FAIR 13
NUMBER OF DAYS PC 9
NUMBER OF DAYS CLOUDY 9
AVERAGE RH (PERCENT) 64
WEATHER CONDITIONS. NUMBER OF DAYS WITH
THUNDERSTORM 0 MIXED PRECIP 0
HEAVY RAIN 0 RAIN 0
LIGHT RAIN 2 FREEZING RAIN 0
LT FREEZING RAIN 0 HAIL 0
HEAVY SNOW 1 SNOW 2
LIGHT SNOW 6 SLEET 0
FOG 7 FOG W/VIS <= 1/4 MILE 2
HAZE 1
- INDICATES NEGATIVE NUMBERS.
R INDICATES RECORD WAS SET OR TIED.
MM INDICATES DATA IS MISSING.
T INDICATES TRACE AMOUNT.
$$