000
CXUS53 KILX 011407
CLMMTO
CLIMATE REPORT
NATIONAL WEATHER SERVICE LINCOLN IL
907 AM CDT THU JUN 01 2023
...................................
...THE MATTOON IL AIRPORT CLIMATE SUMMARY FOR THE MONTH OF MAY 2023...
CLIMATE NORMAL PERIOD 1991 TO 2020
CLIMATE RECORD PERIOD 9999 TO 9999
WEATHER OBSERVED NORMAL DEPART LAST YEAR`S
VALUE DATE(S) VALUE FROM VALUE
NORMAL
..............................................................
TEMPERATURE (F)
RECORD
HIGH MM MM
LOW 34 05/10/2021
HIGHEST 89 05/31 MM MM 91
LOWEST 37 05/03 MM MM 44
AVG. MAXIMUM 76.6 73.9 2.7 75.8
AVG. MINIMUM 53.0 54.0 -1.0 57.1
MEAN 64.8 63.9 0.9 66.5
DAYS MAX >= 90 0 0.4 -0.4 1
DAYS MAX <= 32 0 0.0 0.0 0
DAYS MIN <= 32 0 0.2 -0.2 0
DAYS MIN <= 0 0 0.0 0.0 0
PRECIPITATION (INCHES)
RECORD
MAXIMUM 5.76 2021
MINIMUM 3.16 2022
TOTALS 1.92R 3.86 -1.94 3.16
DAILY AVG. 0.06 0.12 -0.06 0.10
DAYS >= .01 7 11.9 -4.9 12
DAYS >= .10 5 7.6 -2.6 6
DAYS >= .50 2 2.2 -0.2 4
DAYS >= 1.00 0 0.9 -0.9 0
GREATEST
24 HR. TOTAL 0.91 05/07 TO 05/08 0.71
DEGREE DAYS
HEATING TOTAL 76 124 -48 88
SINCE 7/1 4723 5285 -562 MM
COOLING TOTAL 78 91 -13 140
SINCE 1/1 89 106 -17 MM
..............................................................
WIND (MPH)
AVERAGE WIND SPEED 8.0
HIGHEST WIND SPEED/DIRECTION 47/020 DATE 05/07
HIGHEST GUST SPEED/DIRECTION 66/020 DATE 05/07
AVERAGE RH (PERCENT) 61
WEATHER CONDITIONS. NUMBER OF DAYS WITH
THUNDERSTORM 5 MIXED PRECIP 0
HEAVY RAIN 2 RAIN 4
LIGHT RAIN 7 FREEZING RAIN 0
LT FREEZING RAIN 0 HAIL 0
HEAVY SNOW 0 SNOW 0
LIGHT SNOW 0 SLEET 0
FOG 8 FOG W/VIS <= 1/4 MILE 0
HAZE 2
- INDICATES NEGATIVE NUMBERS.
R INDICATES RECORD WAS SET OR TIED.
MM INDICATES DATA IS MISSING.
T INDICATES TRACE AMOUNT.
$$