000
CXUS56 KOTX 010900
CF6MWH
PRELIMINARY LOCAL CLIMATOLOGICAL DATA (WS FORM: F-6)
STATION: MOSES LAKE WA AIRPORT
MONTH: MARCH
YEAR: 2020
LATITUDE: 47 12 N
LONGITUDE: 119 19 W
TEMPERATURE IN F: :PCPN: SNOW: WIND :SUNSHINE: SKY :PK WND
================================================================================
1 2 3 4 5 6A 6B 7 8 9 10 11 12 13 14 15 16 17 18
12Z AVG MX 2MIN
DY MAX MIN AVG DEP HDD CDD WTR SNW DPTH SPD SPD DIR MIN PSBL S-S WX SPD DR
================================================================================
1 53 27 40 1 25 0 T M M 7.8 28 310 M M 2 33 310
2 63 34 49 9 16 0 0.00 M M 11.7 25 250 M M 1 8 32 250
3 65 44 55 15 10 0 0.00 M M 12.0 25 240 M M 1 35 240
4 57 37 47 7 18 0 0.00 M M 9.5 31 200 M M 0 18 42 200
5 52 29 41 1 24 0 0.00 M M 4.8 10 350 M M 0 11 340
6 57 34 46 5 19 0 0.09 M M 3.2 10 340 M M 5 14 60
7 52 35 44 3 21 0 0.31 M M 7.6 18 180 M M 6 1 22 190
8 52 29 41 0 24 0 0.00 M M 3.4 9 270 M M 1 14 260
9 53 28 41 -1 24 0 0.00 M M 5.2 12 350 M M 2 15 10
10 55 26 41 -1 24 0 0.00 M M 7.4 16 190 M M 2 22 190
11 61 35 48 6 17 0 0.00 M M 13.9 28 310 M M 0 8 36 310
12 53 28 41 -2 24 0 0.00 M M 5.3 10 190 M M 0 13 170
13 44 30 37 -6 28 0 0.14 M M 12.5 28 30 M M 9 18 33 40
14 34 27 31 -12 34 0 0.01 M M 17.0 26 10 M M 9 1 34 20
15 45 25 35 -9 30 0 0.00 M M 12.6 24 10 M M 4 30 10
16 55 27 41 -3 24 0 0.00 M M 7.5 18 10 M M 0 21 10
17 56 23 40 -4 25 0 0.00 M M 3.7 9 300 M M 0 11 300
18 61 27 44 0 21 0 0.00 M M 4.1 10 30 M M 0 14 20
19 63 28 46 2 19 0 0.00 M M 4.5 9 360 M M 0 12 230
20 66 31 49 4 16 0 0.00 M M 6.2 12 310 M M 0 16 200
21 66 29 48 3 17 0 0.00 M M 5.2 13 20 M M 0 16 200
22 64 29 47 2 18 0 0.00 M M 6.1 16 180 M M 0 20 200
23 58 35 47 2 18 0 T M M 9.5 21 250 M M 3 27 210
24 56 28 42 -4 23 0 0.00 M M 5.5 14 240 M M 3 20 210
25 52 31 42 -4 23 0 0.03 M M 6.6 18 260 M M 6 25 80
26 58 27 43 -3 22 0 0.00 M M 7.2 20 220 M M 2 25 210
27 58 36 47 1 18 0 0.00 M M 6.2 18 220 M M 4 23 210
28 63 33 48 2 17 0 0.00 M M 9.6 21 180 M M 6 29 220
29 63 47 55 8 10 0 0.03 M M 11.3 23 230 M M 5 32 230
30 60 41 51 4 14 0 0.01 M M 15.3 29 240 M M 4 41 200
31 57 35 46 -1 19 0 0.02 M M 6.3 23 340 M M 5 27 340
================================================================================
SM 1752 975 642 0 0.64 M 248.7 M 80
================================================================================
AV 56.5 31.5 8.0 FASTST M M 3 MAX(MPH)
MISC ----> # 31 200 # 42 200
================================================================================
NOTES:
# LAST OF SEVERAL OCCURRENCES
COLUMN 17 PEAK WIND IN M.P.H.
PRELIMINARY LOCAL CLIMATOLOGICAL DATA (WS FORM: F-6) , PAGE 2
STATION: MOSES LAKE WA AIRPORT
MONTH: MARCH
YEAR: 2020
LATITUDE: 47 12 N
LONGITUDE: 119 19 W
[TEMPERATURE DATA] [PRECIPITATION DATA] SYMBOLS USED IN COLUMN 16
AVERAGE MONTHLY: 44.0 TOTAL FOR MONTH: 0.64 1 = FOG OR MIST
DPTR FM NORMAL: 0.5 DPTR FM NORMAL: -0.14 2 = FOG REDUCING VISIBILITY
HIGHEST: 66 ON 21,20 GRTST 24HR 0.31 ON 7- 7 TO 1/4 MILE OR LESS
LOWEST: 23 ON 17 3 = THUNDER
SNOW, ICE PELLETS, HAIL 4 = ICE PELLETS
TOTAL MONTH: M 5 = HAIL
GRTST 24HR M ON M 6 = FREEZING RAIN OR DRIZZLE
GRTST DEPTH: M ON M 7 = DUSTSTORM OR SANDSTORM:
VSBY 1/2 MILE OR LESS
8 = SMOKE OR HAZE
[NO. OF DAYS WITH] [WEATHER - DAYS WITH] 9 = BLOWING SNOW
X = TORNADO
MAX 32 OR BELOW: 0 0.01 INCH OR MORE: 8
MAX 90 OR ABOVE: 0 0.10 INCH OR MORE: 2
MIN 32 OR BELOW: 19 0.50 INCH OR MORE: 0
MIN 0 OR BELOW: 0 1.00 INCH OR MORE: 0
[HDD (BASE 65) ]
TOTAL THIS MO. 642 CLEAR (SCALE 0-3) 20
DPTR FM NORMAL -25 PTCLDY (SCALE 4-7) 9
TOTAL FM JUL 1 4688 CLOUDY (SCALE 8-10) 2
DPTR FM NORMAL -484
[CDD (BASE 65) ]
TOTAL THIS MO. 0
DPTR FM NORMAL 0 [PRESSURE DATA]
TOTAL FM JAN 1 0 HIGHEST SLP M ON M
DPTR FM NORMAL 0 LOWEST SLP 29.49 ON 13
[REMARKS]
#FINAL-03-20#