000
CXUS54 KFWD 010732
CF6MWL
PRELIMINARY LOCAL CLIMATOLOGICAL DATA (WS FORM: F-6)
STATION: MINERAL WELLS
MONTH: MAY
YEAR: 2023
LATITUDE: 32 46 N
LONGITUDE: 98 4 W
TEMPERATURE IN F: :PCPN: SNOW: WIND :SUNSHINE: SKY :PK WND
================================================================================
1 2 3 4 5 6A 6B 7 8 9 10 11 12 13 14 15 16 17 18
12Z AVG MX 2MIN
DY MAX MIN AVG DEP HDD CDD WTR SNW DPTH SPD SPD DIR MIN PSBL S-S WX SPD DR
================================================================================
1 79 52 66 -2 0 1 0.00 M M 7.2 16 110 M M 0 22 130
2 84 52 68 -1 0 3 0.00 M M 6.7 17 100 M M 4 22 100
3 84 63 74 5 0 9 0.00 M M 9.2 17 130 M M 2 22 120
4 85 63 74 5 0 9 T M M 9.5 20 160 M M 1 28 150
5 102 64 83 14 0 18 0.00 M M 9.9 24 170 M M 0 1 32 190
6 93 65 79 9 0 14 0.92 M M 13.1 33 90 M M 2 13 46 90
7 88 65 77 7 0 12 0.62 M M 13.3 33 180 M M 5 13 43 180
8 91 68 80 10 0 15 0.00 M M 11.1 25 180 M M 1 35 180
9 85 64 75 4 0 10 0.00 M M 9.2 18 150 M M 0 27 160
10 76 65 71 0 0 6 0.09 M M 6.2 14 130 M M 4 1 17 150
11 90 65 78 7 0 13 0.03 M M 11.1 21 160 M M 7 138 28 160
12 91 63 77 5 0 12 1.00 M M 13.1 32 310 M M 6 138 53 270
13 80 63 72 0 0 7 0.49 M M 6.2 25 210 M M 4 13 39 210
14 77 66 72 0 0 7 0.66 M M 6.3 13 140 M M 4 13 15 140
15 88 64 76 4 0 11 1.90 M M 5.3 28 360 M M 4 13 42 350
16 80 63 72 -1 0 7 0.00 M M 5.9 14 320 M M 4 18 330
17 85 60 73 0 0 8 0.00 M M 4.1 9 120 M M 0 14 30
18 90 63 77 4 0 12 0.00 M M 8.6 16 120 M M 2 23 120
19 92 67 80 6 0 15 T M M 8.2 22 360 M M 3 3 34 10
20 79 61 70 -4 0 5 0.00 M M 10.3 20 360 M M 3 8 27 360
21 74 59 67 -7 0 2 0.00 M M 2.3 7 60 M M 0 11 50
22 84 55 70 -5 0 5 0.00 M M 4.9 18 270 M M 0 138 24 280
23 86 63 75 0 0 10 0.30 M M 8.4 20 120 M M 3 13 27 140
24 84 64 74 -1 0 9 0.49 M M 6.5 23 290 M M 4 13 31 290
25 83 67 75 -1 0 10 0.00 M M 7.2 14 130 M M 1 19 130
26 84 64 74 -2 0 9 T M M 4.7 16 140 M M 2 21 120
27 81 63 72 -4 0 7 0.00 M M 5.8 17 140 M M 1 23 150
28 87 66 77 1 0 12 0.00 M M 7.7 16 170 M M 2 22 180
29 87 64 76 -1 0 11 0.00 M M 6.5 15 210 M M 1 138 24 190
30 88 65 77 0 0 12 0.00 M M 7.8 21 120 M M 1 18 29 120
31 90 65 78 1 0 13 0.00 M M 6.8 16 130 M M 1 18 21 120
================================================================================
SM 2647 1951 0 294 6.50 M 243.1 M 72
================================================================================
AV 85.4 62.9 7.8 FASTST M M 2 MAX(MPH)
MISC ----> # 33 90 53 270
================================================================================
NOTES:
# LAST OF SEVERAL OCCURRENCES
COLUMN 17 PEAK WIND IN M.P.H.
PRELIMINARY LOCAL CLIMATOLOGICAL DATA (WS FORM: F-6) , PAGE 2
STATION: MINERAL WELLS
MONTH: MAY
YEAR: 2023
LATITUDE: 32 46 N
LONGITUDE: 98 4 W
[TEMPERATURE DATA] [PRECIPITATION DATA] SYMBOLS USED IN COLUMN 16
AVERAGE MONTHLY: 74.2 TOTAL FOR MONTH: 6.50 1 = FOG OR MIST
DPTR FM NORMAL: 1.4 DPTR FM NORMAL: 2.50 2 = FOG REDUCING VISIBILITY
HIGHEST: 102 ON 5 GRTST 24HR 1.90 ON 15-15 TO 1/4 MILE OR LESS
LOWEST: 52 ON 2, 1 3 = THUNDER
SNOW, ICE PELLETS, HAIL 4 = ICE PELLETS
TOTAL MONTH: M 5 = HAIL
GRTST 24HR M ON M 6 = FREEZING RAIN OR DRIZZLE
GRTST DEPTH: M ON M 7 = DUSTSTORM OR SANDSTORM:
VSBY 1/2 MILE OR LESS
8 = SMOKE OR HAZE
[NO. OF DAYS WITH] [WEATHER - DAYS WITH] 9 = BLOWING SNOW
X = TORNADO
MAX 32 OR BELOW: 0 0.01 INCH OR MORE: 10
MAX 90 OR ABOVE: 8 0.10 INCH OR MORE: 8
MIN 32 OR BELOW: 0 0.50 INCH OR MORE: 5
MIN 0 OR BELOW: 0 1.00 INCH OR MORE: 2
[HDD (BASE 65) ]
TOTAL THIS MO. 0 CLEAR (SCALE 0-3) 19
DPTR FM NORMAL -16 PTCLDY (SCALE 4-7) 12
TOTAL FM JUL 1 2105 CLOUDY (SCALE 8-10) 0
DPTR FM NORMAL -300
[CDD (BASE 65) ]
TOTAL THIS MO. 294
DPTR FM NORMAL 38 [PRESSURE DATA]
TOTAL FM JAN 1 420 HIGHEST SLP M ON M
DPTR FM NORMAL 26 LOWEST SLP 29.64 ON 11
[REMARKS]
#FINAL-05-23#