335
CXUS54 KFWD 010731
CF6MWL
PRELIMINARY LOCAL CLIMATOLOGICAL DATA (WS FORM: F-6)
STATION: MINERAL WELLS
MONTH: MAY
YEAR: 2020
LATITUDE: 32 46 N
LONGITUDE: 98 4 W
TEMPERATURE IN F: :PCPN: SNOW: WIND :SUNSHINE: SKY :PK WND
================================================================================
1 2 3 4 5 6A 6B 7 8 9 10 11 12 13 14 15 16 17 18
12Z AVG MX 2MIN
DY MAX MIN AVG DEP HDD CDD WTR SNW DPTH SPD SPD DIR MIN PSBL S-S WX SPD DR
================================================================================
1 91 55 73 5 0 8 0.00 0.0 0 14.5 25 160 M M 0 36 170
2 93 63 78 9 0 13 0.00 0.0 0 15.0 23 170 M M 0 33 170
3 96 68 82 13 0 17 0.00 0.0 0 11.0 16 150 M M 0 26 220
4 98 69 84 15 0 19 0.00 0.0 0 11.8 21 170 M M 0 31 200
5 80 57 69 -1 0 4 0.00 0.0 0 13.0 28 30 M M 4 42 20
6 83 47 65 -5 0 0 0.00 0.0 0 4.1 13 120 M M 0 21 120
7 86 53 70 0 0 5 0.00 0.0 0 15.0 30 180 M M 3 3 46 150
8 75 51 63 -7 2 0 0.00 0.0 0 14.9 30 360 M M 3 45 360
9 75 43 59 -12 6 0 0.00 0.0 0 6.2 15 150 M M 1 21 170
10 79 47 63 -8 2 0 0.00 0.0 0 6.3 18 80 M M 0 27 100
11 82 53 68 -3 0 3 0.00 0.0 0 10.9 21 120 M M 1 34 110
12 83 65 74 3 0 9 0.20 0.0 0 10.6 17 160 M M 5 13 24 180
13 87 63 75 3 0 10 0.00 0.0 0 12.1 21 130 M M 6 18 29 130
14 92 63 78 6 0 13 0.10 0.0 0 12.7 22 150 M M 3 13 33 330
15 90 59 75 3 0 10 1.98 0.0 0 14.1 36 60 M M 5 13 48 60
16 65 60 63 -9 2 0 0.80 0.0 0 9.3 18 340 M M 10 13 24 330
17 86 60 73 0 0 8 0.00 0.0 0 8.1 18 340 M M 0 24 340
18 93 59 76 3 0 11 0.00 0.0 0 6.7 14 200 M M 0 24 180
19 96 67 82 9 0 17 0.00 0.0 0 7.4 17 70 M M 0 23 70
20 83 69 76 3 0 11 0.00 0.0 0 9.4 17 90 M M 6 21 90
21 88 67 78 4 0 13 0.06 0.0 0 11.1 29 140 M M 2 13 37 140
22 92 63 78 4 0 13 0.03 0.0 0 11.7 28 170 M M 1 3 41 170
23 91 64 78 4 0 13 0.03 0.0 0 13.2 24 310 M M 5 13 41 330
24 90 66 78 4 0 13 0.18 0.0 0 11.6 32 120 M M 4 13 44 130
25 74 62 68 -6 0 3 0.50 0.0 0 5.1 13 330 M M 6 1 17 310
26 79 60 70 -5 0 5 T 0.0 0 7.2 16 340 M M 5 22 340
27 85 55 70 -5 0 5 0.06 0.0 0 4.3 16 110 M M 2 123 28 20
28 86 61 74 -1 0 9 0.00 0.0 0 6.4 16 350 M M 0 21 20
29 87 63 75 -1 0 10 0.00 0.0 0 6.4 16 80 M M 0 20 70
30 86 61 74 -2 0 9 0.00 0.0 0 4.6 13 60 M M 0 19 80
31 86 60 73 -3 0 8 0.00 0.0 0 4.8 13 90 M M 1 19 100
================================================================================
SM 2657 1853 12 259 3.94 0.0 299.5 M 73
================================================================================
AV 85.7 59.8 9.7 FASTST M M 2 MAX(MPH)
MISC ----> # 36 60 # 48 60
================================================================================
NOTES:
# LAST OF SEVERAL OCCURRENCES
COLUMN 17 PEAK WIND IN M.P.H.
PRELIMINARY LOCAL CLIMATOLOGICAL DATA (WS FORM: F-6) , PAGE 2
STATION: MINERAL WELLS
MONTH: MAY
YEAR: 2020
LATITUDE: 32 46 N
LONGITUDE: 98 4 W
[TEMPERATURE DATA] [PRECIPITATION DATA] SYMBOLS USED IN COLUMN 16
AVERAGE MONTHLY: 72.7 TOTAL FOR MONTH: 3.94 1 = FOG OR MIST
DPTR FM NORMAL: 0.4 DPTR FM NORMAL: -0.01 2 = FOG REDUCING VISIBILITY
HIGHEST: 98 ON 4 GRTST 24HR 1.98 ON 15-15 TO 1/4 MILE OR LESS
LOWEST: 43 ON 9 3 = THUNDER
SNOW, ICE PELLETS, HAIL 4 = ICE PELLETS
TOTAL MONTH: 0.0 INCH 5 = HAIL
GRTST 24HR 0.0 6 = FREEZING RAIN OR DRIZZLE
GRTST DEPTH: 0 7 = DUSTSTORM OR SANDSTORM:
VSBY 1/2 MILE OR LESS
8 = SMOKE OR HAZE
[NO. OF DAYS WITH] [WEATHER - DAYS WITH] 9 = BLOWING SNOW
X = TORNADO
MAX 32 OR BELOW: 0 0.01 INCH OR MORE: 10
MAX 90 OR ABOVE: 11 0.10 INCH OR MORE: 6
MIN 32 OR BELOW: 0 0.50 INCH OR MORE: 3
MIN 0 OR BELOW: 0 1.00 INCH OR MORE: 1
[HDD (BASE 65) ]
TOTAL THIS MO. 12 CLEAR (SCALE 0-3) 20
DPTR FM NORMAL -3 PTCLDY (SCALE 4-7) 10
TOTAL FM JUL 1 2326 CLOUDY (SCALE 8-10) 1
DPTR FM NORMAL -166
[CDD (BASE 65) ]
TOTAL THIS MO. 259
DPTR FM NORMAL 17 [PRESSURE DATA]
TOTAL FM JAN 1 413 HIGHEST SLP M ON M
DPTR FM NORMAL 45 LOWEST SLP 29.63 ON M
[REMARKS]
#FINAL-05-20#