000
CXUS56 KSTO 010216
CF6MYV
PRELIMINARY LOCAL CLIMATOLOGICAL DATA (WS FORM: F-6)
STATION: MARYSVILLE
MONTH: OCTOBER
YEAR: 2021
LATITUDE: 39 6 N
LONGITUDE: 121-34 E
TEMPERATURE IN F: :PCPN: SNOW: WIND :SUNSHINE: SKY :PK WND
================================================================================
1 2 3 4 5 6A 6B 7 8 9 10 11 12 13 14 15 16 17 18
12Z AVG MX 2MIN
DY MAX MIN AVG DEP HDD CDD WTR SNW DPTH SPD SPD DIR MIN PSBL S-S WX SPD DR
================================================================================
1 91 51 71 2 0 6 0.00 0.0 M 3.0 8 330 M M 0 11 310
2 92 52 72 3 0 7 0.00 0.0 M 2.4 8 90 M M 0 8 10 80
3 89 54 72 4 0 7 0.00 0.0 M 3.3 8 360 M M 0 10 310
4 91 51 71 3 0 6 0.00 0.0 M 3.8 8 190 M M 0 11 210
5 87 59 73 5 0 8 0.00 0.0 M 11.7 21 150 M M 0 8 26 170
6 78 57 68 0 0 3 0.00 M M 10.2 16 140 M M 0 21 140
7 75 54 65 -2 0 0 0.00 M M 8.5 16 150 M M 2 20 150
8 70 53 62 -5 3 0 0.00 0.0 M 11.6 20 150 M M 2 24 180
9 78 43 61 -6 4 0 0.00 0.0 M 5.7 16 320 M M 1 19 330
10 79 43 61 -5 4 0 0.00 0.0 M 4.2 17 330 M M 0 23 340
11 71 55 63 -3 2 0 0.00 0.0 M 22.2 35 330 M M 0 8 45 320
12 71 46 59 -7 6 0 0.00 0.0 M 11.6 26 310 M M 0 31 320
13 73 44 59 -6 6 0 T 0.0 M 3.6 12 140 M M 3 15 140
14 80 41 61 -4 4 0 0.00 0.0 M 7.8 22 340 M M 0 26 330
15 82 41 62 -3 3 0 0.00 M M 1.2 7 340 M M 0 9 350
16 85 42 64 0 1 0 0.00 M M 3.5 10 200 M M 0 14 200
17 77 49 63 -1 2 0 0.09 0.0 M 12.1 26 170 M M 2 33 240
18 66 43 55 -9 10 0 T 0.0 M 5.5 13 150 M M 4 16 150
19 67 38 53 -10 12 0 0.00 0.0 M 0.7 7 150 M M 0 8 150
20 M M M M M M 0.00 0.0 M M M M M M 0 M M
21 M M M M M M M M M M M M M M 0 M M
22 M M M M M M 0.00 M M M M M M M 0 M M
23 M M M M M M 0.00 M M M M M M M 0 M M
24 M M M M M M M M M M M M M M 0 M M
25 65 54 60 -1 5 0 M M M 7.0 15 230 M M 1 20 250
26 63 53 58 -3 7 0 0.00 0.0 M 8.0 16 140 M M 9 20 150
27 71 55 63 3 2 0 0.00 0.0 M 6.1 17 330 M M 3 18 21 330
28 73 52 63 3 2 0 0.00 0.0 M 2.7 9 160 M M 0 18 12 170
29 75 49 62 2 3 0 0.00 0.0 M 1.0 6 80 M M 0 18 7 180
30 71 57 64 5 1 0 0.00 0.0 M 9.8 18 150 M M 5 20 150
31 67 51 59 0 6 0 0.00 0.0 M 3.7 12 160 M M 3 14 160
================================================================================
SM 1987 1287 83 37 0.09 0.0 170.9 M 35
================================================================================
AV 76.4 49.5 6.6 FASTST M M 1 MAX(MPH)
MISC ----> 35 330 45 320
================================================================================
NOTES:
# LAST OF SEVERAL OCCURRENCES
COLUMN 17 PEAK WIND IN M.P.H.
PRELIMINARY LOCAL CLIMATOLOGICAL DATA (WS FORM: F-6) , PAGE 2
STATION: MARYSVILLE
MONTH: OCTOBER
YEAR: 2021
LATITUDE: 39 6 N
LONGITUDE: 121-34 E
[TEMPERATURE DATA] [PRECIPITATION DATA] SYMBOLS USED IN COLUMN 16
AVERAGE MONTHLY: 63.0 TOTAL FOR MONTH: 0.09 1 = FOG OR MIST
DPTR FM NORMAL: -1.2 DPTR FM NORMAL: -0.94 2 = FOG REDUCING VISIBILITY
HIGHEST: 92 ON 2 GRTST 24HR 0.09 ON 17-17 TO 1/4 MILE OR LESS
LOWEST: 38 ON 19 3 = THUNDER
SNOW, ICE PELLETS, HAIL 4 = ICE PELLETS
TOTAL MONTH: 0.0 INCH 5 = HAIL
GRTST 24HR 0.0 6 = FREEZING RAIN OR DRIZZLE
GRTST DEPTH: M ON M 7 = DUSTSTORM OR SANDSTORM:
VSBY 1/2 MILE OR LESS
8 = SMOKE OR HAZE
[NO. OF DAYS WITH] [WEATHER - DAYS WITH] 9 = BLOWING SNOW
X = TORNADO
MAX 32 OR BELOW: 0 0.01 INCH OR MORE: 1
MAX 90 OR ABOVE: 3 0.10 INCH OR MORE: 0
MIN 32 OR BELOW: 0 0.50 INCH OR MORE: 0
MIN 0 OR BELOW: 0 1.00 INCH OR MORE: 0
[HDD (BASE 65) ]
TOTAL THIS MO. 83 CLEAR (SCALE 0-3) 27
DPTR FM NORMAL -3 PTCLDY (SCALE 4-7) 3
TOTAL FM JUL 1 83 CLOUDY (SCALE 8-10) 1
DPTR FM NORMAL -10
[CDD (BASE 65) ]
TOTAL THIS MO. 37
DPTR FM NORMAL -25 [PRESSURE DATA]
TOTAL FM JAN 1 1861 HIGHEST SLP 30.37 ON 27
DPTR FM NORMAL 363 LOWEST SLP 29.76 ON 17
[REMARKS]
#FINAL-10-21#