000
CXHW50 PHFO 011250
CF6NGF
PRELIMINARY LOCAL CLIMATOLOGICAL DATA (WS FORM: F-6)
STATION: KANEOHE BAY MCAS HI
MONTH: MAY
YEAR: 2022
LATITUDE: 21 25 N
LONGITUDE: 157 46 W
TEMPERATURE IN F: :PCPN: SNOW: WIND :SUNSHINE: SKY :PK WND
================================================================================
1 2 3 4 5 6A 6B 7 8 9 10 11 12 13 14 15 16 17 18
12Z AVG MX 2MIN
DY MAX MIN AVG DEP HDD CDD WTR SNW DPTH SPD SPD DIR MIN PSBL S-S WX SPD DR
================================================================================
1 81 73 77 1 0 12 0.07 M M 12.7 16 60 M M 7 25 70
2 80 74 77 1 0 12 0.02 M M 12.1 15 70 M M 9 8 25 90
3 80 74 77 1 0 12 0.21 M M 11.3 14 80 M M 8 18 24 80
4 80 74 77 1 0 12 0.05 M M 11.4 15 60 M M 8 3 22 80
5 79 74 77 1 0 12 T M M 10.7 13 60 M M 10 20 70
6 79 74 77 1 0 12 0.02 M M 11.9 16 80 M M 9 23 80
7 80 75 78 2 0 13 T M M 11.2 14 80 M M 9 23 70
8 81 75 78 2 0 13 0.00 M M 10.7 15 70 M M 8 21 70
9 81 73 77 1 0 12 0.03 M M 11.2 15 70 M M 6 18 23 80
10 81 73 77 1 0 12 T M M 11.5 15 90 M M 7 1 23 90
11 81 75 78 2 0 13 T M M 10.9 15 70 M M 6 24 70
12 82 75 79 3 0 14 T M M 11.9 17 70 M M 5 24 70
13 81 74 78 2 0 13 0.01 M M 9.9 13 80 M M 7 22 70
14 81 74 78 2 0 13 T M M 10.5 14 60 M M 5 22 90
15 83 74 79 3 0 14 0.00 M M 8.7 11 100 M M 7 17 90
16 82 75 79 3 0 14 0.00 M M 6.9 10 90 M M 6 16 90
17 85 75 80 4 0 15 0.01 M M 5.6 11 210 M M 1 16 210
18 81 75 78 1 0 13 0.06 M M 7.2 12 180 M M 6 M M
19 87 78 83 6 0 18 0.00 M M 8.4 12 190 M M 4 17 210
20 85 76 81 4 0 16 0.04 M M 4.3 9 50 M M 7 18 M M
21 83 77 80 3 0 15 0.00 M M 4.0 10 60 M M 5 15 60
22 82 75 79 2 0 14 0.00 M M 9.8 15 60 M M 6 22 60
23 82 75 79 2 0 14 0.03 M M 9.3 14 60 M M 8 18 70
24 82 75 79 2 0 14 0.00 M M 7.7 11 70 M M 6 M M
25 82 74 78 1 0 13 0.00 M M 8.8 12 40 M M 3 16 80
26 82 74 78 1 0 13 0.00 M M 9.3 12 70 M M 4 19 70
27 82 74 78 1 0 13 T M M 8.4 13 60 M M 7 19 110
28 80 75 78 1 0 13 0.04 M M 7.5 15 60 M M 9 1 21 70
29 77 77 77 0 0 12 0.40 M M 5.4 9 70 M M 9 M M
30 82 76 79 2 0 14 0.00 M M 8.2 12 60 M M 4 M M
31 81 75 78 1 0 13 T M M 9.6 13 60 M M 5 17 60
================================================================================
SM 2525 2317 0 413 0.99 M 287.0 M 201
================================================================================
AV 81.5 74.7 9.3 FASTST M M 6 MAX(MPH)
MISC ----> 17 70 # 25 70
================================================================================
NOTES:
# LAST OF SEVERAL OCCURRENCES
COLUMN 17 PEAK WIND IN M.P.H.
PRELIMINARY LOCAL CLIMATOLOGICAL DATA (WS FORM: F-6) , PAGE 2
STATION: KANEOHE BAY MCAS HI
MONTH: MAY
YEAR: 2022
LATITUDE: 21 25 N
LONGITUDE: 157 46 W
[TEMPERATURE DATA] [PRECIPITATION DATA] SYMBOLS USED IN COLUMN 16
AVERAGE MONTHLY: 78.1 TOTAL FOR MONTH: 0.99 1 = FOG OR MIST
DPTR FM NORMAL: 1.6 DPTR FM NORMAL: -0.33 2 = FOG REDUCING VISIBILITY
HIGHEST: 87 ON 19 GRTST 24HR 0.40 ON 29-29 TO 1/4 MILE OR LESS
LOWEST: 73 ON 10, 9 3 = THUNDER
SNOW, ICE PELLETS, HAIL 4 = ICE PELLETS
TOTAL MONTH: M 5 = HAIL
GRTST 24HR M ON M 6 = FREEZING RAIN OR DRIZZLE
GRTST DEPTH: M ON M 7 = DUSTSTORM OR SANDSTORM:
VSBY 1/2 MILE OR LESS
8 = SMOKE OR HAZE
[NO. OF DAYS WITH] [WEATHER - DAYS WITH] 9 = BLOWING SNOW
X = TORNADO
MAX 32 OR BELOW: 0 0.01 INCH OR MORE: 13
MAX 90 OR ABOVE: 0 0.10 INCH OR MORE: 2
MIN 32 OR BELOW: 0 0.50 INCH OR MORE: 0
MIN 0 OR BELOW: 0 1.00 INCH OR MORE: 0
[HDD (BASE 65) ]
TOTAL THIS MO. 0 CLEAR (SCALE 0-3) 2
DPTR FM NORMAL 0 PTCLDY (SCALE 4-7) 21
TOTAL FM JUL 1 0 CLOUDY (SCALE 8-10) 8
DPTR FM NORMAL 0
[CDD (BASE 65) ]
TOTAL THIS MO. 413
DPTR FM NORMAL 57 [PRESSURE DATA]
TOTAL FM JAN 1 1628 HIGHEST SLP M ON M
DPTR FM NORMAL 208 LOWEST SLP 29.93 ON 19
[REMARKS]
#FINAL-05-22#