000
CXUS51 KOKX 010702
CF6NYC
PRELIMINARY LOCAL CLIMATOLOGICAL DATA (WS FORM: F-6)
STATION: CENTRAL PARK NY
MONTH: APRIL
YEAR: 2020
LATITUDE: 40 46 N
LONGITUDE: 73 58 W
TEMPERATURE IN F: :PCPN: SNOW: WIND :SUNSHINE: SKY :PK WND
================================================================================
1 2 3 4 5 6A 6B 7 8 9 10 11 12 13 14 15 16 17 18
12Z AVG MX 2MIN
DY MAX MIN AVG DEP HDD CDD WTR SNW DPTH SPD SPD DIR MIN PSBL S-S WX SPD DR
================================================================================
1 56 38 47 -1 18 0 0.00 0.0 0 7.7 17 50 M M 3 23 40
2 58 38 48 0 17 0 0.00 0.0 0 9.4 21 300 M M 5 35 280
3 52 45 49 0 16 0 0.13 0.0 0 8.7 17 10 M M 10 25 20
4 62 46 54 5 11 0 0.02 0.0 0 4.2 15 40 M M 9 1 23 30
5 65 47 56 7 9 0 0.00 0.0 0 2.5 10 140 M M 6 16 150
6 66 49 58 8 7 0 0.07 0.0 0 5.9 13 310 M M 1 1 19 320
7 68 52 60 10 5 0 0.00 0.0 0 3.9 15 150 M M 3 20 160
8 64 49 57 7 8 0 0.20 0.0 0 3.7 10 350 M M 7 18 16 240
9 59 43 51 0 14 0 0.12 0.0 0 7.9 24 300 M M 5 13 39 300
10 49 37 43 -8 22 0 0.01 T 0 10.1 25 280 M M 7 39 290
11 56 38 47 -5 18 0 0.00 0.0 0 9.0 18 270 M M 1 26 300
12 63 44 54 2 11 0 0.00 0.0 0 5.7 16 150 M M 3 25 150
13 67 53 60 8 5 0 1.92 0.0 0 7.9 18 160 M M 8 1 38 200
14 60 47 54 1 11 0 T 0.0 0 6.3 15 300 M M 3 24 280
15 54 42 48 -5 17 0 T 0.0 0 6.2 14 270 M M 3 25 270
16 50 38 44 -9 21 0 0.00 0.0 0 9.1 17 270 M M 6 30 280
17 51 36 44 -10 21 0 0.07 0.0 0 5.4 14 220 M M 4 1 22 220
18 46 41 44 -10 21 0 0.22 0.0 0 5.7 14 360 M M 8 1 20 10
19 63 40 52 -2 13 0 0.00 0.0 0 7.3 15 230 M M 2 26 200
20 57 48 53 -2 12 0 0.00 0.0 0 4.6 13 40 M M 2 21 50
21 61 39 50 -5 15 0 0.18 0.0 0 7.2 23 280 M M 3 13 36 280
22 51 36 44 -11 21 0 0.00 0.0 0 8.1 20 280 M M 2 31 260
23 52 40 46 -10 19 0 0.13 0.0 0 3.8 9 50 M M 6 1 15 110
24 49 42 46 -10 19 0 0.48 0.0 0 7.2 17 50 M M 9 1 27 60
25 65 44 55 -1 10 0 0.00 0.0 0 3.3 14 140 M M 2 20 160
26 51 42 47 -10 18 0 0.22 0.0 0 10.5 26 50 M M 10 1 40 50
27 50 39 45 -12 20 0 T 0.0 0 7.3 16 360 M M 9 1 24 360
28 67 41 54 -3 11 0 0.00 0.0 0 3.7 12 280 M M 2 20 270
29 59 47 53 -5 12 0 0.01 0.0 0 6.7 16 60 M M 8 23 80
30 60 49 55 -3 10 0 0.71 0.0 0 9.1 18 130 M M 9 1 36 160
================================================================================
SM 1731 1290 432 0 4.49 T 198.1 M 156
================================================================================
AV 57.7 43.0 6.6 FASTST M M 5 MAX(MPH)
MISC ----> # 26 50 # 40 50
================================================================================
NOTES:
# LAST OF SEVERAL OCCURRENCES
COLUMN 17 PEAK WIND IN M.P.H.
PRELIMINARY LOCAL CLIMATOLOGICAL DATA (WS FORM: F-6) , PAGE 2
STATION: CENTRAL PARK NY
MONTH: APRIL
YEAR: 2020
LATITUDE: 40 46 N
LONGITUDE: 73 58 W
[TEMPERATURE DATA] [PRECIPITATION DATA] SYMBOLS USED IN COLUMN 16
AVERAGE MONTHLY: 50.4 TOTAL FOR MONTH: 4.49 1 = FOG OR MIST
DPTR FM NORMAL: -2.7 DPTR FM NORMAL: -0.01 2 = FOG REDUCING VISIBILITY
HIGHEST: 68 ON 7 GRTST 24HR 1.92 ON 13-13 TO 1/4 MILE OR LESS
LOWEST: 36 ON 22,17 3 = THUNDER
SNOW, ICE PELLETS, HAIL 4 = ICE PELLETS
TOTAL MONTH: T 5 = HAIL
GRTST 24HR T ON 10-10 6 = FREEZING RAIN OR DRIZZLE
GRTST DEPTH: 0 7 = DUSTSTORM OR SANDSTORM:
VSBY 1/2 MILE OR LESS
8 = SMOKE OR HAZE
[NO. OF DAYS WITH] [WEATHER - DAYS WITH] 9 = BLOWING SNOW
X = TORNADO
MAX 32 OR BELOW: 0 0.01 INCH OR MORE: 15
MAX 90 OR ABOVE: 0 0.10 INCH OR MORE: 10
MIN 32 OR BELOW: 0 0.50 INCH OR MORE: 2
MIN 0 OR BELOW: 0 1.00 INCH OR MORE: 1
[HDD (BASE 65) ]
TOTAL THIS MO. 432 CLEAR (SCALE 0-3) 12
DPTR FM NORMAL 61 PTCLDY (SCALE 4-7) 10
TOTAL FM JUL 1 4088 CLOUDY (SCALE 8-10) 8
DPTR FM NORMAL -505
[CDD (BASE 65) ]
TOTAL THIS MO. 0
DPTR FM NORMAL -11 [PRESSURE DATA]
TOTAL FM JAN 1 0 HIGHEST SLP M ON M
DPTR FM NORMAL -12 LOWEST SLP 29.14 ON 9
[REMARKS]
#FINAL-04-20#