375
CXUS51 KOKX 020147
CLSNYC
CLIMATE REPORT
NATIONAL WEATHER SERVICE NEW YORK NY
943 PM EDT TUE SEP 1 2020
...................................
...THE CENTRAL PARK NY CLIMATE SUMMARY FOR THE SEASON, FROM
6/1/2020 TO 8/31/2020...
CLIMATE NORMAL PERIOD 1981 TO 2010
CLIMATE RECORD PERIOD 1869 TO 2020
WEATHER OBSERVED NORMAL DEPART LAST YEAR`S
VALUE DATE(S) VALUE FROM VALUE
NORMAL
.............................................................
TEMPERATURE (F)
RECORD
HIGH 106 07/09/1936
LOW 44 06/01/1945
HIGHEST 96 07/06 MM MM
LOWEST 51 06/01 MM MM
AVG. MAXIMUM 84.3 82.0 2.3
AVG. MINIMUM 69.4 66.8 2.6
MEAN 76.9 74.4 2.5
DAYS MAX >= 90 20 10.8 9.2
DAYS MAX <= 32 0 0.0 0.0
DAYS MIN <= 32 0 0.0 0.0
DAYS MIN <= 0 0 0.0 0.0
PRECIPITATION (INCHES)
RECORD
MAXIMUM 25.23 2011
MINIMUM 4.31 1966
TOTALS 13.37 13.45 -0.08 14.93
DAILY AVG. 0.14 0.15 -0.01
DAYS >= .01 33 31.1 1.9
DAYS >= .10 23 20.0 3.0
DAYS >= .50 9 9.0 0.0
DAYS >= 1.00 3 3.7 -0.7
GREATEST
24 HR. TOTAL 2.54 MM
STORM TOTAL MM
(MM/DD(HH)) MM
SNOWFALL (INCHES)
RECORDS
TOTAL T 1990
1951
24 HR TOTAL MM
TOTALS 0.0 0.0 0.0
LIQUID EQUIV 0.00 0.00 0.00
SINCE 7/1 0.0 0.0 0.0
LIQUID 7/1 0.00
DAYS >= TRACE 0 0.0 0.0
DAYS >= 1.0 0 0.0 0.0
GREATEST
SNOW DEPTH 0 MM
24 HR TOTAL 0.0 MM
STORM TOTAL MM
(MM/DD(HH)) MM
DEGREE_DAYS
HEATING TOTAL 5 21 -16
SINCE 7/1 0 2 -2
COOLING TOTAL 1120 885 235
SINCE 1/1 1164 954 210
..............................................................
WIND (MPH)
AVERAGE WIND SPEED 3.5
HIGHEST WIND SPEED/DIRECTION 33/340 DATE 06/29
HIGHEST GUST SPEED/DIRECTION 48/130 DATE 08/04
SKY COVER
POSSIBLE SUNSHINE (PERCENT) MM
AVERAGE SKY COVER 0.20
NUMBER OF DAYS FAIR 65
NUMBER OF DAYS PC 23
NUMBER OF DAYS CLOUDY 4
AVERAGE RH (PERCENT) 66
WEATHER CONDITIONS. NUMBER OF DAYS WITH
0
19
0
0
0
0
2
HAZE 10
- INDICATES NEGATIVE NUMBERS.
R INDICATES RECORD WAS SET OR TIED.
MM INDICATES DATA IS MISSING.
T INDICATES TRACE AMOUNT.
$$