000
CXUS55 KPSR 011005
CF6NYL
PRELIMINARY LOCAL CLIMATOLOGICAL DATA (WS FORM: F-6)
STATION: YUMA AZ
MONTH: AUGUST
YEAR: 2022
LATITUDE: 32 39 N
LONGITUDE: 114 37 W
TEMPERATURE IN F: :PCPN: SNOW: WIND :SUNSHINE: SKY :PK WND
================================================================================
1 2 3 4 5 6A 6B 7 8 9 10 11 12 13 14 15 16 17 18
12Z AVG MX 2MIN
DY MAX MIN AVG DEP HDD CDD WTR SNW DPTH SPD SPD DIR MIN PSBL S-S WX SPD DR
================================================================================
1 103 82 93 -2 0 28 0.00 M M 6.4 17 210 M M 3 22 200
2 106 83 95 0 0 30 0.00 M M 6.5 14 200 M M 3 8 19 170
3 107 86 97 2 0 32 0.00 M M 11.0 21 200 M M 4 25 140
4 96 86 91 -4 0 26 T M M 8.8 23 80 M M 5 28 80
5 106 82 94 -1 0 29 0.00 M M 4.8 10 240 M M 1 8 13 210
6 110 87 99 4 0 34 0.00 M M 4.9 13 260 M M 0 17 280
7 103 83 93 -2 0 28 T M M 11.8 38 160 M M 1 38 43 160
8 103 84 94 -1 0 29 T M M 8.1 18 150 M M 5 38 22 150
9 107 86 97 2 0 32 0.00 M M 5.3 17 270 M M 3 8 22 270
10 107 82 95 0 0 30 0.06 M M 9.6 32 40 M M 4 138 68 30
11 105 85 95 0 0 30 0.00 M M 3.2 13 200 M M 5 16 200
12 103 83 93 -2 0 28 0.07 M M 8.7 24 90 M M 5 3 30 90
13 106 84 95 0 0 30 0.39 M M 7.2 30 240 M M 1 38 39 250
14 105 82 94 -1 0 29 T M M 7.7 31 70 M M 1 3 37 70
15 104 80 92 -3 0 27 0.00 M M 5.6 16 90 M M 1 20 90
16 107 86 97 2 0 32 0.00 M M 8.8 29 90 M M 3 38 34 90
17 106 85 96 1 0 31 0.00 M M 11.1 22 160 M M 2 3 26 160
18 105 80 93 -2 0 28 0.02 M M 12.0 35 40 M M 3 38 44 40
19 101 80 91 -4 0 26 T M M 7.3 29 100 M M 2 3 35 100
20 99 78 89 -6 0 24 0.00 M M 10.4 24 150 M M 0 3 28 150
21 101 81 91 -4 0 26 0.00 M M 10.4 20 150 M M 1 23 150
22 104 76 90 -5 0 25 0.04 M M 8.3 28 360 M M 2 38 38 10
23 106 86 96 1 0 31 T M M 7.6 18 50 M M 2 27 60
24 104 87 96 2 0 31 0.00 M M 9.3 21 130 M M 3 3 25 130
25 105 83 94 0 0 29 0.00 M M 6.1 14 190 M M 3 3 17 10
26 107 87 97 3 0 32 0.00 M M 6.0 14 210 M M 1 17 210
27 107 88 98 4 0 33 0.00 M M 9.2 18 150 M M 0 22 150
28 103 84 94 0 0 29 0.00 M M 13.0 21 150 M M 1 24 200
29 106 85 96 2 0 31 0.00 M M 5.8 12 130 M M 0 16 200
30 113 87 100 6 0 35 0.00 M M 4.9 12 290 M M 0 16 250
31 111 88 100 6 0 35 0.00 M M 8.0 16 180 M M 0 24 160
================================================================================
SM 3256 2596 0 920 0.58 M 247.8 M 65
================================================================================
AV105.0 83.7 8.0 FASTST M M 2 MAX(MPH)
MISC ----> 38 160 68 30
================================================================================
NOTES:
# LAST OF SEVERAL OCCURRENCES
COLUMN 17 PEAK WIND IN M.P.H.
PRELIMINARY LOCAL CLIMATOLOGICAL DATA (WS FORM: F-6) , PAGE 2
STATION: YUMA AZ
MONTH: AUGUST
YEAR: 2022
LATITUDE: 32 39 N
LONGITUDE: 114 37 W
[TEMPERATURE DATA] [PRECIPITATION DATA] SYMBOLS USED IN COLUMN 16
AVERAGE MONTHLY: 94.4 TOTAL FOR MONTH: 0.58 1 = FOG OR MIST
DPTR FM NORMAL: -0.4 DPTR FM NORMAL: 0.38 2 = FOG REDUCING VISIBILITY
HIGHEST: 113 ON 30 GRTST 24HR 0.39 ON 13-13 TO 1/4 MILE OR LESS
LOWEST: 76 ON 22 3 = THUNDER
SNOW, ICE PELLETS, HAIL 4 = ICE PELLETS
TOTAL MONTH: M 5 = HAIL
GRTST 24HR M ON M 6 = FREEZING RAIN OR DRIZZLE
GRTST DEPTH: M ON M 7 = DUSTSTORM OR SANDSTORM:
VSBY 1/2 MILE OR LESS
8 = SMOKE OR HAZE
[NO. OF DAYS WITH] [WEATHER - DAYS WITH] 9 = BLOWING SNOW
X = TORNADO
MAX 32 OR BELOW: 0 0.01 INCH OR MORE: 5
MAX 90 OR ABOVE: 31 0.10 INCH OR MORE: 1
MIN 32 OR BELOW: 0 0.50 INCH OR MORE: 0
MIN 0 OR BELOW: 0 1.00 INCH OR MORE: 0
[HDD (BASE 65) ]
TOTAL THIS MO. 0 CLEAR (SCALE 0-3) 22
DPTR FM NORMAL 0 PTCLDY (SCALE 4-7) 9
TOTAL FM JUL 1 0 CLOUDY (SCALE 8-10) 0
DPTR FM NORMAL 0
[CDD (BASE 65) ]
TOTAL THIS MO. 920
DPTR FM NORMAL -4 [PRESSURE DATA]
TOTAL FM JAN 1 3644 HIGHEST SLP 29.99 ON 22
DPTR FM NORMAL 176 LOWEST SLP 29.58 ON 27
[REMARKS]
#FINAL-08-22#