000
CXUS55 KPSR 011331
CLMNYL
CLIMATE REPORT
NATIONAL WEATHER SERVICE PHOENIX AZ
631 AM MST THU FEB 01 2024
...................................
...THE YUMA AZ CLIMATE SUMMARY FOR THE MONTH OF JANUARY 2024...
CLIMATE NORMAL PERIOD 1991 TO 2020
CLIMATE RECORD PERIOD 1876 TO 2024
WEATHER OBSERVED NORMAL DEPART LAST YEAR`S
VALUE DATE(S) VALUE FROM VALUE
NORMAL
..............................................................
TEMPERATURE (F)
RECORD
HIGH 88 01/19/1971
LOW 22 01/24/1937
01/20/1883
HIGHEST MM 79 MM
LOWEST 36 01/09 37 -1
AVG. MAXIMUM MM 69.8 MM
AVG. MINIMUM 46.8 47.9 -1.1
MEAN MM 58.8 MM
DAYS MAX >= 90 0 0.0 0.0
DAYS MAX >= 100 0
DAYS MAX >= 110 0
DAYS MIN <= 32 0 0.0 0.0
DAYS MIN >= 90 0
PRECIPITATION (INCHES)
RECORD
MAXIMUM 2.83 1897
MINIMUM 0.00 2022
TOTALS 1.31 0.39 0.92
DAYS >= .01 4 2.6 1.4
DAYS >= .10 2 1.3 0.7
DAYS >= .50 1 0.1 0.9
DAYS >= 1.00 1 0.0 1.0
GREATEST
24 HR. TOTAL 1.07 01/22 TO 01/22
DEGREE DAYS
HEATING TOTAL 210 195 15
SINCE 7/1 391 503 -112
COOLING TOTAL 1 5 -4
SINCE 1/1 1 5 -4
..............................................................
WIND (MPH)
AVERAGE WIND SPEED 5.0
HIGHEST GUST SPEED/DIRECTION 39/310 DATE 01/07
AVERAGE RH (PERCENT) 48
WEATHER CONDITIONS. NUMBER OF DAYS WITH
THUNDERSTORM 0 HEAVY RAIN 1
RAIN 2 LIGHT RAIN 5
FOG W/VIS <= 1/4 MILE 0
- INDICATES NEGATIVE NUMBERS.
R INDICATES RECORD WAS SET OR TIED.
MM INDICATES DATA IS MISSING.
T INDICATES TRACE AMOUNT.
$$