000
CXUS56 KMTR 011000
CF6OAK
PRELIMINARY LOCAL CLIMATOLOGICAL DATA (WS FORM: F-6)
STATION: OAKLAND AIRPORT
MONTH: FEBRUARY
YEAR: 2024
LATITUDE: 37 43 N
LONGITUDE: 122 13 W
TEMPERATURE IN F: :PCPN: SNOW: WIND :SUNSHINE: SKY :PK WND
================================================================================
1 2 3 4 5 6A 6B 7 8 9 10 11 12 13 14 15 16 17 18
12Z AVG MX 2MIN
DY MAX MIN AVG DEP HDD CDD WTR SNW DPTH SPD SPD DIR MIN PSBL S-S WX SPD DR
================================================================================
1 59 50 55 4 10 0 0.34 M M 6.3 17 280 M M 8 1 22 240
2 59 48 54 3 11 0 0.31 M M 9.1 20 250 M M 7 1 29 290
3 57 47 52 1 13 0 0.37 M M 7.5 18 80 M M 8 1 32 80
4 60 47 54 3 11 0 0.60 M M 21.2 41 170 M M 9 1 61 140
5 59 50 55 4 10 0 0.27 M M 9.9 24 200 M M 7 35 140
6 58 43 51 -1 14 0 0.00 M M 5.5 16 290 M M 5 1 22 270
7 55 42 49 -3 16 0 0.47 M M 13.2 38 300 M M 7 1 47 280
8 55 36 46 -6 19 0 0.00 M M 4.4 10 340 M M 3 14 340
9 56 39 48 -4 17 0 0.00 M M 3.6 14 280 M M 4 17 270
10 61 43 52 0 13 0 0.00 M M 6.9 15 250 M M 1 19 240
11 60 45 53 1 12 0 0.00 M M 5.6 13 310 M M 4 1 17 300
12 59 42 51 -1 14 0 0.00 M M 4.6 12 280 M M 5 1 14 280
13 57 43 50 -2 15 0 0.00 M M 4.4 12 170 M M 6 15 290
14 59 48 54 2 11 0 0.17 M M 9.5 22 170 M M 9 1 27 180
15 61 49 55 3 10 0 0.00 M M 6.3 14 150 M M 7 1 16 140
16 58 48 53 0 12 0 0.00 M M 3.4 10 270 M M 8 14 250
17 58 52 55 2 10 0 0.28 M M 10.7 23 160 M M 9 1 40 150
18 68 48 58 5 7 0 0.27 M M 11.5 25 150 M M 7 1 45 140
19 63 54 59 6 6 0 0.15 M M 17.5 30 170 M M 8 13 42 170
20 60 50 55 2 10 0 0.34 M M 7.7 23 280 M M 9 1 31 290
21 60 45 53 0 12 0 0.00 M M 5.4 12 150 M M 6 12 M M
22 62 46 54 1 11 0 0.00 M M 4.5 12 290 M M 4 14 280
23 68 46 57 4 8 0 0.00 M M 7.0 16 40 M M 5 24 350
24 68 45 57 3 8 0 0.00 M M 3.5 9 310 M M 4 13 220
25 64 46 55 1 10 0 0.00 M M 5.7 18 280 M M 4 22 260
26 62 48 55 1 10 0 0.00 M M 6.2 20 250 M M 6 30 240
27 62 43 53 -1 12 0 0.00 M M 6.7 15 300 M M 2 20 270
28 65 40 53 -1 12 0 0.00 M M 6.1 15 270 M M 1 17 280
29 61 49 55 1 10 0 0.14 M M 14.4 29 200 M M 9 1 40 230
================================================================================
SM 1754 1332 334 0 3.71 M 228.3 M 172
================================================================================
AV 60.5 45.9 7.9 FASTST M M 6 MAX(MPH)
MISC ----> 41 170 61 140
================================================================================
NOTES:
# LAST OF SEVERAL OCCURRENCES
COLUMN 17 PEAK WIND IN M.P.H.
PRELIMINARY LOCAL CLIMATOLOGICAL DATA (WS FORM: F-6) , PAGE 2
STATION: OAKLAND AIRPORT
MONTH: FEBRUARY
YEAR: 2024
LATITUDE: 37 43 N
LONGITUDE: 122 13 W
[TEMPERATURE DATA] [PRECIPITATION DATA] SYMBOLS USED IN COLUMN 16
AVERAGE MONTHLY: 53.2 TOTAL FOR MONTH: 3.71 1 = FOG OR MIST
DPTR FM NORMAL: 0.7 DPTR FM NORMAL: 0.20 2 = FOG REDUCING VISIBILITY
HIGHEST: 68 ON 24,23 GRTST 24HR 0.97 ON 3- 4 TO 1/4 MILE OR LESS
LOWEST: 36 ON 8 3 = THUNDER
SNOW, ICE PELLETS, HAIL 4 = ICE PELLETS
TOTAL MONTH: M 5 = HAIL
GRTST 24HR M ON M 6 = FREEZING RAIN OR DRIZZLE
GRTST DEPTH: M ON M 7 = DUSTSTORM OR SANDSTORM:
VSBY 1/2 MILE OR LESS
8 = SMOKE OR HAZE
[NO. OF DAYS WITH] [WEATHER - DAYS WITH] 9 = BLOWING SNOW
X = TORNADO
MAX 32 OR BELOW: 0 0.01 INCH OR MORE: 12
MAX 90 OR ABOVE: 0 0.10 INCH OR MORE: 12
MIN 32 OR BELOW: 0 0.50 INCH OR MORE: 1
MIN 0 OR BELOW: 0 1.00 INCH OR MORE: 0
[HDD (BASE 65) ]
TOTAL THIS MO. 334 CLEAR (SCALE 0-3) 4
DPTR FM NORMAL -17 PTCLDY (SCALE 4-7) 18
TOTAL FM JUL 1 1508 CLOUDY (SCALE 8-10) 7
DPTR FM NORMAL -401
[CDD (BASE 65) ]
TOTAL THIS MO. 0
DPTR FM NORMAL 0 [PRESSURE DATA]
TOTAL FM JAN 1 0 HIGHEST SLP M ON M
DPTR FM NORMAL 0 LOWEST SLP 29.30 ON 4
[REMARKS]
#FINAL-02-24#