000
CXUS56 KMTR 010940
CLMOAK
CLIMATE REPORT
NATIONAL WEATHER SERVICE SAN FRANCISCO BAY AREA
240 AM PDT SAT JUL 01 2023
...................................
...THE OAKLAND AIRPORT CLIMATE SUMMARY FOR THE MONTH OF JUNE 2023...
CLIMATE NORMAL PERIOD: 1991 TO 2020
CLIMATE RECORD PERIOD: 1948 TO 2023
WEATHER OBSERVED NORMAL DEPART LAST YEAR`S
VALUE DATE(S) VALUE FROM VALUE DATE(S)
NORMAL
................................................................
TEMPERATURE (F)
RECORD
HIGH 107 06/02/1960
LOW 18 06/06/2010
HIGHEST 73 06/30 98 06/21
LOWEST 48 06/20 50 06/01
06/18
AVG. MAXIMUM 67.6 71.4 -3.8 73.3
AVG. MINIMUM 54.2 54.1 0.1 54.8
MEAN 60.9 64.1
DAYS MAX >= 90 0 1
DAYS MAX <= 32 0 0
DAYS MIN <= 32 0 0
DAYS MIN <= 0 0 0
PRECIPITATION (INCHES)
RECORD
MAXIMUM 1.88 2011
MINIMUM 0.00 1949
TOTALS T 0.18 -0.18 0.27
DAILY AVG. T 0.01 -0.01 0.01
DAYS >= .01 0 2
DAYS >= .10 0 1
DAYS >= .50 0 0
DAYS >= 1.00 0 0
GREATEST
24 HR. TOTAL T 06/25 TO 06/25 0.27 06/04 TO 06/05
06/26 TO 06/26
06/27 TO 06/27
DEGREE DAYS
HEATING TOTAL 114 92 22 61
SINCE 7/1 2993 2690 303 MM
COOLING TOTAL 0 24 -24 41
SINCE 1/1 3 41 -38 MM
................................................................
WIND (MPH)
AVERAGE WIND SPEED 10.5
RESULTANT WIND SPEED/DIRECTION 9/270
HIGHEST WIND SPEED/DIRECTION 35/290 DATE 06/18
35/290 06/19
HIGHEST GUST SPEED/DIRECTION 47/270 DATE 06/19
SKY COVER
POSSIBLE SUNSHINE (PERCENT) MM
AVERAGE SKY COVER 0.60
NUMBER OF DAYS FAIR 7
NUMBER OF DAYS PC 13
NUMBER OF DAYS CLOUDY 10
AVERAGE RH (PERCENT) 72
WEATHER CONDITIONS. NUMBER OF DAYS WITH
THUNDERSTORM 0 MIXED PRECIP 0
HEAVY RAIN 0 RAIN 0
LIGHT RAIN 4 FREEZING RAIN 0
LT FREEZING RAIN 0 HAIL 0
HEAVY SNOW 0 SNOW 0
LIGHT SNOW 0 SLEET 0
FOG 0 FOG W/VIS <= 1/4 MILE 0
HAZE 1
- INDICATES NEGATIVE NUMBERS.
R INDICATES RECORD WAS SET OR TIED.
MM INDICATES DATA IS MISSING.
T INDICATES TRACE AMOUNT.
$$