000
CXUS53 KOAX 011257
CF6OAX
PRELIMINARY LOCAL CLIMATOLOGICAL DATA (WS FORM: F-6)
STATION: VALLEY NWS NE
MONTH: MAY
YEAR: 2021
LATITUDE: 41 19 N
LONGITUDE: 96 22 W
TEMPERATURE IN F: :PCPN: SNOW: WIND :SUNSHINE: SKY :PK WND
================================================================================
1 2 3 4 5 6A 6B 7 8 9 10 11 12 13 14 15 16 17 18
12Z AVG MX 2MIN
DY MAX MIN AVG DEP HDD CDD WTR SNW DPTH SPD SPD DIR MIN PSBL S-S WX SPD DR
================================================================================
1 87 60 74 17 0 9 0.00 0.0 0 M M M M M M 39 M
2 84 61 73 16 0 8 0.48 0.0 0 M M M M M M 3 33 M
3 66 50 58 0 7 0 0.36 0.0 0 M M M M M M 37 M
4 64 43 54 -4 11 0 0.00 0.0 0 M M M M M M 31 M
5 65 40 53 -5 12 0 0.02 0.0 0 M M M M M M 26 M
6 67 39 53 -6 12 0 0.00 0.0 0 M M M M M M 26 M
7 67 46 57 -2 8 0 0.00 0.0 0 M M M M M M 18 M
8 60 44 52 -8 13 0 1.19 0.0 0 M M M M M M 3 40 M
9 59 42 51 -9 14 0 0.08 0.0 0 M M M M M M 30 M
10 62 41 52 -8 13 0 0.00 0.0 0 M M M M M M 16 M
11 61 41 51 -10 14 0 0.00 0.0 0 M M M M M M 29 M
12 65 42 54 -7 11 0 0.00 0.0 0 M M M M M M 21 M
13 70 46 58 -4 7 0 0.00 0.0 0 M M M M M M 26 M
14 71 51 61 -1 4 0 0.13 0.0 0 M M M M M M 23 M
15 76 55 66 3 0 1 0.00 0.0 0 M M M M M M 16 M
16 64 59 62 -1 3 0 0.23 0.0 0 M M M M M M 17 M
17 69 58 64 1 1 0 0.07 0.0 0 M M M M M M 1 20 M
18 69 62 66 2 0 1 0.01 0.0 0 M M M M M M 16 M
19 74 61 68 4 0 3 0.88 0.0 0 M M M M M M 25 M
20 73 65 69 4 0 4 0.01 0.0 0 M M M M M M 23 M
21 82 66 74 9 0 9 0.03 0.0 0 M M M M M M 33 M
22 83 68 76 10 0 11 T 0.0 0 M M M M M M 25 M
23 84 67 76 10 0 11 0.00 0.0 0 M M M M M M 28 M
24 82 61 72 6 0 7 0.25 0.0 0 M M M M M M 31 M
25 85 65 75 8 0 10 0.01 0.0 0 M M M M M M 22 M
26 82 59 71 4 0 6 0.13 0.0 0 M M M M M M 3 20 M
27 70 51 61 -7 4 0 1.01 0.0 0 M M M M M M 13 26 M
28 53 47 50 -18 15 0 T 0.0 0 M M M M M M 23 M
29 66 47 57 -11 8 0 0.00 0.0 0 M M M M M M 21 M
30 63 54 59 -10 6 0 0.02 0.0 0 M M M M M M 15 M
31 75 54 65 -4 0 0 0.00 0.0 0 M M M M M M 14 M
================================================================================
SM 2198 1645 163 80 4.91 0.0 M M M
================================================================================
AV 70.9 53.1 M FASTST M M M MAX(MPH)
MISC ----> M M 40 9999
================================================================================
NOTES:
# LAST OF SEVERAL OCCURRENCES
COLUMN 17 PEAK WIND IN M.P.H.
PRELIMINARY LOCAL CLIMATOLOGICAL DATA (WS FORM: F-6) , PAGE 2
STATION: VALLEY NWS NE
MONTH: MAY
YEAR: 2021
LATITUDE: 41 19 N
LONGITUDE: 96 22 W
[TEMPERATURE DATA] [PRECIPITATION DATA] SYMBOLS USED IN COLUMN 16
AVERAGE MONTHLY: 62.0 TOTAL FOR MONTH: 4.91 1 = FOG OR MIST
DPTR FM NORMAL: -1.0 DPTR FM NORMAL: 0.17 2 = FOG REDUCING VISIBILITY
HIGHEST: 87 ON 1 GRTST 24HR 1.27 ON 8- 9 TO 1/4 MILE OR LESS
LOWEST: 39 ON 6 3 = THUNDER
SNOW, ICE PELLETS, HAIL 4 = ICE PELLETS
TOTAL MONTH: 0.0 INCH 5 = HAIL
GRTST 24HR 0.0 6 = FREEZING RAIN OR DRIZZLE
GRTST DEPTH: 0 7 = DUSTSTORM OR SANDSTORM:
VSBY 1/2 MILE OR LESS
8 = SMOKE OR HAZE
[NO. OF DAYS WITH] [WEATHER - DAYS WITH] 9 = BLOWING SNOW
X = TORNADO
MAX 32 OR BELOW: 0 0.01 INCH OR MORE: 17
MAX 90 OR ABOVE: 0 0.10 INCH OR MORE: 9
MIN 32 OR BELOW: 0 0.50 INCH OR MORE: 3
MIN 0 OR BELOW: 0 1.00 INCH OR MORE: 2
[HDD (BASE 65) ]
TOTAL THIS MO. 163 CLEAR (SCALE 0-3) 0
DPTR FM NORMAL 20 PTCLDY (SCALE 4-7) 0
TOTAL FM JUL 1 5808 CLOUDY (SCALE 8-10) 31
DPTR FM NORMAL -123
[CDD (BASE 65) ]
TOTAL THIS MO. 80
DPTR FM NORMAL -1 [PRESSURE DATA]
TOTAL FM JAN 1 105 HIGHEST SLP M ON M
DPTR FM NORMAL 13 LOWEST SLP M ON M
[REMARKS]
#FINAL-05-21#