000
CXUS54 KMAF 011636
CF6ODO
PRELIMINARY LOCAL CLIMATOLOGICAL DATA (WS FORM: F-6)
STATION: ODESSA SCHLEYMEYER
MONTH: JULY
YEAR: 2023
LATITUDE: 31 55 N
LONGITUDE: 102 23 W
TEMPERATURE IN F: :PCPN: SNOW: WIND :SUNSHINE: SKY :PK WND
================================================================================
1 2 3 4 5 6A 6B 7 8 9 10 11 12 13 14 15 16 17 18
12Z AVG MX 2MIN
DY MAX MIN AVG DEP HDD CDD WTR SNW DPTH SPD SPD DIR MIN PSBL S-S WX SPD DR
================================================================================
1 96 69 83 0 0 18 0.25 M M 11.6 43 130 M M 2 3 63 120
2 92 67 80 -3 0 15 0.00 M M 8.2 25 30 M M 0 32 20
3 95 73 84 1 0 19 0.00 M M 8.8 17 360 M M 1 3 26 340
4 96 73 85 2 0 20 0.00 M M 10.2 21 140 M M 0 27 180
5 98 75 87 4 0 22 0.00 M M 12.6 21 140 M M 0 26 180
6 97 76 87 4 0 22 0.00 M M 11.4 22 130 M M 1 28 140
7 97 74 86 3 0 21 0.00 M M 17.0 26 160 M M 0 37 150
8 98 75 87 4 0 22 0.00 M M 15.0 25 190 M M 1 32 170
9 104 80 92 9 0 27 0.00 M M 11.9 25 60 M M 0 34 70
10 105 74 90 7 0 25 0.00 M M 10.4 17 200 M M 0 23 200
11 107 83 95 12 0 30 T M M 12.6 22 150 M M 1 28 140
12 110 84 97 14 0 32 0.00 M M 12.7 30 300 M M 0 38 39 300
13 107 81 94 11 0 29 0.00 M M 10.2 22 190 M M 0 3 29 180
14 105 81 93 10 0 28 0.00 M M 11.3 21 160 M M 0 28 180
15 103 83 93 10 0 28 0.00 M M 12.3 22 130 M M 0 30 160
16 101 73 87 4 0 22 0.00 M M 11.8 29 40 M M 0 8 42 30
17 104 80 92 9 0 27 0.00 M M 13.6 24 150 M M 0 31 160
18 107 78 93 9 0 28 0.00 M M 14.3 25 200 M M 0 32 190
19 106 79 93 9 0 28 0.00 M M 14.1 24 170 M M 0 35 180
20 102 75 89 5 0 24 0.00 M M 12.7 21 150 M M 0 28 140
21 101 78 90 6 0 25 0.00 M M 14.7 28 80 M M 0 35 80
22 95 74 85 1 0 20 0.00 M M 11.8 24 70 M M 0 33 80
23 102 75 89 5 0 24 0.00 M M 8.3 15 130 M M 0 M 130
24 M M M M M M M M M 15.0 18 210 M M 0 24 210
25 100 88 94 10 0 29 0.00 M M 13.6 22 170 M M 0 29 160
26 99 79 89 5 0 24 0.00 M M 13.1 23 180 M M 0 31 180
27 99 78 89 5 0 24 0.00 M M 12.7 22 150 M M 0 34 140
28 99 77 88 4 0 23 0.00 M M 11.6 20 160 M M 0 27 180
29 99 75 87 3 0 22 0.00 M M 9.2 20 150 M M 0 25 140
30 98 76 87 3 0 22 0.00 M M 10.0 21 130 M M 1 33 160
31 99 78 89 5 0 24 0.00 M M 10.5 20 180 M M 0 26 180
================================================================================
SM 3021 2311 0 724 0.25 M 373.2 M 7
================================================================================
AV100.7 77.0 12.0 FASTST M M 0 MAX(MPH)
MISC ----> 43 130 63 120
================================================================================
NOTES:
# LAST OF SEVERAL OCCURRENCES
COLUMN 17 PEAK WIND IN M.P.H.
PRELIMINARY LOCAL CLIMATOLOGICAL DATA (WS FORM: F-6) , PAGE 2
STATION: ODESSA SCHLEYMEYER
MONTH: JULY
YEAR: 2023
LATITUDE: 31 55 N
LONGITUDE: 102 23 W
[TEMPERATURE DATA] [PRECIPITATION DATA] SYMBOLS USED IN COLUMN 16
AVERAGE MONTHLY: 88.9 TOTAL FOR MONTH: 0.25 1 = FOG OR MIST
DPTR FM NORMAL: 5.5 DPTR FM NORMAL: -1.28 2 = FOG REDUCING VISIBILITY
HIGHEST: 110 ON 12 GRTST 24HR 0.25 ON 1- 1 TO 1/4 MILE OR LESS
LOWEST: 67 ON 2 3 = THUNDER
SNOW, ICE PELLETS, HAIL 4 = ICE PELLETS
TOTAL MONTH: M 5 = HAIL
GRTST 24HR M ON M 6 = FREEZING RAIN OR DRIZZLE
GRTST DEPTH: M ON M 7 = DUSTSTORM OR SANDSTORM:
VSBY 1/2 MILE OR LESS
8 = SMOKE OR HAZE
[NO. OF DAYS WITH] [WEATHER - DAYS WITH] 9 = BLOWING SNOW
X = TORNADO
MAX 32 OR BELOW: 0 0.01 INCH OR MORE: 1
MAX 90 OR ABOVE: 30 0.10 INCH OR MORE: 1
MIN 32 OR BELOW: 0 0.50 INCH OR MORE: 0
MIN 0 OR BELOW: 0 1.00 INCH OR MORE: 0
[HDD (BASE 65) ]
TOTAL THIS MO. 0 CLEAR (SCALE 0-3) 31
DPTR FM NORMAL 0 PTCLDY (SCALE 4-7) 0
TOTAL FM JUL 1 0 CLOUDY (SCALE 8-10) 0
DPTR FM NORMAL 0
[CDD (BASE 65) ]
TOTAL THIS MO. 724
DPTR FM NORMAL 154 [PRESSURE DATA]
TOTAL FM JAN 1 1829 HIGHEST SLP 30.07 ON 30
DPTR FM NORMAL 318 LOWEST SLP 29.64 ON 12
[REMARKS]
#FINAL-07-23#