000
CXUS53 KOAX 010930
CF6OFK
PRELIMINARY LOCAL CLIMATOLOGICAL DATA (WS FORM: F-6)
STATION: NORFOLK NE
MONTH: APRIL
YEAR: 2022
LATITUDE: 41 58 N
LONGITUDE: 97 26 W
TEMPERATURE IN F: :PCPN: SNOW: WIND :SUNSHINE: SKY :PK WND
================================================================================
1 2 3 4 5 6A 6B 7 8 9 10 11 12 13 14 15 16 17 18
12Z AVG MX 2MIN
DY MAX MIN AVG DEP HDD CDD WTR SNW DPTH SPD SPD DIR MIN PSBL S-S WX SPD DR
================================================================================
1 63 19 41 -3 24 0 0.21 0.0 0 8.6 21 140 M M 3 18 27 150
2 61 30 46 1 19 0 0.00 0.0 0 8.1 16 330 M M 0 24 290
3 63 34 49 4 16 0 0.00 0.0 0 15.3 28 310 M M 1 38 290
4 61 31 46 1 19 0 0.00 0.0 0 13.3 26 170 M M 3 37 140
5 67 43 55 9 10 0 T 0.0 0 19.1 37 290 M M 5 54 290
6 50 39 45 -1 20 0 T 0.0 0 25.7 43 310 M M 7 1 62 310
7 43 35 39 -7 26 0 0.01 T 0 28.3 46 330 M M 8 1 63 330
8 55 25 40 -6 25 0 0.00 0.0 0 19.0 33 340 M M 1 43 340
9 69 20 45 -2 20 0 0.00 0.0 0 13.3 28 160 M M 0 41 150
10 61 38 50 3 15 0 T 0.0 0 13.4 31 310 M M 0 42 310
11 65 26 46 -2 19 0 0.00 0.0 0 8.5 20 260 M M 0 27 250
12 90 36 63 15 2 0 0.00 0.0 0 23.6 47 300 M M 5 8 67 290
13 48 25 37 -11 28 0 0.00 0.0 0 20.8 39 310 M M 2 52 290
14 51 26 39 -9 26 0 0.00 0.0 0 19.9 38 280 M M 0 51 310
15 47 23 35 -14 30 0 0.00 0.0 0 11.9 23 360 M M 1 29 20
16 49 21 35 -14 30 0 0.00 0.0 0 10.8 24 340 M M 0 31 300
17 55 37 46 -3 19 0 0.00 0.0 0 13.7 28 330 M M 7 38 330
18 53 27 40 -10 25 0 0.00 0.0 0 15.2 28 340 M M 1 41 330
19 57 28 43 -7 22 0 0.00 0.0 0 17.3 33 160 M M 4 45 160
20 68 38 53 3 12 0 0.06 0.0 0 11.1 25 330 M M 5 138 34 320
21 72 30 51 0 14 0 T 0.0 0 13.2 26 120 M M 3 37 120
22 90 55 73 22 0 8 0.00 0.0 0 23.7 38 170 M M 7 54 170
23 77 44 61 10 4 0 T 0.0 0 29.5 45 230 M M 2 68 200
24 51 38 45 -7 20 0 0.02 0.0 0 22.8 36 300 M M 8 52 300
25 55 28 42 -10 23 0 0.00 0.0 0 15.9 30 330 M M 4 40 350
26 75 21 48 -4 17 0 0.00 0.0 0 11.7 24 180 M M 0 34 210
27 81 45 63 10 2 0 0.00 0.0 0 11.9 24 180 M M 0 34 180
28 84 42 63 10 2 0 T 0.0 0 9.7 29 150 M M 2 3 37 160
29 65 54 60 6 5 0 0.68 0.0 0 14.6 24 200 M M 8 138 34 190
30 55 45 50 -4 15 0 0.09 0.0 0 24.7 38 310 M M 10 1 54 290
================================================================================
SM 1881 1003 509 8 1.07 T 494.6 M 97
================================================================================
AV 62.7 33.4 16.5 FASTST M M 3 MAX(MPH)
MISC ----> 47 300 68 200
================================================================================
NOTES:
# LAST OF SEVERAL OCCURRENCES
COLUMN 17 PEAK WIND IN M.P.H.
PRELIMINARY LOCAL CLIMATOLOGICAL DATA (WS FORM: F-6) , PAGE 2
STATION: NORFOLK NE
MONTH: APRIL
YEAR: 2022
LATITUDE: 41 58 N
LONGITUDE: 97 26 W
[TEMPERATURE DATA] [PRECIPITATION DATA] SYMBOLS USED IN COLUMN 16
AVERAGE MONTHLY: 48.1 TOTAL FOR MONTH: 1.07 1 = FOG OR MIST
DPTR FM NORMAL: -0.8 DPTR FM NORMAL: -1.66 2 = FOG REDUCING VISIBILITY
HIGHEST: 90 ON 22,12 GRTST 24HR 0.77 ON 29-30 TO 1/4 MILE OR LESS
LOWEST: 19 ON 1 3 = THUNDER
SNOW, ICE PELLETS, HAIL 4 = ICE PELLETS
TOTAL MONTH: T 5 = HAIL
GRTST 24HR T ON 7- 7 6 = FREEZING RAIN OR DRIZZLE
GRTST DEPTH: 0 7 = DUSTSTORM OR SANDSTORM:
VSBY 1/2 MILE OR LESS
8 = SMOKE OR HAZE
[NO. OF DAYS WITH] [WEATHER - DAYS WITH] 9 = BLOWING SNOW
X = TORNADO
MAX 32 OR BELOW: 0 0.01 INCH OR MORE: 6
MAX 90 OR ABOVE: 2 0.10 INCH OR MORE: 2
MIN 32 OR BELOW: 15 0.50 INCH OR MORE: 1
MIN 0 OR BELOW: 0 1.00 INCH OR MORE: 0
[HDD (BASE 65) ]
TOTAL THIS MO. 509 CLEAR (SCALE 0-3) 16
DPTR FM NORMAL 21 PTCLDY (SCALE 4-7) 13
TOTAL FM JUL 1 5663 CLOUDY (SCALE 8-10) 1
DPTR FM NORMAL -726
[CDD (BASE 65) ]
TOTAL THIS MO. 8
DPTR FM NORMAL 1 [PRESSURE DATA]
TOTAL FM JAN 1 8 HIGHEST SLP 30.44 ON 18
DPTR FM NORMAL 0 LOWEST SLP 29.06 ON 12
[REMARKS]
#FINAL-04-22#