000
CXUS52 KCAE 011400
CF6OGB
PRELIMINARY LOCAL CLIMATOLOGICAL DATA (WS FORM: F-6)
STATION: ORANGEBURG AIRPORT SC
MONTH: APRIL
YEAR: 2023
LATITUDE: 33 27 N
LONGITUDE: 80 51 W
TEMPERATURE IN F: :PCPN: SNOW: WIND :SUNSHINE: SKY :PK WND
================================================================================
1 2 3 4 5 6A 6B 7 8 9 10 11 12 13 14 15 16 17 18
12Z AVG MX 2MIN
DY MAX MIN AVG DEP HDD CDD WTR SNW DPTH SPD SPD DIR MIN PSBL S-S WX SPD DR
================================================================================
1 77 64 71 10 0 6 0.10 M M 13.5 26 230 M M 3 13 37 230
2 74 49 62 1 3 0 0.00 M M 3.9 12 30 M M 0 17 20
3 73 50 62 0 3 0 0.11 M M 3.4 14 150 M M 6 12 19 150
4 82 57 70 8 0 5 0.00 M M 1.5 8 230 M M 6 12 13 220
5 88 61 75 13 0 10 0.00 M M 5.4 15 200 M M 3 12 20 190
6 86 69 78 16 0 13 0.00 M M 8.1 15 210 M M 4 20 200
7 87 49 68 6 0 3 0.09 M M 9.0 29 20 M M 6 1 37 20
8 50 45 48 -15 17 0 1.73 M M 11.5 18 60 M M 10 1 28 40
9 65 44 55 -8 10 0 0.45 M M 12.5 22 10 M M 5 1 30 10
10 67 45 56 -7 9 0 0.00 M M 8.8 17 40 M M 0 25 10
11 73 41 57 -6 8 0 0.00 M M 3.2 13 20 M M 0 19 20
12 79 42 61 -3 4 0 0.00 M M 1.5 8 170 M M 0 12 130
13 76 47 62 -2 3 0 0.26 M M 3.8 14 130 M M 4 13 20 140
14 81 65 73 9 0 8 0.50 M M 5.1 28 260 M M 8 13 38 250
15 83 60 72 8 0 7 0.00 M M 5.6 17 250 M M 4 12 26 260
16 82 62 72 7 0 7 T M M 9.2 20 220 M M 3 25 240
17 73 51 62 -3 3 0 0.00 M M 10.0 22 270 M M 1 26 230
18 80 42 61 -4 4 0 0.00 M M 3.0 12 260 M M 0 19 290
19 86 50 68 3 0 3 0.00 M M 3.5 14 180 M M 0 18 190
20 85 53 69 3 0 4 0.00 M M 4.3 13 220 M M 0 1 17 190
21 83 56 70 4 0 5 0.00 M M 5.2 17 190 M M 2 1 21 180
22 83 58 71 5 0 6 T M M 8.1 22 300 M M 3 29 280
23 78 48 63 -3 2 0 0.00 M M 2.7 15 290 M M 0 20 260
24 72 56 64 -2 1 0 T M M 4.8 14 20 M M 7 19 30
25 75 56 66 -1 0 1 0.02 M M 4.9 13 60 M M 7 20 70
26 78 57 68 1 0 3 0.23 M M 6.4 17 20 M M 8 13 20 20
27 75 58 67 0 0 2 0.18 M M 6.6 17 130 M M 9 1 27 140
28 81 65 73 5 0 8 0.01 M M 8.4 21 270 M M 6 1 29 280
29 84 60 72 4 0 7 1.07 M M 4.6 23 250 M M 2 123 41 290
30 76 61 69 1 0 4 0.28 M M 13.7 28 280 M M 6 13 39 280
================================================================================
SM 2332 1621 67 102 5.03 M 192.2 M 113
================================================================================
AV 77.7 54.0 6.4 FASTST M M 4 MAX(MPH)
MISC ----> 29 20 41 290
================================================================================
NOTES:
# LAST OF SEVERAL OCCURRENCES
COLUMN 17 PEAK WIND IN M.P.H.
PRELIMINARY LOCAL CLIMATOLOGICAL DATA (WS FORM: F-6) , PAGE 2
STATION: ORANGEBURG AIRPORT SC
MONTH: APRIL
YEAR: 2023
LATITUDE: 33 27 N
LONGITUDE: 80 51 W
[TEMPERATURE DATA] [PRECIPITATION DATA] SYMBOLS USED IN COLUMN 16
AVERAGE MONTHLY: 65.9 TOTAL FOR MONTH: 5.03 1 = FOG OR MIST
DPTR FM NORMAL: 1.4 DPTR FM NORMAL: 2.18 2 = FOG REDUCING VISIBILITY
HIGHEST: 88 ON 5 GRTST 24HR 2.17 ON 8- 9 TO 1/4 MILE OR LESS
LOWEST: 41 ON 11 3 = THUNDER
SNOW, ICE PELLETS, HAIL 4 = ICE PELLETS
TOTAL MONTH: M 5 = HAIL
GRTST 24HR M ON M 6 = FREEZING RAIN OR DRIZZLE
GRTST DEPTH: M ON M 7 = DUSTSTORM OR SANDSTORM:
VSBY 1/2 MILE OR LESS
8 = SMOKE OR HAZE
[NO. OF DAYS WITH] [WEATHER - DAYS WITH] 9 = BLOWING SNOW
X = TORNADO
MAX 32 OR BELOW: 0 0.01 INCH OR MORE: 13
MAX 90 OR ABOVE: 0 0.10 INCH OR MORE: 10
MIN 32 OR BELOW: 0 0.50 INCH OR MORE: 3
MIN 0 OR BELOW: 0 1.00 INCH OR MORE: 2
[HDD (BASE 65) ]
TOTAL THIS MO. 67 CLEAR (SCALE 0-3) 13
DPTR FM NORMAL -27 PTCLDY (SCALE 4-7) 15
TOTAL FM JUL 1 1733 CLOUDY (SCALE 8-10) 2
DPTR FM NORMAL -449
[CDD (BASE 65) ]
TOTAL THIS MO. 102
DPTR FM NORMAL 23 [PRESSURE DATA]
TOTAL FM JAN 1 178 HIGHEST SLP 30.42 ON 10
DPTR FM NORMAL 66 LOWEST SLP 29.36 ON 30
[REMARKS]
#FINAL-04-23#