000
CXUS53 KEAX 011350
CLMOJC
CLIMATE REPORT
NATIONAL WEATHER SERVICE KANSAS CITY/PLEASANT HILL MO
743 AM CST FRI MAR 01 2024
...................................
...THE JOHNSON COUNTY EXECUTIVE KS CLIMATE SUMMARY FOR THE MONTH OF FEBRUARY 2024...
CLIMATE NORMAL PERIOD: 1991 TO 2020
CLIMATE RECORD PERIOD: 9999 TO 9999
WEATHER OBSERVED NORMAL DEPART LAST YEAR`S
VALUE DATE(S) VALUE FROM VALUE DATE(S)
NORMAL
................................................................
TEMPERATURE (F)
HIGHEST 76 02/26 68 8 69 02/06
02/27
LOWEST 9 02/17 5 4 9 02/01
AVG. MAXIMUM 57.7 43.8 13.9 50.7
AVG. MINIMUM 31.9 25.3 6.6 26.9
MEAN 44.8 34.5 10.3 38.8
DAYS MAX >= 90 0 0.0 0.0 0
DAYS MAX <= 32 1 5.8 -4.8 2
DAYS MIN <= 32 15 21.5 -6.5 21
DAYS MIN <= 0 0 0.4 -0.4 0
PRECIPITATION (INCHES)
TOTALS 0.51 1.41 -0.90 2.39
DAILY AVG. 0.02 NAN NAN 0.09
DAYS >= .01 3 6.0 -3.0 9
DAYS >= .10 2 3.2 -1.2 5
DAYS >= .50 0 1.0 -1.0 2
DAYS >= 1.00 0 0.3 -0.3 0
GREATEST
24 HR. TOTAL 0.46 02/03 TO 02/04
DEGREE DAYS
HEATING TOTAL 579 852 -273 726
SINCE 7/1 3328 3926 -598 MM
COOLING TOTAL 0 0 0 0
SINCE 1/1 0 0 0 MM
................................................................
WIND (MPH)
AVERAGE WIND SPEED 8.7
HIGHEST WIND SPEED/DIRECTION 31/350 DATE 02/27
HIGHEST GUST SPEED/DIRECTION 49/240 DATE 02/08
SKY COVER
POSSIBLE SUNSHINE (PERCENT) MM
AVERAGE SKY COVER 0.14
NUMBER OF DAYS FAIR 25
NUMBER OF DAYS PC 2
NUMBER OF DAYS CLOUDY 2
AVERAGE RH (PERCENT) 58
WEATHER CONDITIONS. NUMBER OF DAYS WITH
THUNDERSTORM 0 MIXED PRECIP 0
HEAVY RAIN 0 RAIN 2
LIGHT RAIN 2 FREEZING RAIN 0
LT FREEZING RAIN 0 HAIL 0
HEAVY SNOW 0 SNOW 1
LIGHT SNOW 3 SLEET 0
FOG 5 FOG W/VIS <= 1/4 MILE 1
HAZE 2
- INDICATES NEGATIVE NUMBERS.
R INDICATES RECORD WAS SET OR TIED.
MM INDICATES DATA IS MISSING.
T INDICATES TRACE AMOUNT.
$$