357
CXUS53 KOAX 041749
CF6OMA
PRELIMINARY LOCAL CLIMATOLOGICAL DATA (WS FORM: F-6)
STATION: OMAHA NE
MONTH: JANUARY
YEAR: 2021
LATITUDE: 41 17 N
LONGITUDE: 95 54 W
TEMPERATURE IN F: :PCPN: SNOW: WIND :SUNSHINE: SKY :PK WND
================================================================================
1 2 3 4 5 6A 6B 7 8 9 10 11 12 13 14 15 16 17 18
12Z AVG MX 2MIN
DY MAX MIN AVG DEP HDD CDD WTR SNW DPTH SPD SPD DIR MIN PSBL S-S WX SPD DR
================================================================================
1 26 11 19 -4 46 0 0.00 0.0 5 5.9 15 10 M M 7 12 17 10
2 28 9 19 -4 46 0 0.00 0.0 5 4.1 9 160 M M 7 128 11 140
3 36 14 25 2 40 0 0.00 0.0 5 9.0 15 180 M M 3 128 18 180
4 42 23 33 10 32 0 0.00 0.0 3 7.1 20 330 M M 4 12 26 320
5 42 20 31 8 34 0 0.00 0.0 2 9.7 21 140 M M 6 1 25 140
6 39 33 36 13 29 0 0.17 T 1 6.2 17 100 M M 10 1 21 90
7 35 26 31 8 34 0 0.02 0.1 T 6.4 12 110 M M 9 18 17 110
8 33 23 28 5 37 0 0.00 0.0 T 4.6 10 350 M M 9 18 14 10
9 29 25 27 4 38 0 0.00 0.0 T 8.4 13 330 M M 10 18 16 10
10 36 26 31 8 34 0 0.00 0.0 T 4.1 10 260 M M 10 18 14 260
11 46 22 34 11 31 0 0.00 0.0 T 8.1 18 230 M M 2 25 230
12 50 24 37 14 28 0 0.00 0.0 T 6.1 10 140 M M 4 13 170
13 52 30 41 18 24 0 T 0.0 0 7.3 13 290 M M 8 23 210
14 45 33 39 16 26 0 0.08 T 0 23.1 41 320 M M 10 18 57 300
15 33 29 31 8 34 0 0.18 2.4 1 27.7 41 330 M M 10 19 60 320
16 30 21 26 3 39 0 0.00 0.0 2 12.4 24 320 M M 10 30 330
17 38 22 30 7 35 0 0.00 0.0 2 8.4 24 330 M M 7 8 32 340
18 37 22 30 7 35 0 T 0.0 T 3.7 9 350 M M 7 10 350
19 41 20 31 8 34 0 T T 0 11.7 32 310 M M 5 6 44 300
20 51 19 35 12 30 0 0.00 0.0 0 9.2 28 230 M M 2 38 240
21 47 23 35 11 30 0 0.00 0.0 0 6.5 25 340 M M 3 33 340
22 28 18 23 -1 42 0 0.00 0.0 0 7.5 16 340 M M 5 22 340
23 32 17 25 1 40 0 0.04 0.4 0 9.9 21 150 M M 9 1 26 140
24 32 27 30 6 35 0 0.00 0.0 T 8.6 16 10 M M 9 22 10
25 27 19 23 -1 42 0 0.91 11.9 T 11.9 25 20 M M 10 129 32 30
26 22 6 14 -10 51 0 0.06 0.6 12 11.7 22 20 M M 7 89 28 10
27 22 7 15 -9 50 0 0.06 0.6 11 6.3 13 360 M M 5 1 14 10
28 28 10 19 -5 46 0 0.00 0.0 11 11.7 23 180 M M 10 30 180
29 38 19 29 5 36 0 0.00 0.0 9 11.5 21 150 M M 7 18 24 140
30 39 30 35 11 30 0 T 0.0 7 14.3 25 340 M M 10 1 34 340
31 31 27 29 5 36 0 T 0.0 5 19.0 29 330 M M 10 16 37 340
================================================================================
SM 1115 655 1124 0 1.52 16.0 302.1 M 225
================================================================================
AV 36.0 21.1 9.7 FASTST M M 7 MAX(MPH)
MISC ----> # 41 320 60 320
================================================================================
NOTES:
# LAST OF SEVERAL OCCURRENCES
COLUMN 17 PEAK WIND IN M.P.H.
PRELIMINARY LOCAL CLIMATOLOGICAL DATA (WS FORM: F-6) , PAGE 2
STATION: OMAHA NE
MONTH: JANUARY
YEAR: 2021
LATITUDE: 41 17 N
LONGITUDE: 95 54 W
[TEMPERATURE DATA] [PRECIPITATION DATA] SYMBOLS USED IN COLUMN 16
AVERAGE MONTHLY: 28.5 TOTAL FOR MONTH: 1.52 1 = FOG OR MIST
DPTR FM NORMAL: 5.0 DPTR FM NORMAL: 0.80 2 = FOG REDUCING VISIBILITY
HIGHEST: 52 ON 13 GRTST 24HR 0.97 ON 25-26 TO 1/4 MILE OR LESS
LOWEST: 6 ON 26 3 = THUNDER
SNOW, ICE PELLETS, HAIL 4 = ICE PELLETS
TOTAL MONTH: 16.0 INCHES 5 = HAIL
GRTST 24HR 12.5 ON 25-26 6 = FREEZING RAIN OR DRIZZLE
GRTST DEPTH: 12 ON 26 7 = DUSTSTORM OR SANDSTORM:
VSBY 1/2 MILE OR LESS
8 = SMOKE OR HAZE
[NO. OF DAYS WITH] [WEATHER - DAYS WITH] 9 = BLOWING SNOW
X = TORNADO
MAX 32 OR BELOW: 12 0.01 INCH OR MORE: 8
MAX 90 OR ABOVE: 0 0.10 INCH OR MORE: 3
MIN 32 OR BELOW: 29 0.50 INCH OR MORE: 1
MIN 0 OR BELOW: 0 1.00 INCH OR MORE: 0
[HDD (BASE 65) ]
TOTAL THIS MO. 1124 CLEAR (SCALE 0-3) 3
DPTR FM NORMAL -162 PTCLDY (SCALE 4-7) 13
TOTAL FM JUL 1 3412 CLOUDY (SCALE 8-10) 15
DPTR FM NORMAL -359
[CDD (BASE 65) ]
TOTAL THIS MO. 0
DPTR FM NORMAL 0 [PRESSURE DATA]
TOTAL FM JAN 1 0 HIGHEST SLP 30.61 ON 28
DPTR FM NORMAL 0 LOWEST SLP 29.49 ON 14
[REMARKS]
#FINAL-01-21#