000
CXAK56 PAFG 011713
CF6OME
PRELIMINARY LOCAL CLIMATOLOGICAL DATA (WS FORM: F-6)
STATION: NOME AK
MONTH: NOVEMBER
YEAR: 2021
LATITUDE: 64 30 N
LONGITUDE: 165 26 W
TEMPERATURE IN F: :PCPN: SNOW: WIND :SUNSHINE: SKY :PK WND
================================================================================
1 2 3 4 5 6A 6B 7 8 9 10 11 12 13 14 15 16 17 18
12Z AVG MX 2MIN
DY MAX MIN AVG DEP HDD CDD WTR SNW DPTH SPD SPD DIR MIN PSBL S-S WX SPD DR
================================================================================
1 32 11 22 -2 43 0 0.12 M M 17.8 36 130 M M 7 1 45 120
2 33 26 30 6 35 0 0.18 M M 20.8 38 140 M M 10 189 46 140
3 28 5 17 -6 48 0 0.00 M M 5.4 16 70 M M 6 18 20 70
4 26 8 17 -6 48 0 T M M 0.9 7 350 M M 8 18 9 340
5 28 7 18 -4 47 0 0.00 M M 10.4 23 300 M M 5 28 300
6 25 4 15 -7 50 0 0.00 M M 6.8 21 310 M M 8 25 320
7 23 0 12 -10 53 0 0.03 M M 7.3 17 40 M M 7 1 21 50
8 22 -1 11 -10 54 0 0.00 M M 4.1 18 340 M M 3 20 340
9 20 0 10 -11 55 0 0.00 M M 4.6 17 80 M M 4 24 80
10 10 -5 3 -17 62 0 0.00 M M 4.5 12 340 M M 4 13 330
11 17 1 9 -11 56 0 0.00 M M 5.2 13 350 M M 8 16 350
12 18 -6 6 -13 59 0 0.00 M M 2.3 9 330 M M 0 11 320
13 24 -4 10 -9 55 0 0.05 M M 2.5 8 80 M M 8 1 10 70
14 27 9 18 -1 47 0 0.05 M M 2.5 15 30 M M 10 18 17 30
15 15 -6 5 -13 60 0 0.00 M M 2.7 12 360 M M 1 13 60
16 14 -5 5 -13 60 0 0.00 M M 5.5 15 50 M M 0 19 50
17 4 -14 -5 -23 70 0 0.00 M M 4.3 15 30 M M 0 20 80
18 2 -15 -6 -23 71 0 0.00 M M 2.4 12 330 M M 0 13 340
19 11 -10 1 -16 64 0 0.00 M M 4.3 15 330 M M 0 17 340
20 14 -5 5 -11 60 0 0.00 M M 3.8 13 360 M M 1 15 350
21 14 -9 3 -13 62 0 0.00 M M 5.6 15 360 M M 0 17 50
22 10 -4 3 -13 62 0 0.00 M M 11.9 23 20 M M 2 29 20
23 11 0 6 -9 59 0 0.00 M M 10.1 24 30 M M 0 29 20
24 7 -12 -2 -17 67 0 0.00 M M 5.5 16 40 M M 0 20 50
25 -2 -16 -9 -24 74 0 0.00 M M 3.5 10 40 M M 0 11 40
26 0 -18 -9 -23 74 0 T M M 4.8 14 350 M M 4 8 15 350
27 -6 -21 -13 -27 78 0 0.00 M M 3.6 13 340 M M 0 8 14 340
28 -14 -25 -19 -33 84 0 0.00 M M 2.4 8 20 M M 0 8 20
29 -1 -25 -13 -26 78 0 T M M 6.5 28 30 M M 0 8 33 30
30 -4 -22 -13 -26 78 0 0.00 M M 3.5 15 340 M M 0 17 340
================================================================================
SM 408 -152 1813 0 0.43 M 175.5 M 96
================================================================================
AV 13.6 -5.1 5.9 FASTST M M 3 MAX(MPH)
MISC ----> 38 140 46 140
================================================================================
NOTES:
# LAST OF SEVERAL OCCURRENCES
COLUMN 17 PEAK WIND IN M.P.H.
PRELIMINARY LOCAL CLIMATOLOGICAL DATA (WS FORM: F-6) , PAGE 2
STATION: NOME AK
MONTH: NOVEMBER
YEAR: 2021
LATITUDE: 64 30 N
LONGITUDE: 165 26 W
[TEMPERATURE DATA] [PRECIPITATION DATA] SYMBOLS USED IN COLUMN 16
AVERAGE MONTHLY: 4.3 TOTAL FOR MONTH: 0.43 1 = FOG OR MIST
DPTR FM NORMAL: -13.9 DPTR FM NORMAL: -0.84 2 = FOG REDUCING VISIBILITY
HIGHEST: 33 ON 2 GRTST 24HR 0.22 ON 1- 2 TO 1/4 MILE OR LESS
LOWEST: -25 ON 29,28 3 = THUNDER
SNOW, ICE PELLETS, HAIL 4 = ICE PELLETS
TOTAL MONTH: M 5 = HAIL
GRTST 24HR M ON M 6 = FREEZING RAIN OR DRIZZLE
GRTST DEPTH: M ON M 7 = DUSTSTORM OR SANDSTORM:
VSBY 1/2 MILE OR LESS
8 = SMOKE OR HAZE
[NO. OF DAYS WITH] [WEATHER - DAYS WITH] 9 = BLOWING SNOW
X = TORNADO
MAX 32 OR BELOW: 29 0.01 INCH OR MORE: 5
MAX 90 OR ABOVE: 0 0.10 INCH OR MORE: 2
MIN 32 OR BELOW: 30 0.50 INCH OR MORE: 0
MIN 0 OR BELOW: 22 1.00 INCH OR MORE: 0
[HDD (BASE 65) ]
TOTAL THIS MO. 1813 CLEAR (SCALE 0-3) 16
DPTR FM NORMAL 411 PTCLDY (SCALE 4-7) 10
TOTAL FM JUL 1 4500 CLOUDY (SCALE 8-10) 4
DPTR FM NORMAL 503
[CDD (BASE 65) ]
TOTAL THIS MO. 0
DPTR FM NORMAL 0 [PRESSURE DATA]
TOTAL FM JAN 1 2 HIGHEST SLP 30.47 ON 18
DPTR FM NORMAL -1 LOWEST SLP 29.29 ON 3
[REMARKS]
#FINAL-11-21#