000
CXUS56 KOTX 011343
CLMOMK
CLIMATE REPORT
NATIONAL WEATHER SERVICE SPOKANE WA
643 AM PDT MON APR 01 2024
...................................
...THE OMAK WA AIRPORT CLIMATE SUMMARY FOR THE MONTH OF MARCH 2024...
CLIMATE NORMAL PERIOD 1991 TO 2020
CLIMATE RECORD PERIOD 1909 TO 2024
WEATHER OBSERVED NORMAL DEPART LAST YEAR`S
VALUE DATE(S) VALUE FROM VALUE DATE(S)
NORMAL
................................................................
TEMPERATURE (F)
RECORD
HIGH 79 03/28/1930
LOW -7 03/10/1951
HIGHEST 73 03/17 MM MM 62 03/29
03/18
03/30
LOWEST 21 03/03 MM MM 15 03/01
AVG. MAXIMUM 56.2 52.5 3.7 49.1
AVG. MINIMUM 32.5 31.1 1.4 29.1
MEAN 44.4 41.8 2.6 39.1
DAYS MAX >= 90 0 0.0 0.0 0
DAYS MAX <= 32 0 0.6 -0.6 0
DAYS MIN <= 32 15 19.9 -4.9 28
DAYS MIN <= 0 0 0.0 0.0 0
PRECIPITATION (INCHES)
RECORD
MAXIMUM 2.93 1950
MINIMUM T 1936
TOTALS 1.44 1.06 0.38 0.36
DAILY AVG. 0.05 0.03 0.02 0.01
DAYS >= .01 10 7.6 2.4 6
DAYS >= .10 3 3.5 -0.5 1
DAYS >= .50 1 0.5 0.5 0
DAYS >= 1.00 0 0.0 0.0 0
GREATEST
24 HR. TOTAL 0.85 03/23 TO 03/24 0.26
DEGREE DAYS
HEATING TOTAL 632 719 -87 797
SINCE 7/1 4785 5430 -645 MM
COOLING TOTAL 0 0 0 0
SINCE 1/1 0 0 0 MM
................................................................
WIND (MPH)
AVERAGE WIND SPEED 7.2
HIGHEST WIND SPEED/DIRECTION 29/020 DATE 03/31
HIGHEST GUST SPEED/DIRECTION 38/020 DATE 03/31
SKY COVER
POSSIBLE SUNSHINE (PERCENT) MM
AVERAGE SKY COVER 0.32
NUMBER OF DAYS FAIR 19
NUMBER OF DAYS PC 9
NUMBER OF DAYS CLOUDY 3
AVERAGE RH (PERCENT) 59
WEATHER CONDITIONS. NUMBER OF DAYS WITH
THUNDERSTORM 0 MIXED PRECIP 1
HEAVY RAIN 0 RAIN 1
LIGHT RAIN 9 FREEZING RAIN 0
LT FREEZING RAIN 0 HAIL 0
HEAVY SNOW 1 SNOW 1
LIGHT SNOW 3 SLEET 0
FOG 6 FOG W/VIS <= 1/4 MILE 1
HAZE 1
- INDICATES NEGATIVE NUMBERS.
R INDICATES RECORD WAS SET OR TIED.
MM INDICATES DATA IS MISSING.
T INDICATES TRACE AMOUNT.
$$