000
CXUS56 KBOI 011002
CF6ONO
PRELIMINARY LOCAL CLIMATOLOGICAL DATA (WS FORM: F-6)
STATION: ONTARIO OR
MONTH: JANUARY
YEAR: 2023
LATITUDE: 44 1 N
LONGITUDE: 117 1 W
TEMPERATURE IN F: :PCPN: SNOW: WIND :SUNSHINE: SKY :PK WND
================================================================================
1 2 3 4 5 6A 6B 7 8 9 10 11 12 13 14 15 16 17 18
12Z AVG MX 2MIN
DY MAX MIN AVG DEP HDD CDD WTR SNW DPTH SPD SPD DIR MIN PSBL S-S WX SPD DR
================================================================================
1 42 25 34 4 31 0 0.00 M M 11.3 23 320 M M 0 1 32 330
2 36 25 31 1 34 0 0.00 M M 5.8 21 310 M M 3 29 310
3 35 25 30 0 35 0 0.00 M M 2.0 7 270 M M 8 9 60
4 40 30 35 5 30 0 0.00 M M 4.6 9 30 M M 7 14 10
5 43 34 39 9 26 0 0.03 M M 5.0 13 100 M M 7 19 110
6 47 31 39 9 26 0 0.01 M M 2.8 8 330 M M 7 128 10 110
7 44 27 36 6 29 0 0.00 M M 3.1 14 150 M M 8 12 19 130
8 49 32 41 11 24 0 T 0.0 0 4.7 16 140 M M 6 24 150
9 40 31 36 6 29 0 0.19 0.0 0 4.4 10 360 M M 5 16 13 150
10 36 33 35 5 30 0 0.05 M M 3.2 10 40 M M 8 12 16 30
11 39 33 36 5 29 0 0.00 M M 3.8 12 260 M M 10 12 14 260
12 46 35 41 10 24 0 0.11 M M 5.2 12 10 M M 6 1 18 10
13 43 36 40 9 25 0 0.07 M M 4.7 12 260 M M 3 1 14 270
14 48 35 42 11 23 0 0.08 M M 3.8 10 170 M M 9 18 17 160
15 50 33 42 11 23 0 0.00 M M 3.4 9 250 M M 4 1 13 180
16 48 30 39 8 26 0 0.00 M M 4.7 12 320 M M 1 17 320
17 48 31 40 9 25 0 0.00 M M 9.5 20 320 M M 1 23 340
18 40 24 32 1 33 0 0.06 M M 2.6 8 260 M M 5 1 11 270
19 38 31 35 4 30 0 0.27 M M 14.3 24 320 M M 5 1 34 320
20 36 20 28 -4 37 0 0.00 M M 8.1 26 320 M M 0 32 320
21 35 14 25 -7 40 0 T M M 1.4 9 350 M M 2 18 13 360
22 37 25 31 -1 34 0 T M M 5.4 16 330 M M 8 22 350
23 36 23 30 -2 35 0 0.00 M M 4.8 17 320 M M 3 23 330
24 35 17 26 -6 39 0 0.00 M M 2.3 7 260 M M 3 10 250
25 39 23 31 -1 34 0 0.00 M M 2.0 7 360 M M 6 9 20
26 46 27 37 5 28 0 0.00 M M 2.0 8 240 M M 2 1 10 10
27 50 31 41 8 24 0 0.00 M M 5.7 18 320 M M 6 1 28 320
28 43 30 37 4 28 0 0.00 M M 6.2 24 300 M M 9 31 300
29 33 18 26 -7 39 0 0.00 M M 14.1 23 320 M M 0 29 340
30 28 11 20 -13 45 0 0.00 M M 3.4 12 340 M M 0 15 340
31 26 15 21 -12 44 0 0.00 M M 4.9 14 140 M M 6 19 150
================================================================================
SM 1256 835 959 0 0.87 0.0 159.2 M 148
================================================================================
AV 40.5 26.9 5.1 FASTST M M 5 MAX(MPH)
MISC ----> 26 320 34 320
================================================================================
NOTES:
# LAST OF SEVERAL OCCURRENCES
COLUMN 17 PEAK WIND IN M.P.H.
PRELIMINARY LOCAL CLIMATOLOGICAL DATA (WS FORM: F-6) , PAGE 2
STATION: ONTARIO OR
MONTH: JANUARY
YEAR: 2023
LATITUDE: 44 1 N
LONGITUDE: 117 1 W
[TEMPERATURE DATA] [PRECIPITATION DATA] SYMBOLS USED IN COLUMN 16
AVERAGE MONTHLY: 33.7 TOTAL FOR MONTH: 0.87 1 = FOG OR MIST
DPTR FM NORMAL: 2.4 DPTR FM NORMAL: -0.51 2 = FOG REDUCING VISIBILITY
HIGHEST: 50 ON 27,15 GRTST 24HR 0.27 ON 19-19 TO 1/4 MILE OR LESS
LOWEST: 11 ON 30 3 = THUNDER
SNOW, ICE PELLETS, HAIL 4 = ICE PELLETS
TOTAL MONTH: 0.0 INCH 5 = HAIL
GRTST 24HR 0.0 6 = FREEZING RAIN OR DRIZZLE
GRTST DEPTH: 0 7 = DUSTSTORM OR SANDSTORM:
VSBY 1/2 MILE OR LESS
8 = SMOKE OR HAZE
[NO. OF DAYS WITH] [WEATHER - DAYS WITH] 9 = BLOWING SNOW
X = TORNADO
MAX 32 OR BELOW: 2 0.01 INCH OR MORE: 9
MAX 90 OR ABOVE: 0 0.10 INCH OR MORE: 3
MIN 32 OR BELOW: 24 0.50 INCH OR MORE: 0
MIN 0 OR BELOW: 0 1.00 INCH OR MORE: 0
[HDD (BASE 65) ]
TOTAL THIS MO. 959 CLEAR (SCALE 0-3) 12
DPTR FM NORMAL -85 PTCLDY (SCALE 4-7) 13
TOTAL FM JUL 1 3322 CLOUDY (SCALE 8-10) 6
DPTR FM NORMAL 24
[CDD (BASE 65) ]
TOTAL THIS MO. 0
DPTR FM NORMAL 0 [PRESSURE DATA]
TOTAL FM JAN 1 0 HIGHEST SLP M ON M
DPTR FM NORMAL 0 LOWEST SLP 29.52 ON 15
[REMARKS]
#FINAL-01-23#