000
CXUS56 KBOI 011002
CF6ONO
PRELIMINARY LOCAL CLIMATOLOGICAL DATA (WS FORM: F-6)
STATION: ONTARIO OR
MONTH: JULY
YEAR: 2020
LATITUDE: 44 1 N
LONGITUDE: 117 1 W
TEMPERATURE IN F: :PCPN: SNOW: WIND :SUNSHINE: SKY :PK WND
================================================================================
1 2 3 4 5 6A 6B 7 8 9 10 11 12 13 14 15 16 17 18
12Z AVG MX 2MIN
DY MAX MIN AVG DEP HDD CDD WTR SNW DPTH SPD SPD DIR MIN PSBL S-S WX SPD DR
================================================================================
1 77 54 66 -7 0 1 0.00 M M 6.5 24 330 M M 1 8 29 330
2 82 51 67 -6 0 2 0.00 M M 4.9 15 300 M M 0 8 22 270
3 91 50 71 -2 0 6 0.00 M M 4.8 22 320 M M 0 27 320
4 91 64 78 4 0 13 0.00 M M 7.8 24 330 M M 0 31 320
5 90 62 76 2 0 11 0.00 M M 7.7 18 330 M M 0 8 23 330
6 94 59 77 3 0 12 0.00 M M 5.9 28 340 M M 0 35 330
7 85 63 74 -1 0 9 0.00 M M 11.2 29 340 M M 0 37 340
8 84 56 70 -5 0 5 0.00 M M 7.6 22 330 M M 0 28 320
9 92 51 72 -3 0 7 T M M 5.8 32 330 M M 0 42 330
10 89 63 76 1 0 11 T M M 6.7 30 340 M M 0 39 330
11 97 54 76 0 0 11 0.00 M M 4.9 32 320 M M 0 43 330
12 90 64 77 1 0 12 0.00 M M 10.8 24 340 M M 0 29 340
13 89 59 74 -2 0 9 0.00 M M 10.6 21 320 M M 1 27 320
14 92 56 74 -2 0 9 0.00 M M 4.9 15 340 M M 0 21 330
15 92 56 74 -2 0 9 0.00 M M 4.2 12 250 M M 0 15 260
16 97 62 80 3 0 15 0.00 M M 4.6 12 340 M M 0 15 310
17 102 69 86 9 0 21 0.00 M M 9.6 21 340 M M 0 28 350
18 94 64 79 2 0 14 0.00 M M 5.8 15 310 M M 0 22 320
19 97 62 80 3 0 15 0.00 M M 5.1 15 330 M M 0 18 320
20 99 61 80 3 0 15 0.00 M M 4.9 10 180 M M 0 14 160
21 102 63 83 6 0 18 0.00 M M 2.9 9 30 M M 0 14 20
22 96 66 81 4 0 16 0.02 M M 5.3 37 260 M M 2 3 46 260
23 90 65 78 1 0 13 0.06 M M 5.3 17 330 M M 2 3 22 330
24 91 57 74 -4 0 9 0.00 M M 4.6 20 330 M M 0 26 330
25 95 64 80 2 0 15 0.00 M M 8.5 18 320 M M 0 24 310
26 98 58 78 0 0 13 0.00 M M 3.9 10 330 M M 0 13 330
27 100 54 77 -1 0 12 0.00 M M 3.5 16 190 M M 0 21 190
28 97 68 83 6 0 18 T M M 2.8 22 250 M M 0 8 27 260
29 100 61 81 4 0 16 0.00 M M 1.2 8 20 M M 0 11 130
30 105 67 86 9 0 21 0.00 M M 4.6 16 150 M M 0 8 24 150
31 107 63 85 8 0 20 0.00 M M 2.7 14 340 M M 0 19 330
================================================================================
SM 2905 1866 0 378 0.08 M 179.6 M 6
================================================================================
AV 93.7 60.2 5.8 FASTST M M 0 MAX(MPH)
MISC ----> 37 260 46 260
================================================================================
NOTES:
# LAST OF SEVERAL OCCURRENCES
COLUMN 17 PEAK WIND IN M.P.H.
PRELIMINARY LOCAL CLIMATOLOGICAL DATA (WS FORM: F-6) , PAGE 2
STATION: ONTARIO OR
MONTH: JULY
YEAR: 2020
LATITUDE: 44 1 N
LONGITUDE: 117 1 W
[TEMPERATURE DATA] [PRECIPITATION DATA] SYMBOLS USED IN COLUMN 16
AVERAGE MONTHLY: 77.0 TOTAL FOR MONTH: 0.08 1 = FOG OR MIST
DPTR FM NORMAL: 0.9 DPTR FM NORMAL: -0.22 2 = FOG REDUCING VISIBILITY
HIGHEST: 107 ON 31 GRTST 24HR 0.08 ON 22-23 TO 1/4 MILE OR LESS
LOWEST: 50 ON 3 3 = THUNDER
SNOW, ICE PELLETS, HAIL 4 = ICE PELLETS
TOTAL MONTH: M 5 = HAIL
GRTST 24HR M ON M 6 = FREEZING RAIN OR DRIZZLE
GRTST DEPTH: M ON M 7 = DUSTSTORM OR SANDSTORM:
VSBY 1/2 MILE OR LESS
8 = SMOKE OR HAZE
[NO. OF DAYS WITH] [WEATHER - DAYS WITH] 9 = BLOWING SNOW
X = TORNADO
MAX 32 OR BELOW: 0 0.01 INCH OR MORE: 2
MAX 90 OR ABOVE: 25 0.10 INCH OR MORE: 0
MIN 32 OR BELOW: 0 0.50 INCH OR MORE: 0
MIN 0 OR BELOW: 0 1.00 INCH OR MORE: 0
[HDD (BASE 65) ]
TOTAL THIS MO. 0 CLEAR (SCALE 0-3) 31
DPTR FM NORMAL -5 PTCLDY (SCALE 4-7) 0
TOTAL FM JUL 1 0 CLOUDY (SCALE 8-10) 0
DPTR FM NORMAL 0
[CDD (BASE 65) ]
TOTAL THIS MO. 378
DPTR FM NORMAL 30 [PRESSURE DATA]
TOTAL FM JAN 1 606 HIGHEST SLP M ON M
DPTR FM NORMAL 83 LOWEST SLP 29.63 ON 6
[REMARKS]
#FINAL-07-20#