000
CXUS56 KSGX 011045
CF6ONT
PRELIMINARY LOCAL CLIMATOLOGICAL DATA (WS FORM: F-6)
STATION: ONTARIO INTL AIRPORT CA
MONTH: OCTOBER
YEAR: 2021
LATITUDE: 34 2 N
LONGITUDE: 117 37 W
TEMPERATURE IN F: :PCPN: SNOW: WIND :SUNSHINE: SKY :PK WND
================================================================================
1 2 3 4 5 6A 6B 7 8 9 10 11 12 13 14 15 16 17 18
12Z AVG MX 2MIN
DY MAX MIN AVG DEP HDD CDD WTR SNW DPTH SPD SPD DIR MIN PSBL S-S WX SPD DR
================================================================================
1 95 56 76 2 0 11 0.00 M M 4.8 15 250 M M 3 20 230
2 98 61 80 7 0 15 0.00 M M 4.8 16 260 M M 2 19 270
3 99 64 82 9 0 17 0.00 M M 5.1 16 230 M M 2 24 230
4 97 67 82 9 0 17 T M M 6.1 22 270 M M 8 32 260
5 85 62 74 2 0 9 0.07 M M 7.1 24 30 M M 4 31 30
6 78 62 70 -2 0 5 0.00 M M 5.4 14 270 M M 7 8 17 280
7 73 62 68 -4 0 3 T M M 5.4 14 280 M M 9 8 16 250
8 71 61 66 -6 0 1 0.06 M M 8.0 15 220 M M 8 1 19 260
9 76 58 67 -4 0 2 0.00 M M 5.7 14 250 M M 4 20 260
10 86 52 69 -2 0 4 0.00 M M 3.3 15 270 M M 0 18 270
11 72 55 64 -7 1 0 0.00 M M 9.2 29 290 M M 4 8 37 290
12 73 54 64 -7 1 0 0.00 M M 6.8 20 280 M M 0 25 340
13 80 51 66 -4 0 1 0.00 M M 5.1 16 260 M M 0 19 240
14 84 52 68 -2 0 3 0.00 M M 3.3 14 70 M M 0 19 80
15 91 61 76 6 0 11 0.00 M M 11.5 25 30 M M 0 32 30
16 93 53 73 3 0 8 0.00 M M 4.6 14 240 M M 1 18 240
17 83 56 70 0 0 5 0.00 M M 7.3 22 240 M M 1 22 240
18 67 53 60 -9 5 0 T M M 6.3 16 280 M M 7 20 220
19 76 50 63 -6 2 0 0.00 M M 5.1 13 260 M M 0 15 260
20 81 52 67 -2 0 2 0.00 M M 4.1 14 270 M M 4 16 270
21 86 54 70 1 0 5 0.00 M M 3.8 15 260 M M 5 8 19 270
22 76 54 65 -3 0 0 0.00 M M 5.7 17 270 M M 5 21 280
23 70 59 65 -3 0 0 0.02 M M 5.7 13 270 M M 9 18 16 270
24 74 59 67 -1 0 2 0.00 M M 5.4 13 270 M M 8 15 260
25 66 56 61 -7 4 0 0.11 M M 6.0 25 260 M M 8 18 32 270
26 73 53 63 -5 2 0 0.00 M M 3.1 10 260 M M 3 18 13 280
27 88 52 70 3 0 5 0.00 M M 3.1 12 290 M M 0 13 270
28 95 60 78 11 0 13 0.00 M M 3.7 10 280 M M 0 14 270
29 92 62 77 10 0 12 0.00 M M 4.2 16 270 M M 1 22 270
30 81 55 68 1 0 3 0.00 M M 3.5 14 270 M M 4 18 19 250
31 72 59 66 0 0 1 0.00 M M 4.1 10 260 M M 9 18 15 280
================================================================================
SM 2531 1765 15 155 0.26 M 167.3 M 116
================================================================================
AV 81.6 56.9 5.4 FASTST M M 4 MAX(MPH)
MISC ----> 29 290 37 290
================================================================================
NOTES:
# LAST OF SEVERAL OCCURRENCES
COLUMN 17 PEAK WIND IN M.P.H.
PRELIMINARY LOCAL CLIMATOLOGICAL DATA (WS FORM: F-6) , PAGE 2
STATION: ONTARIO INTL AIRPORT CA
MONTH: OCTOBER
YEAR: 2021
LATITUDE: 34 2 N
LONGITUDE: 117 37 W
[TEMPERATURE DATA] [PRECIPITATION DATA] SYMBOLS USED IN COLUMN 16
AVERAGE MONTHLY: 69.3 TOTAL FOR MONTH: 0.26 1 = FOG OR MIST
DPTR FM NORMAL: -0.5 DPTR FM NORMAL: -0.15 2 = FOG REDUCING VISIBILITY
HIGHEST: 99 ON 3 GRTST 24HR 0.11 ON 25-25 TO 1/4 MILE OR LESS
LOWEST: 50 ON 19 3 = THUNDER
SNOW, ICE PELLETS, HAIL 4 = ICE PELLETS
TOTAL MONTH: M 5 = HAIL
GRTST 24HR M ON M 6 = FREEZING RAIN OR DRIZZLE
GRTST DEPTH: M ON M 7 = DUSTSTORM OR SANDSTORM:
VSBY 1/2 MILE OR LESS
8 = SMOKE OR HAZE
[NO. OF DAYS WITH] [WEATHER - DAYS WITH] 9 = BLOWING SNOW
X = TORNADO
MAX 32 OR BELOW: 0 0.01 INCH OR MORE: 4
MAX 90 OR ABOVE: 8 0.10 INCH OR MORE: 1
MIN 32 OR BELOW: 0 0.50 INCH OR MORE: 0
MIN 0 OR BELOW: 0 1.00 INCH OR MORE: 0
[HDD (BASE 65) ]
TOTAL THIS MO. 15 CLEAR (SCALE 0-3) 15
DPTR FM NORMAL -11 PTCLDY (SCALE 4-7) 12
TOTAL FM JUL 1 15 CLOUDY (SCALE 8-10) 4
DPTR FM NORMAL -9
[CDD (BASE 65) ]
TOTAL THIS MO. 155
DPTR FM NORMAL -21 [PRESSURE DATA]
TOTAL FM JAN 1 2284 HIGHEST SLP 30.18 ON 27
DPTR FM NORMAL 357 LOWEST SLP 29.58 ON 11
[REMARKS]
#FINAL-10-21#