000
CXUS55 KLOT 010700
CF6ORD
PRELIMINARY LOCAL CLIMATOLOGICAL DATA (WS FORM: F-6)

                                          STATION:   CHICAGO-OHARE
                                          MONTH:     FEBRUARY
                                          YEAR:      2016
                                          LATITUDE:   41 58 N
                                          LONGITUDE:  87 54 W

  TEMPERATURE IN F:       :PCPN:    SNOW:  WIND      :SUNSHINE: SKY     :PK WND
================================================================================
1   2   3   4   5  6A  6B    7    8   9   10  11  12  13   14  15   16   17  18
                                     12Z  AVG MX 2MIN
DY MAX MIN AVG DEP HDD CDD  WTR  SNW DPTH SPD SPD DIR MIN PSBL S-S WX    SPD DR
================================================================================

 1  45  30  38  14  27   0 0.00  0.0    0  5.0 10 280   M    M   5 1      16  50
 2  38  32  35  11  30   0 0.79  0.0    0 11.3 33 100   M    M  10 1238   40 100
 3  37  28  33   8  32   0 0.02    T    0 13.4 23 280   M    M   9 12     30 240
 4  32  19  26   1  39   0 0.00  0.0    0  9.4 16 280   M    M   7        21 290
 5  34  25  30   5  35   0    T    T    T  6.7 17 330   M    M   8        19 320
 6  41  24  33   8  32   0 0.00  0.0    0  8.4 17 250   M    M   5 18     23 260
 7  43  32  38  13  27   0 0.00  0.0    0 13.0 22 250   M    M   6        29 250
 8  32  20  26   0  39   0 0.02  0.4    0 11.2 20 320   M    M   8 18     25 280
 9  21  13  17  -9  48   0 0.02  0.6    1 14.6 20 320   M    M  10 18     26 330
10  18   9  14 -12  51   0 0.00  0.0    1 11.4 21 320   M    M   5        26 320
11  21   7  14 -12  51   0 0.00  0.0    0  7.2 15 340   M    M   4        18 340
12  23   7  15 -12  50   0    T    T    0 17.0 30 320   M    M   7        37 320
13  17   2  10 -17  55   0 0.00  0.0    0  8.9 21 330   M    M   2        26 340
14  18   9  14 -13  51   0 0.10  2.3    0 11.9 22 130   M    M   9 128    25 110
15  27  18  23  -5  42   0 0.01  0.1    2  6.7 12 260   M    M  10 16     14 240
16  33  24  29   1  36   0 0.04  0.4    2  4.7 14 300   M    M   9 18     18 360
17  34  21  28   0  37   0 0.00  0.0    1  6.4 13  50   M    M   4 18     15 360
18  42  23  33   5  32   0 0.00  0.0    0 15.1 26 170   M    M   9        35 170
19  62  41  52  23  13   0 0.00  0.0    0 26.5 45 250   M    M   5        62 250
20  57  38  48  19  17   0 0.00  0.0    0 12.1 22 270   M    M   3        29 240
21  41  29  35   5  30   0 0.00  0.0    0  9.2 17  40   M    M   8        22  30
22  44  26  35   5  30   0 0.00  0.0    0  3.7 13  70   M    M   6        15 110
23  45  26  36   6  29   0 0.00  0.0    0  6.7 17  40   M    M   6 1      24  40
24  36  32  34   3  31   0 0.15  1.7    0 22.7 32  20   M    M  10 12     44  30
25  37  31  34   3  31   0    T    T    0 16.6 28 330   M    M   9        34 330
26  33  24  29  -2  36   0    T    T    0  9.3 15 260   M    M   8        18 240
27  54  28  41   9  24   0 0.00  0.0    0 15.0 24 250   M    M   3        32 240
28  62  36  49  17  16   0 0.08  0.0    0 20.0 31 320   M    M   7 1      41 220
29  52  28  40   8  25   0    T    T    0 15.0 24 310   M    M   8 46     31 250
================================================================================
SM 1079  682       996   0  1.23     5.5 339.1          M      200
================================================================================
AV 37.2 23.5                              11.7 FASTST   M    M   7    MAX(MPH)
                                 MISC ---->  # 45 250               # 62  250
================================================================================
NOTES:
# LAST OF SEVERAL OCCURRENCES

COLUMN 17 PEAK WIND IN M.P.H.

PRELIMINARY LOCAL CLIMATOLOGICAL DATA (WS FORM: F-6) , PAGE 2

                                          STATION:  CHICAGO-OHARE
                                          MONTH:    FEBRUARY
                                          YEAR:     2016
                                          LATITUDE:   41 58 N
                                          LONGITUDE:  87 54 W

[TEMPERATURE DATA]      [PRECIPITATION DATA]       SYMBOLS USED IN COLUMN 16

AVERAGE MONTHLY: 30.4   TOTAL FOR MONTH:   1.23    1 = FOG OR MIST
DPTR FM NORMAL:   2.7   DPTR FM NORMAL:   -0.56    2 = FOG REDUCING VISIBILITY
HIGHEST:    62 ON 28,19 GRTST 24HR  0.79 ON  2- 2      TO 1/4 MILE OR LESS
LOWEST:      2 ON 13                               3 = THUNDER
                        SNOW, ICE PELLETS, HAIL    4 = ICE PELLETS
                        TOTAL MONTH:   5.5 INCHES  5 = HAIL
                        GRTST 24HR   2.3 ON   M    6 = FREEZING RAIN OR DRIZZLE
                        GRTST DEPTH:   2 ON 16,15  7 = DUSTSTORM OR SANDSTORM:
                                                       VSBY 1/2 MILE OR LESS
                                                   8 = SMOKE OR HAZE
[NO. OF DAYS WITH]      [WEATHER - DAYS WITH]      9 = BLOWING SNOW
                                                   X = TORNADO
MAX 32 OR BELOW:   9    0.01 INCH OR MORE:   9
MAX 90 OR ABOVE:   0    0.10 INCH OR MORE:   3
MIN 32 OR BELOW:  26    0.50 INCH OR MORE:   1
MIN  0 OR BELOW:   0    1.00 INCH OR MORE:   0

[HDD (BASE 65) ]
TOTAL THIS MO.   996    CLEAR  (SCALE 0-3)   2
DPTR FM NORMAL   -48    PTCLDY (SCALE 4-7)  17
TOTAL FM JUL 1  4008    CLOUDY (SCALE 8-10) 10
DPTR FM NORMAL  -759

[CDD (BASE 65) ]
TOTAL THIS MO.     0
DPTR FM NORMAL     0    [PRESSURE DATA]
TOTAL FM JAN 1     0    HIGHEST SLP M ON M
DPTR FM NORMAL     0    LOWEST  SLP 29.14 ON 29

[REMARKS]
#FINAL-02-16#
