000
CXUS55 KLOT 011159
CF6ORD
PRELIMINARY LOCAL CLIMATOLOGICAL DATA (WS FORM: F-6)

                                          STATION:   CHICAGO-OHARE
                                          MONTH:     MARCH
                                          YEAR:      2014
                                          LATITUDE:   41 58 N
                                          LONGITUDE:  87 54 W

  TEMPERATURE IN F:       :PCPN:    SNOW:  WIND      :SUNSHINE: SKY     :PK WND
================================================================================
1   2   3   4   5  6A  6B    7    8   9   10  11  12  13   14  15   16   17  18
                                     12Z  AVG MX 2MIN
DY MAX MIN AVG DEP HDD CDD  WTR  SNW DPTH SPD SPD DIR MIN PSBL S-S WX    SPD DR
================================================================================

 1  31  11  21 -11  44   0 0.29  3.7    3  9.4 16 350   M    M  10 18     24  30
 2  14   1   8 -25  57   0 0.09  1.4    6 11.2 17 330   M    M   9        25  20
 3  19  -2   9 -24  56   0    T    T    6  4.9 14 340   M    M   6        22 340
 4  27  12  20 -14  45   0    T  0.1    5  6.1 12 260   M    M   9        20  60
 5  23  19  21 -13  44   0 0.15  1.7    5 12.0 18  50   M    M  10 8      23  50
 6  33  16  25  -9  40   0 0.00  0.0    6  6.6 14  90   M    M   4        25  70
 7  47  13  30  -5  35   0 0.00  0.0    5  7.7 17 210   M    M   6 18     22  20
 8  38  21  30  -5  35   0 0.02  0.3    2 10.4 23  40   M    M   8 89     29  10
 9  42  19  31  -4  34   0 0.00  0.0    2 12.4 24 230   M    M   6 8      33 230
10  53  40  47  11  18   0 0.00  0.0    1 11.4 21 230   M    M   8        28 260
11  50  34  42   6  23   0 0.14  0.4    0  9.2 23  50   M    M  10 1      32  20
12  34  14  24 -12  41   0 0.48  3.2    3 15.1 29  20   M    M   6 19     38  20
13  39  11  25 -12  40   0 0.00  0.0    3 10.8 23 200   M    M   3        31 210
14  53  37  45   8  20   0 0.00  0.0    2 17.9 33 290   M    M   3        40 290
15  40  27  34  -4  31   0    T  0.2    0 10.3 22  40   M    M   7        30  40
16  27  19  23 -15  42   0    T    T    0 17.9 29  30   M    M   6        38  30
17  40  20  30  -8  35   0 0.00  0.0    0  8.2 15 180   M    M   4        20 190
18  52  27  40   1  25   0    T  0.0    0 11.4 23 130   M    M   6        31 130
19  46  34  40   1  25   0 0.19  0.0    0 12.7 25 300   M    M  10 18     32 290
20  47  30  39   0  26   0 0.04  0.7    0  7.6 21 300   M    M   6 18     28 320
21  58  30  44   4  21   0 0.00  0.0    0 11.5 23 300   M    M   5 18     30 290
22  41  26  34  -6  31   0 0.00  0.0    0 13.5 24 320   M    M   8        30 320
23  32  19  26 -14  39   0 0.00  0.0    0  9.9 17 360   M    M   5        25  10
24  36  20  28 -13  37   0 0.00  0.0    0  7.3 15 270   M    M   4        20 280
25  31  20  26 -15  39   0 0.05  0.6    1 13.1 23 330   M    M   6 18     30 320
26  39  15  27 -15  38   0 0.00  0.0    0 10.4 26 190   M    M   4        33 190
27  55  34  45   3  20   0 0.20    T    0 17.5 29 200   M    M  10 48     38 210
28  55  34  45   3  20   0 0.06    T    0 11.8 32 250   M    M   8 18     41 240
29  41  28  35  -7  30   0 0.00  0.0    0 10.1 21  20   M    M   7        25  10
30  57  25  41  -2  24   0 0.00  0.0    0  6.1 17 200   M    M   3        21 200
31  68  41  55  12  10   0    T  0.0    0 17.2 31 170   M    M   8 3      43 170
================================================================================
SM 1268  695      1025   0  1.71    12.3 341.6          M      205
================================================================================
AV 40.9 22.4                              11.0 FASTST   M    M   7    MAX(MPH)
                                 MISC ---->  # 33 290               # 43  170
================================================================================
NOTES:
# LAST OF SEVERAL OCCURRENCES

COLUMN 17 PEAK WIND IN M.P.H.

PRELIMINARY LOCAL CLIMATOLOGICAL DATA (WS FORM: F-6) , PAGE 2

                                          STATION:  CHICAGO-OHARE
                                          MONTH:    MARCH
                                          YEAR:     2014
                                          LATITUDE:   41 58 N
                                          LONGITUDE:  87 54 W

[TEMPERATURE DATA]      [PRECIPITATION DATA]       SYMBOLS USED IN COLUMN 16

AVERAGE MONTHLY: 31.7   TOTAL FOR MONTH:   1.71    1 = FOG OR MIST
DPTR FM NORMAL:  -6.2   DPTR FM NORMAL:   -0.79    2 = FOG REDUCING VISIBILITY
HIGHEST:    68 ON 31    GRTST 24HR  0.48 ON 12-12      TO 1/4 MILE OR LESS
LOWEST:     -2 ON  3                               3 = THUNDER
                        SNOW, ICE PELLETS, HAIL    4 = ICE PELLETS
                        TOTAL MONTH:  12.3 INCHES  5 = HAIL
                        GRTST 24HR   3.7 ON   M    6 = FREEZING RAIN OR DRIZZLE
                        GRTST DEPTH:   6 ON  6, 2  7 = DUSTSTORM OR SANDSTORM:
                                                       VSBY 1/2 MILE OR LESS
                                                   8 = SMOKE OR HAZE
[NO. OF DAYS WITH]      [WEATHER - DAYS WITH]      9 = BLOWING SNOW
                                                   X = TORNADO
MAX 32 OR BELOW:   8    0.01 INCH OR MORE:  11
MAX 90 OR ABOVE:   0    0.10 INCH OR MORE:   6
MIN 32 OR BELOW:  24    0.50 INCH OR MORE:   0
MIN  0 OR BELOW:   1    1.00 INCH OR MORE:   0

[HDD (BASE 65) ]
TOTAL THIS MO.  1025    CLEAR  (SCALE 0-3)   1
DPTR FM NORMAL   184    PTCLDY (SCALE 4-7)  21
TOTAL FM JUL 1  6440    CLOUDY (SCALE 8-10)  9
DPTR FM NORMAL   865

[CDD (BASE 65) ]
TOTAL THIS MO.     0
DPTR FM NORMAL    -1    [PRESSURE DATA]
TOTAL FM JAN 1     0    HIGHEST SLP 30.53 ON  3
DPTR FM NORMAL    -1    LOWEST  SLP 29.40 ON 28

[REMARKS]
#FINAL-03-14#
