000
CXUS55 KLOT 011350
CF6ORD
PRELIMINARY LOCAL CLIMATOLOGICAL DATA (WS FORM: F-6)

                                          STATION:   CHICAGO-OHARE
                                          MONTH:     JUNE
                                          YEAR:      2014
                                          LATITUDE:   41 58 N
                                          LONGITUDE:  87 54 W

  TEMPERATURE IN F:       :PCPN:    SNOW:  WIND      :SUNSHINE: SKY     :PK WND
================================================================================
1   2   3   4   5  6A  6B    7    8   9   10  11  12  13   14  15   16   17  18
                                     12Z  AVG MX 2MIN
DY MAX MIN AVG DEP HDD CDD  WTR  SNW DPTH SPD SPD DIR MIN PSBL S-S WX    SPD DR
================================================================================

 1  90  63  77  13   0  12    T  0.0    0 13.0 29 180   M    M   6 3      36 210
 2  83  68  76  12   0  11 0.14  0.0    0 14.6 35 240   M    M   7        47 250
 3  81  66  74   9   0   9 0.00  0.0    0  9.8 23 300   M    M   3        31 330
 4  70  55  63  -2   2   0 0.19  0.0    0  9.3 17  50   M    M   8 1      22 110
 5  76  52  64  -2   1   0 0.00  0.0    0  6.0 13  90   M    M   3        20 190
 6  81  49  65  -1   0   0 0.00  0.0    0  4.9 14 110   M    M   2        18  80
 7  84  57  71   5   0   6 0.08  0.0    0  7.7 20 320   M    M   6        23 350
 8  72  54  63  -3   2   0 0.23  0.0    0 14.1 24  20   M    M   8        30  20
 9  78  55  67   0   0   2 0.00  0.0    0  8.5 16  40   M    M   6        20  40
10  66  56  61  -6   4   0 1.26  0.0    0 10.3 21  50   M    M  10 1      26  30
11  67  57  62  -6   3   0 0.52  0.0    0  7.4 16  40   M    M  10 18     21  40
12  79  58  69   1   0   4    T  0.0    0 10.0 24 270   M    M   8 18     31 280
13  75  55  65  -3   0   0 0.00  0.0    0  9.8 18 320   M    M   2        24 320
14  79  52  66  -3   0   1 0.00  0.0    0  8.3 18 170   M    M   5        23 150
15  84  60  72   3   0   7 0.00  0.0    0 15.7 32 170   M    M   6        39 170
16  88  67  78   9   0  13 0.00  0.0    0  8.7 17 180   M    M   5        24 180
17  91  77  84  14   0  19    T  0.0    0 12.6 28 210   M    M   7        37 220
18  82  61  72   2   0   7 0.65  0.0    0 10.2 32 120   M    M  10 138    39 120
19  79  59  69  -1   0   4 0.32  0.0    0  8.2 17  70   M    M   9 1238   20  70
20  85  63  74   4   0   9 0.01  0.0    0  8.5 16 310   M    M   8 18     21 270
21  84  60  72   1   0   7 1.28  0.0    0  7.3 31 330   M    M   9 1238   42 320
22  82  63  73   2   0   8 0.00  0.0    0  4.9 12  70   M    M   9 128    14  50
23  81  66  74   3   0   9 0.05  0.0    0  5.5 12 150   M    M   9 18     15 260
24  87  70  79   7   0  14 0.41  0.0    0  4.7 25 340   M    M   8 38     30 340
25  80  59  70  -2   0   5    T  0.0    0  7.3 18  40   M    M   8 128    23  40
26  78  59  69  -3   0   4 0.00  0.0    0  6.8 10  70   M    M   8 128     M  M
27  88  59  74   2   0   9    T  0.0    0  9.8 18 190   M    M   7 18     24 170
28  87  71  79   6   0  14 0.00  0.0    0 12.1 25 140   M    M   7        31 140
29  85  69  77   4   0  12 0.07  0.0    0 12.9 29 260   M    M   7        37 260
30  87  67  77   4   0  12 2.60  0.0    0 12.6 31 310   M    M   9 138    42 290
================================================================================
SM 2429 1827        12 198  7.81     0.0 281.5          M      210
================================================================================
AV 81.0 60.9                               9.4 FASTST   M    M   7    MAX(MPH)
                                 MISC ---->  # 35 240               # 47  250
================================================================================
NOTES:
# LAST OF SEVERAL OCCURRENCES

COLUMN 17 PEAK WIND IN M.P.H.

PRELIMINARY LOCAL CLIMATOLOGICAL DATA (WS FORM: F-6) , PAGE 2

                                          STATION:  CHICAGO-OHARE
                                          MONTH:    JUNE
                                          YEAR:     2014
                                          LATITUDE:   41 58 N
                                          LONGITUDE:  87 54 W

[TEMPERATURE DATA]      [PRECIPITATION DATA]       SYMBOLS USED IN COLUMN 16

AVERAGE MONTHLY: 70.9   TOTAL FOR MONTH:   7.81    1 = FOG OR MIST
DPTR FM NORMAL:   2.0   DPTR FM NORMAL:    4.36    2 = FOG REDUCING VISIBILITY
HIGHEST:    91 ON 17    GRTST 24HR  2.60 ON 30-30      TO 1/4 MILE OR LESS
LOWEST:     49 ON  6                               3 = THUNDER
                        SNOW, ICE PELLETS, HAIL    4 = ICE PELLETS
                        TOTAL MONTH:   0.0 INCH    5 = HAIL
                        GRTST 24HR     0.0         6 = FREEZING RAIN OR DRIZZLE
                        GRTST DEPTH:   0           7 = DUSTSTORM OR SANDSTORM:
                                                       VSBY 1/2 MILE OR LESS
                                                   8 = SMOKE OR HAZE
[NO. OF DAYS WITH]      [WEATHER - DAYS WITH]      9 = BLOWING SNOW
                                                   X = TORNADO
MAX 32 OR BELOW:   0    0.01 INCH OR MORE:  14
MAX 90 OR ABOVE:   2    0.10 INCH OR MORE:  10
MIN 32 OR BELOW:   0    0.50 INCH OR MORE:   5
MIN  0 OR BELOW:   0    1.00 INCH OR MORE:   3

[HDD (BASE 65) ]
TOTAL THIS MO.    12    CLEAR  (SCALE 0-3)   4
DPTR FM NORMAL   -36    PTCLDY (SCALE 4-7)  15
TOTAL FM JUL 1  7135    CLOUDY (SCALE 8-10) 11
DPTR FM NORMAL   795

[CDD (BASE 65) ]
TOTAL THIS MO.   198
DPTR FM NORMAL    33    [PRESSURE DATA]
TOTAL FM JAN 1   259    HIGHEST SLP 30.04 ON 27
DPTR FM NORMAL    40    LOWEST  SLP 29.60 ON 30

[REMARKS]
#FINAL-06-14#
