000
CXUS55 KLOT 011312
CF6ORD
PRELIMINARY LOCAL CLIMATOLOGICAL DATA (WS FORM: F-6)

                                          STATION:   CHICAGO-OHARE
                                          MONTH:     FEBRUARY
                                          YEAR:      2014
                                          LATITUDE:   41 58 N
                                          LONGITUDE:  87 54 W

  TEMPERATURE IN F:       :PCPN:    SNOW:  WIND      :SUNSHINE: SKY     :PK WND
================================================================================
1   2   3   4   5  6A  6B    7    8   9   10  11  12  13   14  15   16   17  18
                                     12Z  AVG MX 2MIN
DY MAX MIN AVG DEP HDD CDD  WTR  SNW DPTH SPD SPD DIR MIN PSBL S-S WX    SPD DR
================================================================================

 1  31  20  26   2  39   0 0.43  3.8    4  7.0 14  20   M    M  10 18     20  40
 2  21  -1  10 -14  55   0 0.00  0.0    6  7.8 14 320   M    M   7        21  10
 3  21  -6   8 -17  57   0 0.00  0.0    6  3.7  9 270   M    M   3        10 270
 4  24   7  16  -9  49   0 0.08  1.3    6  6.9 18  40   M    M  10 18     23  50
 5  25   9  17  -8  48   0 0.35  5.7   10 13.1 25  20   M    M   9 19     32 360
 6  14  -2   6 -19  59   0    T    T   12 12.4 20 270   M    M   4        24 260
 7  11  -4   4 -21  61   0 0.00  0.0   11 10.5 21 250   M    M   3 8      26 250
 8  16   5  11 -15  54   0 0.07  2.5   11  4.8 10 220   M    M  10 8      12 220
 9  19   4  12 -14  53   0    T    T   13  9.3 20 290   M    M   4        25 290
10  12  -3   5 -21  60   0 0.00  0.0   13  9.0 15 330   M    M   0        17 340
11  14  -8   3 -23  62   0 0.00  0.0   12  5.9 10 180   M    M   0        14 230
12  24  -5  10 -17  55   0 0.00  0.0   12  6.4 12 160   M    M   8        14 170
13  32  10  21  -6  44   0    T  0.1   11 11.4 30 290   M    M   9 8      38 290
14  22  12  17 -10  48   0 0.00  0.0    9  9.8 17 340   M    M   7        24 300
15  24   3  14 -14  51   0 0.04  0.7    9  7.4 15 220   M    M   6        22 340
16  29  17  23  -5  42   0    T    T   10 10.5 16 120   M    M   9 8      24  20
17  28  23  26  -2  39   0 0.35  5.0    9 14.6 26 130   M    M  10 1289   34 300
18  46  16  31   3  34   0 0.00  0.0   14 12.3 30 200   M    M   6 189    38 200
19  44  30  37   8  28   0 0.00  0.0    7  7.3 15 250   M    M   4        19 260
20  49  34  42  13  23   0 1.16  0.1    6 13.9 39 230   M    M  10 12348  49 230
21  37  26  32   2  33   0    T  0.3    4 23.3 38 250   M    M   7 9      51 270
22  35  21  28  -2  37   0 0.00  0.0    3 11.6 17 270   M    M   5        21 260
23  28  15  22  -8  43   0 0.00  0.0    3 12.7 21 280   M    M   4        26 270
24  25  12  19 -12  46   0 0.00  0.0    2 12.2 22 270   M    M   5        25 270
25  22   6  14 -17  51   0 0.00  0.0    2 12.9 18 300   M    M   5        25 300
26  18   1  10 -21  55   0 0.00  0.0    2 15.4 26 230   M    M   3        37 220
27  18   4  11 -21  54   0    T    T    2 11.8 29 330   M    M   2 8      38 320
28  30   3  17 -15  48   0 0.00  0.0    2  9.2 21 180   M    M   6        30 170
================================================================================
SM  719  249      1328   0  2.48    19.5 293.1          M      166
================================================================================
AV 25.7  8.9                              10.5 FASTST   M    M   6    MAX(MPH)
                                 MISC ---->  # 39 230               # 51  270
================================================================================
NOTES:
# LAST OF SEVERAL OCCURRENCES

COLUMN 17 PEAK WIND IN M.P.H.

PRELIMINARY LOCAL CLIMATOLOGICAL DATA (WS FORM: F-6) , PAGE 2

                                          STATION:  CHICAGO-OHARE
                                          MONTH:    FEBRUARY
                                          YEAR:     2014
                                          LATITUDE:   41 58 N
                                          LONGITUDE:  87 54 W

[TEMPERATURE DATA]      [PRECIPITATION DATA]       SYMBOLS USED IN COLUMN 16

AVERAGE MONTHLY: 17.3   TOTAL FOR MONTH:   2.48    1 = FOG OR MIST
DPTR FM NORMAL: -10.4   DPTR FM NORMAL:    0.69    2 = FOG REDUCING VISIBILITY
HIGHEST:    49 ON 20    GRTST 24HR  1.16 ON 20-20      TO 1/4 MILE OR LESS
LOWEST:     -8 ON 11                               3 = THUNDER
                        SNOW, ICE PELLETS, HAIL    4 = ICE PELLETS
                        TOTAL MONTH:  19.5 INCHES  5 = HAIL
                        GRTST 24HR   5.7 ON   M    6 = FREEZING RAIN OR DRIZZLE
                        GRTST DEPTH:  14 ON 18     7 = DUSTSTORM OR SANDSTORM:
                                                       VSBY 1/2 MILE OR LESS
                                                   8 = SMOKE OR HAZE
[NO. OF DAYS WITH]      [WEATHER - DAYS WITH]      9 = BLOWING SNOW
                                                   X = TORNADO
MAX 32 OR BELOW:  23    0.01 INCH OR MORE:   7
MAX 90 OR ABOVE:   0    0.10 INCH OR MORE:   4
MIN 32 OR BELOW:  27    0.50 INCH OR MORE:   1
MIN  0 OR BELOW:   7    1.00 INCH OR MORE:   1

[HDD (BASE 65) ]
TOTAL THIS MO.  1328    CLEAR  (SCALE 0-3)   5
DPTR FM NORMAL   284    PTCLDY (SCALE 4-7)  15
TOTAL FM JUL 1  5415    CLOUDY (SCALE 8-10)  8
DPTR FM NORMAL   681

[CDD (BASE 65) ]
TOTAL THIS MO.     0
DPTR FM NORMAL     0    [PRESSURE DATA]
TOTAL FM JAN 1     0    HIGHEST SLP 30.60 ON 11
DPTR FM NORMAL     0    LOWEST  SLP 29.18 ON 20

[REMARKS]
#FINAL-02-14#
