000
CXUS55 KLOT 010700
CF6ORD
PRELIMINARY LOCAL CLIMATOLOGICAL DATA (WS FORM: F-6)

                                          STATION:   CHICAGO-OHARE
                                          MONTH:     JANUARY
                                          YEAR:      2014
                                          LATITUDE:   41 58 N
                                          LONGITUDE:  87 54 W

  TEMPERATURE IN F:       :PCPN:    SNOW:  WIND      :SUNSHINE: SKY     :PK WND
================================================================================
1   2   3   4   5  6A  6B    7    8   9   10  11  12  13   14  15   16   17  18
                                     12Z  AVG MX 2MIN
DY MAX MIN AVG DEP HDD CDD  WTR  SNW DPTH SPD SPD DIR MIN PSBL S-S WX    SPD DR
================================================================================

 1  22  10  16  -8  49   0 0.25  2.1    3 11.4 20  60   M    M  10 189    24  60
 2  21  -1  10 -14  55   0 0.22  5.8    6 12.8 22 340   M    M   7 19     26 340
 3  20 -12   4 -20  61   0 0.00  0.0    8 15.0 35 190   M    M   4 89     44 180
 4  31  19  25   1  40   0 0.26  3.0    7 14.2 27 200   M    M   7 19     40 200
 5  29  -3  13 -11  52   0 0.59  8.7    9 16.8 31 310   M    M  10 189    38 330
 6  -2 -16  -9 -33  74   0 0.00  0.0   11 18.7 28 300   M    M   3 8      35 310
 7   3 -12  -4 -28  69   0 0.00  0.0   10  9.7 18 240   M    M   4        22 240
 8  17  -6   6 -18  59   0 0.00  0.0   10  4.5 10 300   M    M   5 18     14  20
 9  27  -4  12 -12  53   0 0.01  0.3    9  5.6 14 150   M    M   8 18     16 140
10  40  27  34  10  31   0 0.80    T    9 10.5 20 180   M    M  10 168    26 180
11  40  31  36  12  29   0 0.06  0.0    2 13.8 22 280   M    M  10 18     28 270
12  44  28  36  12  29   0 0.00  0.0    1 16.2 28 220   M    M   8 8      36 210
13  45  27  36  12  29   0 0.00  0.0    0 10.9 25 210   M    M   6        34 200
14  35  22  29   5  36   0 0.01    T    0 15.1 33 270   M    M   8 18     44 270
15  22  15  19  -5  46   0    T  0.1    0 11.8 20 210   M    M   6        24 210
16  34  19  27   3  38   0 0.01  0.3    0 16.3 26 270   M    M  10 8      34 270
17  20  12  16  -7  49   0 0.04  1.1    0 12.2 17 270   M    M  10        21 270
18  21   7  14  -9  51   0 0.12  2.4    1  6.5 16 130   M    M   9 1      19 140
19  37  10  24   1  41   0 0.00  0.0    3 14.1 26 250   M    M   7 18     35 240
20  35  13  24   1  41   0 0.18  3.4    1 11.6 24 360   M    M  10 9      31  10
21  13   0   7 -17  58   0 0.07  2.5    6 14.0 26 340   M    M   5 9      35 340
22  15   0   8 -16  57   0    T  0.6    5 12.4 23 320   M    M   8 9      31 320
23  10  -5   3 -21  62   0    T    T    5 14.3 21 290   M    M   2        27 300
24  28  -6  11 -13  54   0 0.02  0.4    4 20.2 38 220   M    M   8 89     51 210
25  33   7  20  -4  45   0    T    T    4 17.9 32 330   M    M   5 68     41 330
26  31   6  19  -5  46   0 0.17  2.4    5 16.1 33 300   M    M  10 9      44 300
27   6  -7   0 -24  65   0 0.00  0.0    4 16.1 26 300   M    M   2 9      36 290
28   3 -11  -4 -28  69   0 0.00  0.0    3 11.8 21 250   M    M   0        25 260
29  23   1  12 -12  53   0 0.00  0.0    3 13.0 24 200   M    M   1        30 210
30  33  20  27   3  38   0    T  0.4    3 18.2 37 210   M    M   9 8      45 210
31  28  17  23  -1  42   0 0.01  0.2    3  5.5 16 320   M    M  10        19 330
================================================================================
SM  764  208      1521   0  2.82    33.7 407.2          M      212
================================================================================
AV 24.6  6.7                              13.1 FASTST   M    M   7    MAX(MPH)
                                 MISC ---->  # 38 220               # 51  210
================================================================================
NOTES:
# LAST OF SEVERAL OCCURRENCES

COLUMN 17 PEAK WIND IN M.P.H.

PRELIMINARY LOCAL CLIMATOLOGICAL DATA (WS FORM: F-6) , PAGE 2

                                          STATION:  CHICAGO-OHARE
                                          MONTH:    JANUARY
                                          YEAR:     2014
                                          LATITUDE:   41 58 N
                                          LONGITUDE:  87 54 W

[TEMPERATURE DATA]      [PRECIPITATION DATA]       SYMBOLS USED IN COLUMN 16

AVERAGE MONTHLY: 15.7   TOTAL FOR MONTH:   2.82    1 = FOG OR MIST
DPTR FM NORMAL:  -8.1   DPTR FM NORMAL:    1.09    2 = FOG REDUCING VISIBILITY
HIGHEST:    45 ON 13    GRTST 24HR  0.86 ON 10-11      TO 1/4 MILE OR LESS
LOWEST:    -16 ON  6                               3 = THUNDER
                        SNOW, ICE PELLETS, HAIL    4 = ICE PELLETS
                        TOTAL MONTH:  33.7 INCHES  5 = HAIL
                        GRTST 24HR   8.7 ON   M    6 = FREEZING RAIN OR DRIZZLE
                        GRTST DEPTH:  11 ON  6     7 = DUSTSTORM OR SANDSTORM:
                                                       VSBY 1/2 MILE OR LESS
                                                   8 = SMOKE OR HAZE
[NO. OF DAYS WITH]      [WEATHER - DAYS WITH]      9 = BLOWING SNOW
                                                   X = TORNADO
MAX 32 OR BELOW:  21    0.01 INCH OR MORE:  16
MAX 90 OR ABOVE:   0    0.10 INCH OR MORE:   8
MIN 32 OR BELOW:  31    0.50 INCH OR MORE:   2
MIN  0 OR BELOW:  13    1.00 INCH OR MORE:   0

[HDD (BASE 65) ]
TOTAL THIS MO.  1521    CLEAR  (SCALE 0-3)   5
DPTR FM NORMAL   242    PTCLDY (SCALE 4-7)  14
TOTAL FM JUL 1  4087    CLOUDY (SCALE 8-10) 12
DPTR FM NORMAL   397

[CDD (BASE 65) ]
TOTAL THIS MO.     0
DPTR FM NORMAL     0    [PRESSURE DATA]
TOTAL FM JAN 1     0    HIGHEST SLP M ON M
DPTR FM NORMAL     0    LOWEST  SLP 29.42 ON 26

[REMARKS]
#FINAL-01-14#
