000
CXUS55 KLOT 010700
CF6ORD
PRELIMINARY LOCAL CLIMATOLOGICAL DATA (WS FORM: F-6)

                                          STATION:   CHICAGO-OHARE
                                          MONTH:     NOVEMBER
                                          YEAR:      2016
                                          LATITUDE:   41 58 N
                                          LONGITUDE:  87 54 W

  TEMPERATURE IN F:       :PCPN:    SNOW:  WIND      :SUNSHINE: SKY     :PK WND
================================================================================
1   2   3   4   5  6A  6B    7    8   9   10  11  12  13   14  15   16   17  18
                                     12Z  AVG MX 2MIN
DY MAX MIN AVG DEP HDD CDD  WTR  SNW DPTH SPD SPD DIR MIN PSBL S-S WX    SPD DR
================================================================================

 1  75  61  68  21   0   3    T  0.0    0  9.0 21 190   M    M   7        27 190
 2  65  55  60  13   5   0 0.18  0.0    0  7.0 18  10   M    M  10 138    24 320
 3  67  48  58  12   7   0 0.00  0.0    0  5.1 13  20   M    M   6 128    24  20
 4  63  40  52   6  13   0 0.00  0.0    0  4.2 12 280   M    M   1        14 280
 5  68  43  56  11   9   0 0.00  0.0    0  7.0 14 250   M    M   2        17 250
 6  69  42  56  11   9   0 0.00  0.0    0  3.2  9 200   M    M   0 1      12 200
 7  66  42  54  10  11   0 0.00  0.0    0  5.8 13 200   M    M   4 1      16 200
 8  63  49  56  12   9   0 0.03  0.0    0  9.9 21  10   M    M   8 1      25 350
 9  58  41  50   6  15   0 0.00  0.0    0  7.7 16 350   M    M   4        20 350
10  63  41  52   9  13   0 0.00  0.0    0 13.3 24 240   M    M   0        34 260
11  52  37  45   2  20   0    T  0.0    0 12.7 26  20   M    M   5        35  10
12  52  31  42   0  23   0 0.00  0.0    0  6.8 15 250   M    M   3        20 250
13  56  35  46   4  19   0 0.00  0.0    0 10.0 20 240   M    M   2        30 220
14  60  41  51  10  14   0 0.00  0.0    0  6.1 15 180   M    M   6 1      18 200
15  54  38  46   5  19   0 0.00  0.0    0  4.1  9 270   M    M   7 128    11 270
16  60  39  50  10  15   0 0.00  0.0    0  4.6 12 140   M    M   2 18     13  70
17  72  44  58  18   7   0 0.00  0.0    0 14.5 23 190   M    M   7 1      29 190
18  66  39  53  14  12   0 0.20  0.0    0 18.2 30 270   M    M   8 13     43 260
19  39  28  34  -5  31   0 0.01    T    0 18.2 31 300   M    M   7        41 290
20  35  23  29  -9  36   0 0.00  0.0    0  9.1 22 340   M    M   3        26 340
21  41  22  32  -6  33   0 0.00  0.0    0  4.4 10  70   M    M   3        11  70
22  41  25  33  -4  32   0 0.02  0.0    0  8.8 17 110   M    M   9        21 100
23  44  37  41   4  24   0 0.21  0.0    0  9.7 17 130   M    M  10 1      21 130
24  43  35  39   3  26   0    T  0.0    0  9.1 17 300   M    M  10 1      22 290
25  42  31  37   1  28   0    T  0.0    0  8.1 16 280   M    M   9 1      21 290
26  47  32  40   5  25   0 0.00  0.0    0  7.2 15 200   M    M   6 1      21 200
27  44  32  38   3  27   0 0.05  0.0    0 10.2 23 160   M    M   8 1      29 170
28  51  41  46  12  19   0 0.99  0.0    0 17.3 25 180   M    M   9 1      34 180
29  57  44  51  17  14   0 0.00  0.0    0 13.2 22 200   M    M   4        31 230
30  45  34  40   7  25   0    T  0.0    0 10.8 21 250   M    M   6        28 240
================================================================================
SM 1658 1150       540   3  1.69    T    275.3          M      166
================================================================================
AV 55.3 38.3                               9.2 FASTST   M    M   6    MAX(MPH)
                                 MISC ---->  # 31 300               # 43  260
================================================================================
NOTES:
# LAST OF SEVERAL OCCURRENCES

COLUMN 17 PEAK WIND IN M.P.H.

PRELIMINARY LOCAL CLIMATOLOGICAL DATA (WS FORM: F-6) , PAGE 2

                                          STATION:  CHICAGO-OHARE
                                          MONTH:    NOVEMBER
                                          YEAR:     2016
                                          LATITUDE:   41 58 N
                                          LONGITUDE:  87 54 W

[TEMPERATURE DATA]      [PRECIPITATION DATA]       SYMBOLS USED IN COLUMN 16

AVERAGE MONTHLY: 46.8   TOTAL FOR MONTH:   1.69    1 = FOG OR MIST
DPTR FM NORMAL:   6.5   DPTR FM NORMAL:   -1.46    2 = FOG REDUCING VISIBILITY
HIGHEST:    75 ON  1    GRTST 24HR  1.01 ON 27-28      TO 1/4 MILE OR LESS
LOWEST:     22 ON 21                               3 = THUNDER
                        SNOW, ICE PELLETS, HAIL    4 = ICE PELLETS
                        TOTAL MONTH:    T          5 = HAIL
                        GRTST 24HR    T  ON 19-19  6 = FREEZING RAIN OR DRIZZLE
                        GRTST DEPTH:   0           7 = DUSTSTORM OR SANDSTORM:
                                                       VSBY 1/2 MILE OR LESS
                                                   8 = SMOKE OR HAZE
[NO. OF DAYS WITH]      [WEATHER - DAYS WITH]      9 = BLOWING SNOW
                                                   X = TORNADO
MAX 32 OR BELOW:   0    0.01 INCH OR MORE:   8
MAX 90 OR ABOVE:   0    0.10 INCH OR MORE:   4
MIN 32 OR BELOW:   8    0.50 INCH OR MORE:   1
MIN  0 OR BELOW:   0    1.00 INCH OR MORE:   0

[HDD (BASE 65) ]
TOTAL THIS MO.   540    CLEAR  (SCALE 0-3)   7
DPTR FM NORMAL  -201    PTCLDY (SCALE 4-7)  17
TOTAL FM JUL 1   829    CLOUDY (SCALE 8-10)  6
DPTR FM NORMAL  -427

[CDD (BASE 65) ]
TOTAL THIS MO.     3
DPTR FM NORMAL     3    [PRESSURE DATA]
TOTAL FM JAN 1  1157    HIGHEST SLP M ON M
DPTR FM NORMAL   314    LOWEST  SLP 29.13 ON 28

[REMARKS]
#FINAL-11-16#
