000
CXUS55 KLOT 010700
CF6ORD
PRELIMINARY LOCAL CLIMATOLOGICAL DATA (WS FORM: F-6)

                                          STATION:   CHICAGO-OHARE
                                          MONTH:     JUNE
                                          YEAR:      2016
                                          LATITUDE:   41 58 N
                                          LONGITUDE:  87 54 W

  TEMPERATURE IN F:       :PCPN:    SNOW:  WIND      :SUNSHINE: SKY     :PK WND
================================================================================
1   2   3   4   5  6A  6B    7    8   9   10  11  12  13   14  15   16   17  18
                                     12Z  AVG MX 2MIN
DY MAX MIN AVG DEP HDD CDD  WTR  SNW DPTH SPD SPD DIR MIN PSBL S-S WX    SPD DR
================================================================================

 1  79  62  71   7   0   6 0.42  0.0    0  6.5 14 120   M    M   8 18     18 130
 2  79  57  68   4   0   3 0.00  0.0    0  7.0 17 260   M    M   3        23 250
 3  84  55  70   5   0   5 0.00  0.0    0  3.9 12 140   M    M   5        15 260
 4  72  62  67   2   0   2 0.41  0.0    0  7.0 15 190   M    M   8 1      19 170
 5  79  61  70   4   0   5 0.05  0.0    0 12.3 23 260   M    M   6        33 280
 6  82  59  71   5   0   6 0.00  0.0    0 12.6 26 300   M    M   4        35 290
 7  67  51  59  -7   6   0 0.00  0.0    0 10.0 17 310   M    M   5        22 320
 8  70  52  61  -5   4   0 0.00  0.0    0  7.2 15  60   M    M   4        18  60
 9  72  53  63  -4   2   0 0.21  0.0    0  6.6 15  40   M    M   9 13     18  70
10  90  63  77  10   0  12 0.10  0.0    0  9.7 22 230   M    M   4 13     31 220
11  91  71  81  13   0  16 0.00  0.0    0  8.3 17 230   M    M   6        23 260
12  79  59  69   1   0   4 0.00  0.0    0 13.2 26  20   M    M   6        31  10
13  86  54  70   2   0   5 0.02  0.0    0  4.8 15  40   M    M   7        20  50
14  87  64  76   7   0  11    T  0.0    0  9.4 18 150   M    M   8 8      23 150
15  90  68  79  10   0  14 0.30  0.0    0  9.6 24 230   M    M   5 13     32 230
16  77  63  70   1   0   5    T  0.0    0 11.8 22 330   M    M   7        29 330
17  85  61  73   3   0   8 0.00  0.0    0  8.5 15  50   M    M   2        19  40
18  87  58  73   3   0   8 0.00  0.0    0  5.4 16  80   M    M   6        20  70
19  89  62  76   6   0  11 0.00  0.0    0  7.4 17 240   M    M   4        25 240
20  93  70  82  12   0  17    T  0.0    0 14.1 24 260   M    M   4        31 270
21  84  64  74   3   0   9 0.00  0.0    0  8.8 21 270   M    M   2 8      28 290
22  76  67  72   1   0   7 1.31  0.0    0  7.8 36  50   M    M  10 123    41  50
23  78  64  71   0   0   6 0.00  0.0    0  7.9 16  20   M    M   8 18     25  50
24  82  62  72   0   0   7 0.00  0.0    0  7.3 15 120   M    M   3        18 100
25  89  65  77   5   0  12 0.00  0.0    0  9.6 18 190   M    M   1        25 190
26  90  72  81   9   0  16 0.03  0.0    0  9.2 17 310   M    M   6 1      23 200
27  90  69  80   8   0  15 0.00  0.0    0 10.6 24 310   M    M   3        32 320
28  71  57  64  -9   1   0 0.00  0.0    0 11.0 21  20   M    M   6        24  10
29  81  55  68  -5   0   3 0.00  0.0    0  5.9 14 100   M    M   3        19  90
30  78  57  68  -5   0   3    T  0.0    0  7.2 17 190   M    M   5        21 200
================================================================================
SM 2457 1837        13 216  2.85     0.0 260.6          M      158
================================================================================
AV 81.9 61.2                               8.7 FASTST   M    M   5    MAX(MPH)
                                 MISC ---->  # 36  50               # 41   50
================================================================================
NOTES:
# LAST OF SEVERAL OCCURRENCES

COLUMN 17 PEAK WIND IN M.P.H.

PRELIMINARY LOCAL CLIMATOLOGICAL DATA (WS FORM: F-6) , PAGE 2

                                          STATION:  CHICAGO-OHARE
                                          MONTH:    JUNE
                                          YEAR:     2016
                                          LATITUDE:   41 58 N
                                          LONGITUDE:  87 54 W

[TEMPERATURE DATA]      [PRECIPITATION DATA]       SYMBOLS USED IN COLUMN 16

AVERAGE MONTHLY: 71.6   TOTAL FOR MONTH:   2.85    1 = FOG OR MIST
DPTR FM NORMAL:   2.7   DPTR FM NORMAL:   -0.60    2 = FOG REDUCING VISIBILITY
HIGHEST:    93 ON 20    GRTST 24HR  1.31 ON 22-22      TO 1/4 MILE OR LESS
LOWEST:     51 ON  7                               3 = THUNDER
                        SNOW, ICE PELLETS, HAIL    4 = ICE PELLETS
                        TOTAL MONTH:   0.0 INCH    5 = HAIL
                        GRTST 24HR     0.0         6 = FREEZING RAIN OR DRIZZLE
                        GRTST DEPTH:   0           7 = DUSTSTORM OR SANDSTORM:
                                                       VSBY 1/2 MILE OR LESS
                                                   8 = SMOKE OR HAZE
[NO. OF DAYS WITH]      [WEATHER - DAYS WITH]      9 = BLOWING SNOW
                                                   X = TORNADO
MAX 32 OR BELOW:   0    0.01 INCH OR MORE:   9
MAX 90 OR ABOVE:   6    0.10 INCH OR MORE:   6
MIN 32 OR BELOW:   0    0.50 INCH OR MORE:   1
MIN  0 OR BELOW:   0    1.00 INCH OR MORE:   1

[HDD (BASE 65) ]
TOTAL THIS MO.    13    CLEAR  (SCALE 0-3)   6
DPTR FM NORMAL   -35    PTCLDY (SCALE 4-7)  22
TOTAL FM JUL 1  5428    CLOUDY (SCALE 8-10)  2
DPTR FM NORMAL  -912

[CDD (BASE 65) ]
TOTAL THIS MO.   216
DPTR FM NORMAL    51    [PRESSURE DATA]
TOTAL FM JAN 1   290    HIGHEST SLP M ON M
DPTR FM NORMAL    71    LOWEST  SLP 29.64 ON  6

[REMARKS]
#FINAL-06-16#
