000
CDUS43 KLOT 220633
CLIORD


CLIMATE REPORT
NATIONAL WEATHER SERVICE CHICAGO IL
133 AM CDT SUN OCT 22 2017


...................................

...THE CHICAGO-OHARE CLIMATE SUMMARY FOR OCTOBER 21 2017...

CLIMATE NORMAL PERIOD 1981 TO 2010
CLIMATE RECORD PERIOD 1871 TO 2017


WEATHER ITEM   OBSERVED TIME   RECORD YEAR NORMAL DEPARTURE LAST
                VALUE   (LST)  VALUE       VALUE  FROM      YEAR
                                                  NORMAL
..................................................................
TEMPERATURE (F)
 YESTERDAY
  MAXIMUM         77    311 PM  87    1953  60     17       54
  MINIMUM         60    518 AM  26    1952  41     19       37
  AVERAGE         69                        51     18       46

PRECIPITATION (IN)
  YESTERDAY        0.00          2.28 1933   0.10  -0.10     0.00
  MONTH TO DATE    6.73                      2.10   4.63     1.67
  SINCE SEP 1      7.05                      5.31   1.74     3.43
  SINCE JAN 1     38.79                     30.44   8.35    30.41

SNOWFALL (IN)
  YESTERDAY        0.0           1.9  1913   0.0    0.0      0.0
  MONTH TO DATE    0.0                       0.1   -0.1      0.0
  SINCE SEP 1      0.0                       0.1   -0.1      0.0
  SINCE JUL 1      T                         0.1   -0.1      0.0
  SNOW DEPTH       0

DEGREE DAYS
 HEATING
  YESTERDAY        0                        14    -14       19
  MONTH TO DATE   58                       235   -177      126
  SINCE SEP 1     95                       340   -245      149
  SINCE JUL 1    100                       353   -253      149

 COOLING
  YESTERDAY        4                         0      4        0
  MONTH TO DATE   29                        10     19       24
  SINCE SEP 1    208                       102    106      189
  SINCE JAN 1    991                       842    149     1154
..................................................................


WIND (MPH)
  HIGHEST WIND SPEED    24   HIGHEST WIND DIRECTION     S (180)
  HIGHEST GUST SPEED    31   HIGHEST GUST DIRECTION     S (190)
  AVERAGE WIND SPEED    14.9


SKY COVER
  POSSIBLE SUNSHINE  MM
  AVERAGE SKY COVER 0.6


WEATHER CONDITIONS
 THE FOLLOWING WEATHER WAS RECORDED YESTERDAY.
  HAZE


RELATIVE HUMIDITY (PERCENT)
 HIGHEST    68          1100 PM
 LOWEST     50           100 PM
 AVERAGE    59

..........................................................


THE CHICAGO-OHARE CLIMATE NORMALS FOR TODAY
                         NORMAL    RECORD    YEAR
 MAXIMUM TEMPERATURE (F)   60        87      1953
 MINIMUM TEMPERATURE (F)   41        22      1982


SUNRISE AND SUNSET
OCTOBER 22 2017.......SUNRISE   713 AM CDT   SUNSET   559 PM CDT
OCTOBER 23 2017.......SUNRISE   714 AM CDT   SUNSET   557 PM CDT


-  INDICATES NEGATIVE NUMBERS.
R  INDICATES RECORD WAS SET OR TIED.
MM INDICATES DATA IS MISSING.
T  INDICATES TRACE AMOUNT.




$$
