109
CDUS43 KLOT 192248
CLIORD


CLIMATE REPORT
NATIONAL WEATHER SERVICE CHICAGO IL
445 PM CST THU JAN 19 2017


...................................

...THE CHICAGO-OHARE IL CLIMATE SUMMARY FOR JANUARY 19 2017...
VALID TODAY AS OF 0400 PM LOCAL TIME.

CLIMATE NORMAL PERIOD 1981 TO 2010
CLIMATE RECORD PERIOD 1871 TO 2017


WEATHER ITEM   OBSERVED TIME   RECORD YEAR NORMAL DEPARTURE LAST
                VALUE   (LST)  VALUE       VALUE  FROM      YEAR
                                                  NORMAL
..................................................................
TEMPERATURE (F)
 TODAY
  MAXIMUM         42    250 PM  57    1933  31     11       17
  MINIMUM         30   1237 AM -23    1985  16     14        0
  AVERAGE         36                        23     13        9

PRECIPITATION (IN)
  TODAY            0.00          1.72 1907   0.05  -0.05     0.00
  MONTH TO DATE    2.09                      1.12   0.97     0.60
  SINCE DEC 1      3.86                      3.37   0.49     5.47
  SINCE JAN 1      2.09                      1.12   0.97     0.60

SNOWFALL (IN)
  TODAY            0.0           8.8  1963   0.3   -0.3      0.0
  MONTH TO DATE    0.4                       6.4   -6.0      5.0
  SINCE DEC 1     18.1                      14.6    3.5      9.5
  SINCE JUL 1     18.1                      16.0    2.1     20.7

DEGREE DAYS
 HEATING
  TODAY           29                        42    -13       56
  MONTH TO DATE  758                       784    -26      813
  SINCE DEC 1   1989                      1939     50     1613
  SINCE JUL 1   2818                      3195   -377     2586

 COOLING
  TODAY            0                         0      0        0
  MONTH TO DATE    0                         0      0        0
  SINCE DEC 1      0                         0      0        0
  SINCE JAN 1      0                         0      0        0
..................................................................


WIND (MPH)
  HIGHEST WIND SPEED    10   HIGHEST WIND DIRECTION     S (180)
  HIGHEST GUST SPEED    14   HIGHEST GUST DIRECTION    SW (210)
  AVERAGE WIND SPEED     5.9


SKY COVER
  POSSIBLE SUNSHINE  MM
  AVERAGE SKY COVER 0.9


WEATHER CONDITIONS
 THE FOLLOWING WEATHER WAS RECORDED TODAY.
  FOG
  HAZE


RELATIVE HUMIDITY (PERCENT)
 HIGHEST   100           200 AM
 LOWEST     79           300 PM
 AVERAGE    90

..........................................................


THE CHICAGO-OHARE IL CLIMATE NORMALS FOR TOMORROW
                         NORMAL    RECORD    YEAR
 MAXIMUM TEMPERATURE (F)   31        63      1906
 MINIMUM TEMPERATURE (F)   16       -27      1985


SUNRISE AND SUNSET
JANUARY 19 2017.......SUNRISE   715 AM CST   SUNSET   450 PM CST
JANUARY 20 2017.......SUNRISE   714 AM CST   SUNSET   452 PM CST


-  INDICATES NEGATIVE NUMBERS.
R  INDICATES RECORD WAS SET OR TIED.
MM INDICATES DATA IS MISSING.
T  INDICATES TRACE AMOUNT.




$$
