000
CDUS43 KLOT 192235
CLIORD


CLIMATE REPORT
NATIONAL WEATHER SERVICE CHICAGO IL
432 PM CST FRI DEC 19 2014


...................................

...THE CHICAGO-OHARE IL CLIMATE SUMMARY FOR DECEMBER 19 2014...
VALID TODAY AS OF 0400 PM LOCAL TIME.

CLIMATE NORMAL PERIOD 1981 TO 2010
CLIMATE RECORD PERIOD 1871 TO 2014


WEATHER ITEM   OBSERVED TIME   RECORD YEAR NORMAL DEPARTURE LAST
                VALUE   (LST)  VALUE       VALUE  FROM      YEAR
                                                  NORMAL
..................................................................
TEMPERATURE (F)
 TODAY
  MAXIMUM         31    359 PM  64    1877  34     -3       39
  MINIMUM         27    345 AM -14    1983  20      7       33
  AVERAGE         29                        26      3       36

PRECIPITATION (IN)
  TODAY            T             2.66 1895   0.07  -0.07     0.06
  MONTH TO DATE    0.28                      1.52  -1.24     0.76
  SINCE DEC 1      0.28                      1.52  -1.24     0.76
  SINCE JAN 1     38.96                     36.16   2.80    40.91

SNOWFALL (IN)
  TODAY            T             8.3  1973   0.3   -0.3      0.0
  MONTH TO DATE    T                         4.6   -4.6      9.3
  SINCE DEC 1      T                         4.6   -4.6      9.3
  SINCE JUL 1      2.9                       6.0   -3.1     10.2

DEGREE DAYS
 HEATING
  TODAY           36                        38     -2       29
  MONTH TO DATE  618                       678    -60      781
  SINCE DEC 1    618                       678    -60      781
  SINCE JUL 1   2061                      1934    127     2064

 COOLING
  TODAY            0                         0      0        0
  MONTH TO DATE    0                         0      0        0
  SINCE DEC 1      0                         0      0        0
  SINCE JAN 1    799                       843    -44      933
..................................................................


WIND (MPH)
  HIGHEST WIND SPEED    10   HIGHEST WIND DIRECTION     N (340)
  HIGHEST GUST SPEED    11   HIGHEST GUST DIRECTION     N (340)
  AVERAGE WIND SPEED     5.4


SKY COVER
  POSSIBLE SUNSHINE  MM
  AVERAGE SKY COVER 1.0


WEATHER CONDITIONS
 THE FOLLOWING WEATHER WAS RECORDED TODAY.
  LIGHT SNOW
  HAZE


RELATIVE HUMIDITY (PERCENT)
 HIGHEST    81          1200 AM
 LOWEST     69          1000 AM
 AVERAGE    75

..........................................................


THE CHICAGO-OHARE IL CLIMATE NORMALS FOR TOMORROW
                         NORMAL    RECORD    YEAR
 MAXIMUM TEMPERATURE (F)   33        67      1877
 MINIMUM TEMPERATURE (F)   19        -9      1963


SUNRISE AND SUNSET
DECEMBER 19 2014......SUNRISE   715 AM CST   SUNSET   422 PM CST
DECEMBER 20 2014......SUNRISE   716 AM CST   SUNSET   423 PM CST


-  INDICATES NEGATIVE NUMBERS.
R  INDICATES RECORD WAS SET OR TIED.
MM INDICATES DATA IS MISSING.
T  INDICATES TRACE AMOUNT.




$$
